{"id":3691,"date":"2024-05-15T16:32:37","date_gmt":"2024-05-15T14:32:37","guid":{"rendered":"https:\/\/e-polish.eu\/sklep\/?page_id=3691"},"modified":"2024-10-23T11:28:05","modified_gmt":"2024-10-23T09:28:05","slug":"o-wydawnictwie","status":"publish","type":"page","link":"https:\/\/e-polish.eu\/sklep\/o-wydawnictwie\/","title":{"rendered":"O wydawnictwie"},"content":{"rendered":"\n<div class=\"wp-block-uagb-container uagb-block-1f0c287d alignfull uagb-is-root-container\"><div class=\"uagb-container-inner-blocks-wrap\">\n<div class=\"wp-block-uagb-container uagb-block-1530cdb0\">\n<div data-aos= \"fade-right\" data-aos-duration=\"400\" data-aos-delay=\"0\" data-aos-easing=\"ease\" data-aos-once=\"true\" class=\"wp-block-uagb-container uagb-block-194902ed\">\n<h1 class=\"wp-block-heading has-ast-global-color-5-color has-text-color has-link-color wp-elements-491b2d08de8262fb7fabaccc1bbef252\" style=\"margin-top:0;margin-bottom:0;font-size:45px\">Wydawnictwo GLOSSA<\/h1>\n\n\n\n<div class=\"wp-block-uagb-container uagb-block-9f81a463\">\n<p class=\"has-ast-global-color-5-color has-text-color has-link-color wp-elements-1273bc683dbd708773e7bc4645b857ae\" style=\"font-size:24px\">Specjalizujemy si\u0119 w nauczaniu j\u0119zyka polskiego od ponad 25 lat. Nasze serie s\u0105 niekwestionowanymi bestsellerami na ca\u0142ym \u015bwiecie.<\/p>\n<\/div>\n<\/div>\n<\/div>\n<\/div><\/div>\n\n\n\n<div class=\"wp-block-uagb-container uagb-block-c63f3f1a alignfull uagb-is-root-container\"><div class=\"uagb-container-inner-blocks-wrap\">\n<div class=\"wp-block-uagb-container uagb-block-5c51808b\">\n<p>Jako Szko\u0142a J\u0119zyka Polskiego i wydawnictwo GLOSSA uczymy ludzi z r\u00f3\u017cnych kraj\u00f3w, w r\u00f3\u017cnym wieku i na r\u00f3\u017cnych poziomach zaawansowania. Zdobyte w ten spos\u00f3b do\u015bwiadczenie towarzyszy nam przy tworzeniu nowoczesnych podr\u0119cznik\u00f3w i r\u00f3\u017cnorodnych materia\u0142\u00f3w dydaktycznych. Cieszymy si\u0119, \u017ce pomagaj\u0105 one naszym uczniom szybko prze\u0142ama\u0107 barier\u0119 j\u0119zykow\u0105 i co najwa\u017cniejsze zacz\u0105\u0107 m\u00f3wi\u0107 po polsku. Mamy nadziej\u0119, \u017ce seria \u201ePOLSKI krok po kroku\u201d oka\u017ce si\u0119 przydatna tak\u017ce w Pa\u0144stwa pracy \u2013 u\u0142atwi efektywne nauczanie i sprawi, \u017ce lekcje polskiego b\u0119d\u0105 przyjemno\u015bci\u0105 dla ka\u017cdego, a poznawanie j\u0119zyka zmieni si\u0119 w fascynuj\u0105c\u0105 przygod\u0119.<\/p>\n\n\n\n<p class=\"has-ast-global-color-0-color has-text-color has-link-color wp-elements-7661868cac661a8e0fa71ce9fd9ecb9f\"><strong>Iwona Stempek<\/strong><br>Dyrektor Wydawnictwa GLOSSA<\/p>\n<\/div>\n\n\n\n<div class=\"wp-block-uagb-container uagb-block-77a987d2\">\n<figure class=\"wp-block-image size-full\"><img loading=\"lazy\" decoding=\"async\" width=\"800\" height=\"800\" src=\"https:\/\/e-polish.eu\/sklep\/wp-content\/uploads\/2024\/06\/serie-800x800px-Wydawnictwo-Glossa-1.png\" alt=\"\" class=\"wp-image-4189\"\/><\/figure>\n<\/div>\n<\/div><\/div>\n\n\n\n<div class=\"wp-block-uagb-container uagb-block-ea3e4d30 alignfull uagb-is-root-container\"><div class=\"uagb-container-inner-blocks-wrap\">\n<div class=\"wp-block-uagb-container uagb-block-bea5e425\">\n<div class=\"wp-block-uagb-container uagb-block-ab59376f\">\n<h2 class=\"wp-block-heading has-ast-global-color-0-color has-text-color has-link-color wp-elements-c11874a483e16b59bf3e9a6e74b50b3f\">J\u0118ZYK POLSKI DLA OBCOKRAJOWC\u00d3W &#8211; PODR\u0118CZNIKI<\/h2>\n<\/div>\n\n\n\n<div class=\"wp-block-columns gap-0 columns-reverse-on-mobile is-layout-flex wp-container-core-columns-is-layout-28f84493 wp-block-columns-is-layout-flex\">\n<div class=\"wp-block-column is-vertically-aligned-center is-layout-flow wp-block-column-is-layout-flow\">\n<div class=\"wp-block-uagb-container uagb-block-29adf35a\">\n<h3 class=\"wp-block-heading has-ast-global-color-0-color has-text-color has-link-color wp-elements-87ed205f82d99e9e287ec5e2606c8232\" style=\"font-size:20px;font-style:normal;font-weight:600\">POLSKI krok po kroku<\/h3>\n\n\n\n<p>Nowoczesna seria podr\u0119cznik\u00f3w do j\u0119zyka polskiego jako obcego dla doros\u0142ych do pracy z nauczycielem oraz \u2013 dzi\u0119ki integracji z platform\u0105 e-learningow\u0105 e-polish.eu \u2013 do samodzielnej nauki.<\/p>\n\n\n\n<div class=\"wp-block-uagb-buttons uagb-buttons__outer-wrap uagb-btn__default-btn uagb-btn-tablet__default-btn uagb-btn-mobile__default-btn uagb-block-446adea6\"><div class=\"uagb-buttons__wrap uagb-buttons-layout-wrap \">\n<div class=\"wp-block-uagb-buttons-child uagb-buttons__outer-wrap uagb-block-4f21d57b wp-block-button\"><div class=\"uagb-button__wrapper\"><a class=\"uagb-buttons-repeater wp-block-button__link\" aria-label=\"\" href=\"\/seria-podrecznikow-do-jezyka-polskiego-dla-doroslych-polski-krok-po-kroku\/\" rel=\"follow noopener\" target=\"_self\" role=\"button\"><div class=\"uagb-button__link\">zobacz<\/div><\/a><\/div><\/div>\n<\/div><\/div>\n<\/div>\n<\/div>\n\n\n\n<div class=\"wp-block-column is-layout-flow wp-block-column-is-layout-flow\">\n<figure class=\"wp-block-image alignfull size-full is-style-default\"><a href=\"https:\/\/sklep.e-polish.eu\/en\/seria-podrecznikow-do-jezyka-polskiego-dla-doroslych-polski-krok-po-kroku-en\/\"><img loading=\"lazy\" decoding=\"async\" width=\"1000\" height=\"700\" src=\"https:\/\/e-polish.eu\/sklep\/wp-content\/uploads\/2024\/05\/logo-1000x700px-PKPK-t-1.png\" alt=\"\" class=\"wp-image-3864\"\/><\/a><\/figure>\n<\/div>\n<\/div>\n\n\n\n<div class=\"wp-block-columns gap-0 is-layout-flex wp-container-core-columns-is-layout-28f84493 wp-block-columns-is-layout-flex\">\n<div class=\"wp-block-column is-layout-flow wp-block-column-is-layout-flow\">\n<figure class=\"wp-block-image alignfull size-full\"><img loading=\"lazy\" decoding=\"async\" width=\"1000\" height=\"700\" src=\"https:\/\/e-polish.eu\/sklep\/wp-content\/uploads\/2024\/05\/logo-1000x700px-Junior-t.png\" alt=\"\" class=\"wp-image-3865\"\/><\/figure>\n<\/div>\n\n\n\n<div class=\"wp-block-column is-vertically-aligned-center is-layout-flow wp-block-column-is-layout-flow\">\n<div class=\"wp-block-uagb-container uagb-block-adfe8c07\">\n<h3 class=\"wp-block-heading has-ast-global-color-0-color has-text-color has-link-color wp-elements-ec2b0e1e90b01c28c612a4eed88fda27\" style=\"font-size:20px;font-style:normal;font-weight:600\"><strong>POLSKI krok po kroku &#8211; junior<\/strong><\/h3>\n\n\n\n<p>Nowoczesna seria podr\u0119cznik\u00f3w do polskiego jako obcego dla dzieci i m\u0142odzie\u017cy w wieku 10-15 lat. Idealna zar\u00f3wno do pracy z nauczycielem, jak i \u2013 dzi\u0119ki integracji z platform\u0105 e-learningow\u0105 e-polish.eu \u2013 do samodzielnej nauki.<\/p>\n\n\n\n<div class=\"wp-block-uagb-buttons uagb-buttons__outer-wrap uagb-btn__default-btn uagb-btn-tablet__default-btn uagb-btn-mobile__default-btn uagb-block-6aba065a\"><div class=\"uagb-buttons__wrap uagb-buttons-layout-wrap \">\n<div class=\"wp-block-uagb-buttons-child uagb-buttons__outer-wrap uagb-block-38ad1dc1 wp-block-button\"><div class=\"uagb-button__wrapper\"><a class=\"uagb-buttons-repeater wp-block-button__link\" aria-label=\"\" href=\"\/seria-podrecznikow-do-jezyka-polskiego-dla-dzieci-i-mlodziezy-polski-krok-po-kroku-junior\/\" rel=\"follow noopener\" target=\"_self\" role=\"button\"><div class=\"uagb-button__link\">zobacz<\/div><\/a><\/div><\/div>\n<\/div><\/div>\n<\/div>\n<\/div>\n<\/div>\n\n\n\n<div class=\"wp-block-columns gap-0 columns-reverse-on-mobile is-layout-flex wp-container-core-columns-is-layout-28f84493 wp-block-columns-is-layout-flex\">\n<div class=\"wp-block-column is-vertically-aligned-center is-layout-flow wp-block-column-is-layout-flow\">\n<div class=\"wp-block-uagb-container uagb-block-353eea03\">\n<h3 class=\"wp-block-heading has-ast-global-color-0-color has-text-color has-link-color wp-elements-7ef9debefe5472a65730b7212ff39068\" style=\"font-size:20px;font-style:normal;font-weight:600\">CZYTAJ krok po kroku<\/h3>\n\n\n\n<p>Proste, pe\u0142ne humoru historie dla wszystkich, kt\u00f3rzy chc\u0105 doskonali\u0107 sw\u00f3j j\u0119zyk polski oraz uzupe\u0142ni\u0107 zas\u00f3b s\u0142ownictwa.<\/p>\n\n\n\n<div class=\"wp-block-uagb-buttons uagb-buttons__outer-wrap uagb-btn__default-btn uagb-btn-tablet__default-btn uagb-btn-mobile__default-btn uagb-block-642b1705\"><div class=\"uagb-buttons__wrap uagb-buttons-layout-wrap \">\n<div class=\"wp-block-uagb-buttons-child uagb-buttons__outer-wrap uagb-block-cbe1cb4a wp-block-button\"><div class=\"uagb-button__wrapper\"><a class=\"uagb-buttons-repeater wp-block-button__link\" aria-label=\"\" href=\"czytaj-krok-po-kroku-seria-opowiadan-po-polsku-dla-obcokrajowcow\/\" rel=\"follow noopener\" target=\"_self\" role=\"button\"><div class=\"uagb-button__link\">zobacz<\/div><\/a><\/div><\/div>\n<\/div><\/div>\n<\/div>\n<\/div>\n\n\n\n<div class=\"wp-block-column is-layout-flow wp-block-column-is-layout-flow\">\n<figure class=\"wp-block-image alignfull size-full\"><img loading=\"lazy\" decoding=\"async\" width=\"1000\" height=\"700\" src=\"https:\/\/e-polish.eu\/sklep\/wp-content\/uploads\/2024\/05\/logo-1000x700px-Czytaj-t.png\" alt=\"\" class=\"wp-image-3866\"\/><\/figure>\n<\/div>\n<\/div>\n\n\n\n<div class=\"wp-block-columns gap-0 is-layout-flex wp-container-core-columns-is-layout-28f84493 wp-block-columns-is-layout-flex\">\n<div class=\"wp-block-column is-layout-flow wp-block-column-is-layout-flow\">\n<figure class=\"wp-block-image alignfull size-full\"><img loading=\"lazy\" decoding=\"async\" width=\"1000\" height=\"700\" src=\"https:\/\/e-polish.eu\/sklep\/wp-content\/uploads\/2024\/05\/logo-1000x700px-PwO-t.png\" alt=\"\" class=\"wp-image-3868\"\/><\/figure>\n<\/div>\n\n\n\n<div class=\"wp-block-column is-vertically-aligned-center is-layout-flow wp-block-column-is-layout-flow\">\n<div class=\"wp-block-uagb-container uagb-block-2119052e\">\n<h3 class=\"wp-block-heading has-ast-global-color-0-color has-text-color has-link-color wp-elements-bea1ba81af5768073658212b0120f917\" style=\"font-size:20px;font-style:normal;font-weight:600\"><strong>POLSKI w obrazkach<\/strong><\/h3>\n\n\n\n<p>Zestawy plansz dydaktycznych to doskona\u0142e narz\u0119dzie wspieraj\u0105ce nauczyciela. Zawiera podstawowe s\u0142owa oraz zwroty niezb\u0119dne na pocz\u0105tkowym etapie nauki j\u0119zyka polskiego jako obcego.<\/p>\n\n\n\n<div class=\"wp-block-uagb-buttons uagb-buttons__outer-wrap uagb-btn__default-btn uagb-btn-tablet__default-btn uagb-btn-mobile__default-btn uagb-block-1dc37168\"><div class=\"uagb-buttons__wrap uagb-buttons-layout-wrap \">\n<div class=\"wp-block-uagb-buttons-child uagb-buttons__outer-wrap uagb-block-43863d78 wp-block-button\"><div class=\"uagb-button__wrapper\"><a class=\"uagb-buttons-repeater wp-block-button__link\" aria-label=\"\" href=\"\/seria-jpjo-dla-obokrajowcow-polski-w-obrazkach\/\" rel=\"follow noopener\" target=\"_self\" role=\"button\"><div class=\"uagb-button__link\">zobacz<\/div><\/a><\/div><\/div>\n<\/div><\/div>\n<\/div>\n<\/div>\n<\/div>\n\n\n\n<div class=\"wp-block-columns gap-0 columns-reverse-on-mobile is-layout-flex wp-container-core-columns-is-layout-28f84493 wp-block-columns-is-layout-flex\">\n<div class=\"wp-block-column is-vertically-aligned-center is-layout-flow wp-block-column-is-layout-flow\">\n<div class=\"wp-block-uagb-container uagb-block-28b6d44c\">\n<h3 class=\"wp-block-heading has-ast-global-color-0-color has-text-color has-link-color wp-elements-ad003fa35575453d872433afe8aa70ff\" style=\"font-size:20px;font-style:normal;font-weight:600\">POLSKI w praktyce<\/h3>\n\n\n\n<p>Kompendium wiedzy na temat kluczowych zagadnie\u0144 z zakresu gramatyki oraz fonetyki polskiej wraz z urozmaiconymi \u0107wiczeniami.<\/p>\n\n\n\n<div class=\"wp-block-uagb-buttons uagb-buttons__outer-wrap uagb-btn__default-btn uagb-btn-tablet__default-btn uagb-btn-mobile__default-btn uagb-block-460e5a9a\"><div class=\"uagb-buttons__wrap uagb-buttons-layout-wrap \">\n<div class=\"wp-block-uagb-buttons-child uagb-buttons__outer-wrap uagb-block-3f23a79b wp-block-button\"><div class=\"uagb-button__wrapper\"><a class=\"uagb-buttons-repeater wp-block-button__link\" aria-label=\"\" href=\"\/kompendium-wiedzy-o-jezyku-polski-w-praktyce\/\" rel=\"follow noopener\" target=\"_self\" role=\"button\"><div class=\"uagb-button__link\">zobacz<\/div><\/a><\/div><\/div>\n<\/div><\/div>\n<\/div>\n<\/div>\n\n\n\n<div class=\"wp-block-column is-layout-flow wp-block-column-is-layout-flow\">\n<figure class=\"wp-block-image alignfull size-full\"><img loading=\"lazy\" decoding=\"async\" width=\"1010\" height=\"612\" src=\"https:\/\/e-polish.eu\/sklep\/wp-content\/uploads\/2024\/06\/pwp-1.png\" alt=\"\" class=\"wp-image-4207\"\/><\/figure>\n<\/div>\n<\/div>\n<\/div>\n<\/div><\/div>\n\n\n\n<p><\/p>\n","protected":false},"excerpt":{"rendered":"<p>Wydawnictwo GLOSSA Specjalizujemy si\u0119 w nauczaniu j\u0119zyka polskiego od ponad 25 lat. Nasze serie s\u0105 niekwestionowanymi bestsellerami na ca\u0142ym \u015bwiecie. [&hellip;]<\/p>\n","protected":false},"author":2,"featured_media":0,"parent":0,"menu_order":0,"comment_status":"closed","ping_status":"closed","template":"","meta":{"_uag_custom_page_level_css":"","site-sidebar-layout":"default","site-content-layout":"","ast-site-content-layout":"full-width-container","site-content-style":"default","site-sidebar-style":"default","ast-global-header-display":"","ast-banner-title-visibility":"","ast-main-header-display":"","ast-hfb-above-header-display":"","ast-hfb-below-header-display":"","ast-hfb-mobile-header-display":"","site-post-title":"disabled","ast-breadcrumbs-content":"","ast-featured-img":"","footer-sml-layout":"","ast-disable-related-posts":"","theme-transparent-header-meta":"","adv-header-id-meta":"","stick-header-meta":"","header-above-stick-meta":"","header-main-stick-meta":"","header-below-stick-meta":"","astra-migrate-meta-layouts":"set","ast-page-background-enabled":"default","ast-page-background-meta":{"desktop":{"background-color":"","background-image":"","background-repeat":"repeat","background-position":"center center","background-size":"auto","background-attachment":"scroll","background-type":"","background-media":"","overlay-type":"","overlay-color":"","overlay-opacity":"","overlay-gradient":""},"tablet":{"background-color":"","background-image":"","background-repeat":"repeat","background-position":"center center","background-size":"auto","background-attachment":"scroll","background-type":"","background-media":"","overlay-type":"","overlay-color":"","overlay-opacity":"","overlay-gradient":""},"mobile":{"background-color":"","background-image":"","background-repeat":"repeat","background-position":"center center","background-size":"auto","background-attachment":"scroll","background-type":"","background-media":"","overlay-type":"","overlay-color":"","overlay-opacity":"","overlay-gradient":""}},"ast-content-background-meta":{"desktop":{"background-color":"var(--ast-global-color-5)","background-image":"","background-repeat":"repeat","background-position":"center center","background-size":"auto","background-attachment":"scroll","background-type":"","background-media":"","overlay-type":"","overlay-color":"","overlay-opacity":"","overlay-gradient":""},"tablet":{"background-color":"var(--ast-global-color-5)","background-image":"","background-repeat":"repeat","background-position":"center center","background-size":"auto","background-attachment":"scroll","background-type":"","background-media":"","overlay-type":"","overlay-color":"","overlay-opacity":"","overlay-gradient":""},"mobile":{"background-color":"var(--ast-global-color-5)","background-image":"","background-repeat":"repeat","background-position":"center center","background-size":"auto","background-attachment":"scroll","background-type":"","background-media":"","overlay-type":"","overlay-color":"","overlay-opacity":"","overlay-gradient":""}},"footnotes":""},"class_list":["post-3691","page","type-page","status-publish","hentry"],"aioseo_notices":[],"uagb_featured_image_src":{"full":false,"thumbnail":false,"medium":false,"medium_large":false,"large":false,"1536x1536":false,"2048x2048":false,"page-small":false,"woocommerce_thumbnail":false,"woocommerce_single":false,"woocommerce_gallery_thumbnail":false,"lws_wr_thumbnail":false,"lws_wr_thumbnail_small":false},"uagb_author_info":{"display_name":"Marta Zawisza","author_link":"https:\/\/e-polish.eu\/sklep\/blog\/author\/mzawisza\/"},"uagb_comment_info":0,"uagb_excerpt":"Wydawnictwo GLOSSA Specjalizujemy si\u0119 w nauczaniu j\u0119zyka polskiego od ponad 25 lat. Nasze serie s\u0105 niekwestionowanymi bestsellerami na ca\u0142ym \u015bwiecie. [&hellip;]","_links":{"self":[{"href":"https:\/\/e-polish.eu\/sklep\/wp-json\/wp\/v2\/pages\/3691","targetHints":{"allow":["GET"]}}],"collection":[{"href":"https:\/\/e-polish.eu\/sklep\/wp-json\/wp\/v2\/pages"}],"about":[{"href":"https:\/\/e-polish.eu\/sklep\/wp-json\/wp\/v2\/types\/page"}],"author":[{"embeddable":true,"href":"https:\/\/e-polish.eu\/sklep\/wp-json\/wp\/v2\/users\/2"}],"replies":[{"embeddable":true,"href":"https:\/\/e-polish.eu\/sklep\/wp-json\/wp\/v2\/comments?post=3691"}],"version-history":[{"count":0,"href":"https:\/\/e-polish.eu\/sklep\/wp-json\/wp\/v2\/pages\/3691\/revisions"}],"wp:attachment":[{"href":"https:\/\/e-polish.eu\/sklep\/wp-json\/wp\/v2\/media?parent=3691"}],"curies":[{"name":"wp","href":"https:\/\/api.w.org\/{rel}","templated":true}]}}