{"id":10420,"date":"2025-04-08T11:34:54","date_gmt":"2025-04-08T09:34:54","guid":{"rendered":"https:\/\/e-polish.eu\/sklepproduct\/szkolenie-dla-nauczycieli-jezyka-polskiego-4\/"},"modified":"2025-06-09T12:52:00","modified_gmt":"2025-06-09T10:52:00","slug":"warsztaty-metodyczne-jpjo-warszawa-en","status":"publish","type":"product","link":"https:\/\/e-polish.eu\/sklep\/en\/trainings\/warsztaty-metodyczne-jpjo-warszawa-en\/","title":{"rendered":"Warsztaty metodyczne jpjo &#8211;  Warszawa"},"content":{"rendered":"<h2>Program warsztat\u00f3w<\/h2>\n<table class=\"harmonogram\">\n<tbody>\n<tr>\n<td>09:00\u201109:30<\/td>\n<td>REJESTRACJA I POWITANIE UCZESTNIK\u00d3W<\/td>\n<\/tr>\n<tr>\n<td>09:30\u201111:00<\/td>\n<td><b>Ach, ci m\u0119\u017cczy\u017ani\u2026 \u2013 rodzaj m\u0119skoosobowy w mianowniku liczby mnogiej (poziom A2)<\/b> Iwona Stempek (warsztat)<\/td>\n<\/tr>\n<tr>\n<td>11:00\u201111:30<\/td>\n<td>Przerwa<\/td>\n<\/tr>\n<tr>\n<td>11:30\u201113:00<\/td>\n<td><b>Dwa aspekty, trzy czasy \u2013 r\u00f3\u017cne twarze czasownika (poziom A1\u2013 A2)<\/b> Paulina Kuc (warsztat)<\/td>\n<\/tr>\n<tr>\n<td>13:00\u201113:15<\/td>\n<td>Przerwa<\/td>\n<\/tr>\n<tr>\n<td>13:15\u201114:15<\/td>\n<td><b>Gry i zadania j\u0119zykowe w akcji \u2013 z podr\u0119cznikiem nauczyciela w tle<\/b> Iwona Stempek \/ Paulina Kuc (warsztat)<\/td>\n<\/tr>\n<tr>\n<td>14:15\u201114:30<\/td>\n<td>Przerwa<\/td>\n<\/tr>\n<tr>\n<td>14:30\u201115:15<\/td>\n<td><b>Wirtualna Sala Lekcyjna \u2013 nie tylko do lekcji online<\/b> Tomasz Stempek (prezentacja)<\/td>\n<\/tr>\n<tr>\n<td>15:15\u201115:30<\/td>\n<td>ROZDANIE CERTYFIKAT\u00d3W I ZAKO\u0143CZENIE WARSZTAT\u00d3W<\/td>\n<\/tr>\n<\/tbody>\n<\/table>\n<h2>Opis sesji<\/h2>\n<h3>1.<strong> Ach, ci m\u0119\u017cczy\u017ani\u2026 &#8211; rodzaj m\u0119skoosobowy w mianowniku liczby mnogiej (poziom A2)<\/strong> &#8211; Iwona Stempek<\/h3>\n<p>\u201eTyle ko\u0144c\u00f3wek! Tyle alternacji! Jak my to mamy zapami\u0119ta\u0107?\u201d \u2013 pewnie ka\u017cdy z nas s\u0142ysza\u0142 kiedy\u015b to pytanie od swoich zdesperowanych student\u00f3w. Czy ten mianownik naprawd\u0119 musi by\u0107 taki straszny?<\/p>\n<p>W czasie mojego warsztatu chcia\u0142abym podzieli\u0107 si\u0119 z Pa\u0144stwem moimi pomys\u0142ami na zaj\u0119cia po\u015bwi\u0119cone mianownikowi m\u0119skoosobowemu. Zademonstruj\u0119 szereg zada\u0144 u\u0142atwiaj\u0105cych zapami\u0119tanie ko\u0144c\u00f3wek oraz u\u017cywanie nowych form w sytuacjach komunikacyjnych.<\/p>\n<h3>2. <strong>Dwa aspekty, trzy czasy &#8211; r\u00f3\u017cne twarze czasownika (poziom A1\u2013 A2)<\/strong> &#8211; Paulina Kuc 90 minut<\/h3>\n<p><span style=\"font-weight: 400;\">\u201cJ\u0119zyk polski ma tylko trzy czasy! I tylko dwa aspekty!\u201d &#8211; takim komunikatem cz\u0119sto pr\u00f3buj\u0119 os\u0142odzi\u0107 moim uczniom nauk\u0119 polskiej gramatyki. Szybko okazuje si\u0119 jednak, \u017ce nie tylko rzeczowniki, ale r\u00f3wnie\u017c polskie czasowniki potrafi\u0105 \u201cpokaza\u0107 rogi\u201d. Najpierw trzeba zapami\u0119ta\u0107 pary aspektowe, potem wybra\u0107 jedno s\u0142owo z dw\u00f3ch (zwykle bardzo podobnych),\u00a0 a na ko\u0144cu skonstruowa\u0107 w\u0142a\u015bciw\u0105 form\u0119 &#8211; na ka\u017cdym z tych etap\u00f3w nasi kursanci napotykaj\u0105 przeszkody.<\/span><\/p>\n<p><span style=\"font-weight: 400;\">Na sesji wypunktujemy trudne miejsca polskiej koniugacji i wsp\u00f3lnie pomy\u015blimy, jak mo\u017cemy sobie z nimi poradzi\u0107. Podziel\u0119 si\u0119 z Pa\u0144stwem w\u0142asnymi trickami i konkretnymi pomys\u0142ami na to, jak u\u0142atwi\u0107 uczniom tworzenie poprawnych komunikat\u00f3w we wszystkich czasach. Po naszych warsztatach b\u0119d\u0105 Pa\u0144stwo w stanie pokaza\u0107 uczniom aspekt w pozytywnym \u015bwietle.<\/span><\/p>\n<h3>3. <strong>Gry i zadania j\u0119zykowe w akcji \u2013 z podr\u0119cznikiem nauczyciela w tle<\/strong> &#8211; Paulina Kuc \/ Iwona Stempek 60 minut<\/h3>\n<p>W czasie tego warsztatu przetestujemy wsp\u00f3lnie z Pa\u0144stwem nasze ulubione gry zaczerpni\u0119te z licznego zbioru zada\u0144 j\u0119zykowych dost\u0119pnych na kartach naszych czterech obszernych poradnik\u00f3w metodycznych, kt\u00f3re maj\u0105 nam nauczycielom s\u0142u\u017cy\u0107 jako por\u0119czne narz\u0119dzie na zaj\u0119ciach oraz \u017ar\u00f3d\u0142o inspiracji i gotowych pomys\u0142\u00f3w.<\/p>\n<h3>4. <strong>Wirtualna Sala Lekcyjna &#8211; nie tylko do lekcji online<\/strong> &#8211; Tomasz Stempek 60 minut<\/h3>\n<p>Wirtualna Sala Lekcyjna zosta\u0142a stworzona do prowadzenia interaktywnych lekcji online lecz mo\u017ce by\u0107 wykorzystywana tak\u017ce podczas zaj\u0119\u0107 stacjonarnych. Sala umo\u017cliwia realizacj\u0119 lekcji z wykorzystaniem e-coursebook\u00f3w, webiz\u00f3w oraz interaktywnych \u0107wicze\u0144 i gier, a tak\u017ce pozwala na bie\u017c\u0105co monitorowa\u0107 odpowiedzi uczni\u00f3w.<\/p>\n<h2>Warsztaty prowadz\u0105:<\/h2>\n<p><strong>IWONA STEMPEK<\/strong> &#8211; Dyrektor metodyczny Szko\u0142y J\u0119zyka Polskiego GLOSSA, wsp\u00f3\u0142autor i redaktor serii podr\u0119cznik\u00f3w \u201ePOLSKI krok po kroku\u201d oraz \u201ePOLSKI krok po kroku \u2013 junior\u201d. Od wielu lat prowadzi ciesz\u0105ce si\u0119 ogromn\u0105 popularno\u015bci\u0105 webinaria i szkolenia metodyczne w Polsce, Europie, USA, Kanadzie i Australii.<\/p>\n<p><strong>PAULINA KUC<\/strong> &#8211; Metodyk i wsp\u00f3\u0142autor serii podr\u0119cznik\u00f3w dla dzieci i m\u0142odzie\u017cy &#8222;POLSKI krok po kroku &#8211; junior&#8221;. Prowadzi popularny cykl szkole\u0144 metodycznych &#8222;Lekcje z JUNIOREM&#8221;.<\/p>\n","protected":false},"excerpt":{"rendered":"<p><strong>Prowadz\u0105cy:<\/strong> Iwona Stempek | Paulina Kuc<br \/><strong>Miejsce:<\/strong> Warszawa (Polska)<br \/><strong>Grupa:<\/strong> do 60 os\u00f3b<br \/><strong>Date:<\/strong> 2025-06-21<br \/><strong>Time:<\/strong> 09:00\u201315:30 (CEST\/Europa\/Warszawa)<\/p>\n","protected":false},"featured_media":10438,"comment_status":"open","ping_status":"closed","template":"","meta":{"_uag_custom_page_level_css":"","site-sidebar-layout":"default","site-content-layout":"","ast-site-content-layout":"default","site-content-style":"default","site-sidebar-style":"default","ast-global-header-display":"","ast-banner-title-visibility":"","ast-main-header-display":"","ast-hfb-above-header-display":"","ast-hfb-below-header-display":"","ast-hfb-mobile-header-display":"","site-post-title":"","ast-breadcrumbs-content":"","ast-featured-img":"","footer-sml-layout":"","ast-disable-related-posts":"","theme-transparent-header-meta":"default","adv-header-id-meta":"","stick-header-meta":"default","header-above-stick-meta":"","header-main-stick-meta":"","header-below-stick-meta":"","astra-migrate-meta-layouts":"set","ast-page-background-enabled":"default","ast-page-background-meta":{"desktop":{"background-color":"","background-image":"","background-repeat":"repeat","background-position":"center center","background-size":"auto","background-attachment":"scroll","background-type":"","background-media":"","overlay-type":"","overlay-color":"","overlay-opacity":"","overlay-gradient":""},"tablet":{"background-color":"","background-image":"","background-repeat":"repeat","background-position":"center center","background-size":"auto","background-attachment":"scroll","background-type":"","background-media":"","overlay-type":"","overlay-color":"","overlay-opacity":"","overlay-gradient":""},"mobile":{"background-color":"","background-image":"","background-repeat":"repeat","background-position":"center center","background-size":"auto","background-attachment":"scroll","background-type":"","background-media":"","overlay-type":"","overlay-color":"","overlay-opacity":"","overlay-gradient":""}},"ast-content-background-meta":{"desktop":{"background-color":"var(--ast-global-color-5)","background-image":"","background-repeat":"repeat","background-position":"center center","background-size":"auto","background-attachment":"scroll","background-type":"","background-media":"","overlay-type":"","overlay-color":"","overlay-opacity":"","overlay-gradient":""},"tablet":{"background-color":"var(--ast-global-color-5)","background-image":"","background-repeat":"repeat","background-position":"center center","background-size":"auto","background-attachment":"scroll","background-type":"","background-media":"","overlay-type":"","overlay-color":"","overlay-opacity":"","overlay-gradient":""},"mobile":{"background-color":"var(--ast-global-color-5)","background-image":"","background-repeat":"repeat","background-position":"center center","background-size":"auto","background-attachment":"scroll","background-type":"","background-media":"","overlay-type":"","overlay-color":"","overlay-opacity":"","overlay-gradient":""}}},"product_brand":[],"product_cat":[114,1582],"product_tag":[],"class_list":{"0":"post-10420","1":"product","2":"type-product","3":"status-publish","4":"has-post-thumbnail","6":"product_cat-all-products","7":"product_cat-trainings","8":"desktop-align-center","9":"tablet-align-left","10":"mobile-align-left","11":"ast-product-gallery-layout-horizontal-slider","12":"ast-product-gallery-with-no-image","13":"ast-product-tabs-layout-horizontal","15":"first","16":"outofstock","17":"virtual","18":"sold-individually","19":"taxable","20":"purchasable","21":"product-type-simple"},"aioseo_notices":[],"uagb_featured_image_src":{"full":["https:\/\/e-polish.eu\/sklep\/wp-content\/uploads\/shop-items\/sm002-warsztaty_metodyczne_jpjo_-_warszawa.png",563,797,false],"thumbnail":["https:\/\/e-polish.eu\/sklep\/wp-content\/uploads\/shop-items\/sm002-warsztaty_metodyczne_jpjo_-_warszawa.png",106,150,false],"medium":["https:\/\/e-polish.eu\/sklep\/wp-content\/uploads\/shop-items\/sm002-warsztaty_metodyczne_jpjo_-_warszawa.png",212,300,false],"medium_large":["https:\/\/e-polish.eu\/sklep\/wp-content\/uploads\/shop-items\/sm002-warsztaty_metodyczne_jpjo_-_warszawa.png",563,797,false],"large":["https:\/\/e-polish.eu\/sklep\/wp-content\/uploads\/shop-items\/sm002-warsztaty_metodyczne_jpjo_-_warszawa.png",563,797,false],"1536x1536":["https:\/\/e-polish.eu\/sklep\/wp-content\/uploads\/shop-items\/sm002-warsztaty_metodyczne_jpjo_-_warszawa.png",563,797,false],"2048x2048":["https:\/\/e-polish.eu\/sklep\/wp-content\/uploads\/shop-items\/sm002-warsztaty_metodyczne_jpjo_-_warszawa.png",563,797,false],"page-small":["https:\/\/e-polish.eu\/sklep\/wp-content\/uploads\/shop-items\/sm002-warsztaty_metodyczne_jpjo_-_warszawa.png",210,297,false],"woocommerce_thumbnail":["https:\/\/e-polish.eu\/sklep\/wp-content\/uploads\/shop-items\/sm002-warsztaty_metodyczne_jpjo_-_warszawa.png",300,425,false],"woocommerce_single":["https:\/\/e-polish.eu\/sklep\/wp-content\/uploads\/shop-items\/sm002-warsztaty_metodyczne_jpjo_-_warszawa.png",300,425,false],"woocommerce_gallery_thumbnail":["https:\/\/e-polish.eu\/sklep\/wp-content\/uploads\/shop-items\/sm002-warsztaty_metodyczne_jpjo_-_warszawa-100x100.png",100,100,true],"lws_wr_thumbnail":["https:\/\/e-polish.eu\/sklep\/wp-content\/uploads\/shop-items\/sm002-warsztaty_metodyczne_jpjo_-_warszawa.png",68,96,false],"lws_wr_thumbnail_small":["https:\/\/e-polish.eu\/sklep\/wp-content\/uploads\/shop-items\/sm002-warsztaty_metodyczne_jpjo_-_warszawa.png",30,42,false]},"uagb_author_info":{"display_name":"Marta Zawisza","author_link":"https:\/\/e-polish.eu\/sklep\/blog\/author\/"},"uagb_comment_info":1,"uagb_excerpt":"Prowadz\u0105cy: Iwona Stempek | Paulina KucMiejsce: Warszawa (Polska)Grupa: do 60 os\u00f3bDate: 2025-06-21Time: 09:00\u201315:30 (CEST\/Europa\/Warszawa)","_links":{"self":[{"href":"https:\/\/e-polish.eu\/sklep\/wp-json\/wp\/v2\/product\/10420","targetHints":{"allow":["GET"]}}],"collection":[{"href":"https:\/\/e-polish.eu\/sklep\/wp-json\/wp\/v2\/product"}],"about":[{"href":"https:\/\/e-polish.eu\/sklep\/wp-json\/wp\/v2\/types\/product"}],"replies":[{"embeddable":true,"href":"https:\/\/e-polish.eu\/sklep\/wp-json\/wp\/v2\/comments?post=10420"}],"wp:featuredmedia":[{"embeddable":true,"href":"https:\/\/e-polish.eu\/sklep\/wp-json\/wp\/v2\/media\/10438"}],"wp:attachment":[{"href":"https:\/\/e-polish.eu\/sklep\/wp-json\/wp\/v2\/media?parent=10420"}],"wp:term":[{"taxonomy":"product_brand","embeddable":true,"href":"https:\/\/e-polish.eu\/sklep\/wp-json\/wp\/v2\/product_brand?post=10420"},{"taxonomy":"product_cat","embeddable":true,"href":"https:\/\/e-polish.eu\/sklep\/wp-json\/wp\/v2\/product_cat?post=10420"},{"taxonomy":"product_tag","embeddable":true,"href":"https:\/\/e-polish.eu\/sklep\/wp-json\/wp\/v2\/product_tag?post=10420"}],"curies":[{"name":"wp","href":"https:\/\/api.w.org\/{rel}","templated":true}]}}