{"id":10586,"date":"2025-04-18T14:09:20","date_gmt":"2025-04-18T12:09:20","guid":{"rendered":"https:\/\/e-polish.eu\/sklepproduct\/polski-krok-po-kroku-1-e-coursebook-go-nowa-platforma-e-coursebook-4\/"},"modified":"2026-04-06T03:42:10","modified_gmt":"2026-04-06T01:42:10","slug":"polski-krok-po-kroku-1-e-coursebook-go-nowa-platforma-e-coursebook-4","status":"publish","type":"product","link":"https:\/\/e-polish.eu\/sklep\/ecoursebooki\/polski-krok-po-kroku-1-e-coursebook-go-nowa-platforma-e-coursebook-4\/","title":{"rendered":"POLSKI krok po kroku 1 GO! (nowa platforma)"},"content":{"rendered":"<p><img loading=\"lazy\" decoding=\"async\" class=\"alignnone size-medium wp-image-9492\" src=\"https:\/\/sklep.e-polish.eu\/wp-content\/uploads\/2025\/01\/ecoursebookeu_LOGO-podstawowe-poziome-300x69.png\" alt=\"\" width=\"300\" height=\"69\" srcset=\"https:\/\/e-polish.eu\/sklep\/wp-content\/uploads\/2025\/01\/ecoursebookeu_LOGO-podstawowe-poziome-300x69.png 300w, https:\/\/e-polish.eu\/sklep\/wp-content\/uploads\/2025\/01\/ecoursebookeu_LOGO-podstawowe-poziome-1024x237.png 1024w, https:\/\/e-polish.eu\/sklep\/wp-content\/uploads\/2025\/01\/ecoursebookeu_LOGO-podstawowe-poziome-768x178.png 768w, https:\/\/e-polish.eu\/sklep\/wp-content\/uploads\/2025\/01\/ecoursebookeu_LOGO-podstawowe-poziome-1536x355.png 1536w, https:\/\/e-polish.eu\/sklep\/wp-content\/uploads\/2025\/01\/ecoursebookeu_LOGO-podstawowe-poziome-96x22.png 96w, https:\/\/e-polish.eu\/sklep\/wp-content\/uploads\/2025\/01\/ecoursebookeu_LOGO-podstawowe-poziome-42x10.png 42w, https:\/\/e-polish.eu\/sklep\/wp-content\/uploads\/2025\/01\/ecoursebookeu_LOGO-podstawowe-poziome-1471x340.png 1471w, https:\/\/e-polish.eu\/sklep\/wp-content\/uploads\/2025\/01\/ecoursebookeu_LOGO-podstawowe-poziome-1280x296.png 1280w, https:\/\/e-polish.eu\/sklep\/wp-content\/uploads\/2025\/01\/ecoursebookeu_LOGO-podstawowe-poziome.png 2020w\" sizes=\"auto, (max-width: 300px) 100vw, 300px\" \/><\/p>\n<h3 class=\"\" data-start=\"51\" data-end=\"73\">\ud83d\udd10 Zarejestruj si\u0119<\/h3>\n<ul data-start=\"75\" data-end=\"137\">\n<li class=\"\" data-start=\"75\" data-end=\"103\">\n<p class=\"\" data-start=\"77\" data-end=\"103\"><a href=\"https:\/\/student.e-coursebook.eu\" target=\"_blank\" rel=\"noopener\">Zarejestruj konto ucznia<\/a><\/p>\n<\/li>\n<li class=\"\" data-start=\"104\" data-end=\"137\">\n<p class=\"\" data-start=\"106\" data-end=\"137\"><a href=\"https:\/\/teacher.e-coursebook.eu\" target=\"_blank\" rel=\"noopener\">Zarejestruj konto nauczyciela<\/a><\/p>\n<\/li>\n<\/ul>\n<p class=\"\" data-start=\"139\" data-end=\"197\">\ud83d\udc49 <a href=\"https:\/\/drive.google.com\/file\/d\/1oAwSrIGKXP4VFqJ6DmKri7R6Xt3PEuJb\/view\" target=\"_blank\" rel=\"noopener\">Link do instrukcji rejestracji i aktywacji kodu dost\u0119pu<\/a><\/p>\n<hr class=\"\" data-start=\"199\" data-end=\"202\" \/>\n<h3 class=\"\" data-start=\"204\" data-end=\"237\">\ud83d\udcd8 Czym jest e-coursebook GO?<\/h3>\n<p class=\"\" data-start=\"239\" data-end=\"327\">Interaktywna wersja podr\u0119cznika <a href=\"https:\/\/sklep.e-polish.eu\/ksiazki\/polski-krok-po-kroku-podrecznik-czesc-1\/\" target=\"_blank\" rel=\"noopener\"><em data-start=\"271\" data-end=\"311\">POLSKI krok po kroku 1<\/em><\/a>, dostosowana w szczeg\u00f3lno\u015bci do urz\u0105dze\u0144 mobilnych. Zawiera: t\u0142umaczenia polece\u0144, klucz odpowiedzi, nagrania audio, \u0107wiczenia w formie interaktywnej oraz s\u0142ownik multimedialny z t\u0142umaczeniami s\u0142\u00f3w i zwrot\u00f3w.<\/p>\n<hr class=\"\" data-start=\"488\" data-end=\"491\" \/>\n<h3 class=\"\" data-start=\"493\" data-end=\"516\">\ud83c\udf10 Gdzie korzysta\u0107?<\/h3>\n<p class=\"\" data-start=\"518\" data-end=\"596\">e-coursebook GO! dost\u0119pny jest na osobnej platformie: \ud83d\udc49 <a href=\"https:\/\/e-coursebook.eu\/zaloguj-sie\/\" target=\"_blank\" rel=\"noopener\"><strong data-start=\"577\" data-end=\"596\">e-coursebook.eu<\/strong><\/a><\/p>\n<p class=\"\" data-start=\"598\" data-end=\"664\">Nie jest kompatybilny z platform\u0105 e-polish.eu ani jej Wirtualn\u0105 Sal\u0105 (platforma e-coursebook.eu ma swoj\u0105 Wirtualn\u0105 Sal\u0119).<\/p>\n<hr class=\"\" data-start=\"666\" data-end=\"669\" \/>\n<h3 class=\"\" data-start=\"671\" data-end=\"710\">\ud83d\udcf1 Dzia\u0142a na urz\u0105dzeniach mobilnych<\/h3>\n<p class=\"\" data-start=\"712\" data-end=\"827\">Platforma zosta\u0142a zaprojektowana specjalnie z my\u015bl\u0105 o urz\u0105dzeniach mobilnych, oferuj\u0105c wygodny i elastyczny dost\u0119p.<\/p>\n<hr class=\"\" data-start=\"829\" data-end=\"832\" \/>\n<h3 class=\"\" data-start=\"834\" data-end=\"853\">\ud83e\uddd1\u200d\ud83c\udf93 Dla kogo?<\/h3>\n<ul data-start=\"855\" data-end=\"954\">\n<li class=\"\" data-start=\"855\" data-end=\"893\">\n<p class=\"\" data-start=\"857\" data-end=\"893\">Przeznaczony do nauki samodzielnej dla ambitnych student\u00f3w jak i do nauki z nauczycielem.<\/p>\n<\/li>\n<li class=\"\" data-start=\"894\" data-end=\"954\">\n<p class=\"\" data-start=\"896\" data-end=\"954\">Dla nauczycieli, kt\u00f3rzy chc\u0105 mie\u0107 \u0142atwy dost\u0119p do swoich e-coursebook\u00f3w w dowolnych okoliczno\u015bciach.<\/p>\n<\/li>\n<\/ul>\n<hr class=\"\" data-start=\"956\" data-end=\"959\" \/>\n<h3 class=\"\" data-start=\"961\" data-end=\"980\">\ud83d\udd52 Czas dost\u0119pu<\/h3>\n<ul>\n<li data-start=\"982\" data-end=\"1043\">Kod dost\u0119pu jest wa\u017cny przez <strong data-start=\"1011\" data-end=\"1021\">3 lata<\/strong> od momentu aktywacji.<\/li>\n<\/ul>\n<p data-start=\"982\" data-end=\"1043\">| Iwona Stempek | Anna Stelmach | Sylwia Dawidek | Aneta Szymkiewicz<\/p>\n<p>&nbsp;<\/p>\n<p><img loading=\"lazy\" decoding=\"async\" class=\"alignnone size-medium wp-image-9493\" src=\"https:\/\/sklep.e-polish.eu\/wp-content\/uploads\/2025\/01\/ecoursebookeu_LOGO-podstawowe-pionowe-1-300x227.png\" alt=\"\" width=\"300\" height=\"227\" \/><\/p>\n","protected":false},"excerpt":{"rendered":"<p class=\"\" data-start=\"0\" data-end=\"159\">NOWA interaktywna wersja <em>POLSKI krok po kroku 1<\/em>, z \u0107wiczeniami, instrukcjami, kluczem odpowiedzi, nagraniami audio i multimedialnym s\u0142ownikiem.<\/p>\n<p class=\"\" data-start=\"161\" data-end=\"271\">\u2705 Idealna na smartfony i tablety<br data-start=\"199\" data-end=\"202\" \/>\u2705 Dost\u0119p przez osobn\u0105 platform\u0119: e-coursebook.eu (nie na e-polish.eu)<\/p>\n<p class=\"\" data-start=\"273\" data-end=\"347\">Po zakupie otrzymasz kod dost\u0119pu do aktywacji swojego podr\u0119cznika na <a href=\"https:\/\/e-coursebook.eu\/zaloguj-sie\/\" target=\"_blank\" rel=\"noopener\"><img loading=\"lazy\" decoding=\"async\" class=\"alignnone wp-image-10546 \" src=\"https:\/\/sklep.e-polish.eu\/wp-content\/uploads\/2025\/04\/ecoursebookeu_LOGO-podstawowe-poziome-1-300x69.png\" alt=\"\" width=\"161\" height=\"37\" srcset=\"https:\/\/e-polish.eu\/sklep\/wp-content\/uploads\/2025\/04\/ecoursebookeu_LOGO-podstawowe-poziome-1-300x69.png 300w, https:\/\/e-polish.eu\/sklep\/wp-content\/uploads\/2025\/04\/ecoursebookeu_LOGO-podstawowe-poziome-1-1024x237.png 1024w, https:\/\/e-polish.eu\/sklep\/wp-content\/uploads\/2025\/04\/ecoursebookeu_LOGO-podstawowe-poziome-1-768x178.png 768w, https:\/\/e-polish.eu\/sklep\/wp-content\/uploads\/2025\/04\/ecoursebookeu_LOGO-podstawowe-poziome-1-1536x355.png 1536w, https:\/\/e-polish.eu\/sklep\/wp-content\/uploads\/2025\/04\/ecoursebookeu_LOGO-podstawowe-poziome-1-96x22.png 96w, https:\/\/e-polish.eu\/sklep\/wp-content\/uploads\/2025\/04\/ecoursebookeu_LOGO-podstawowe-poziome-1-42x10.png 42w, https:\/\/e-polish.eu\/sklep\/wp-content\/uploads\/2025\/04\/ecoursebookeu_LOGO-podstawowe-poziome-1-1471x340.png 1471w, https:\/\/e-polish.eu\/sklep\/wp-content\/uploads\/2025\/04\/ecoursebookeu_LOGO-podstawowe-poziome-1-1280x296.png 1280w, https:\/\/e-polish.eu\/sklep\/wp-content\/uploads\/2025\/04\/ecoursebookeu_LOGO-podstawowe-poziome-1.png 2020w\" sizes=\"auto, (max-width: 161px) 100vw, 161px\" \/><\/a><\/p>\n[caption id=\"attachment_10597\" align=\"alignnone\" width=\"94\"]<img loading=\"lazy\" decoding=\"async\" class=\"wp-image-10597\" src=\"https:\/\/sklep.e-polish.eu\/wp-content\/uploads\/2025\/04\/QR-PKPK1-przykladowe-cwiczenie.png\" alt=\"\" width=\"94\" height=\"93\" \/> <a href=\"https:\/\/start-pre-school.nvt-it.pl\/previews\/EX-FEnIQ\" target=\"_blank\" rel=\"noopener\">Zobacz przyk\u0142adowe \u0107wiczenie<\/a>[\/caption]\n<p>&nbsp;<\/p>\n","protected":false},"featured_media":10584,"comment_status":"open","ping_status":"closed","template":"","meta":{"_uag_custom_page_level_css":"","site-sidebar-layout":"default","site-content-layout":"","ast-site-content-layout":"default","site-content-style":"default","site-sidebar-style":"default","ast-global-header-display":"","ast-banner-title-visibility":"","ast-main-header-display":"","ast-hfb-above-header-display":"","ast-hfb-below-header-display":"","ast-hfb-mobile-header-display":"","site-post-title":"","ast-breadcrumbs-content":"","ast-featured-img":"","footer-sml-layout":"","ast-disable-related-posts":"","theme-transparent-header-meta":"default","adv-header-id-meta":"","stick-header-meta":"default","header-above-stick-meta":"","header-main-stick-meta":"","header-below-stick-meta":"","astra-migrate-meta-layouts":"set","ast-page-background-enabled":"default","ast-page-background-meta":{"desktop":{"background-color":"","background-image":"","background-repeat":"repeat","background-position":"center center","background-size":"auto","background-attachment":"scroll","background-type":"","background-media":"","overlay-type":"","overlay-color":"","overlay-opacity":"","overlay-gradient":""},"tablet":{"background-color":"","background-image":"","background-repeat":"repeat","background-position":"center center","background-size":"auto","background-attachment":"scroll","background-type":"","background-media":"","overlay-type":"","overlay-color":"","overlay-opacity":"","overlay-gradient":""},"mobile":{"background-color":"","background-image":"","background-repeat":"repeat","background-position":"center center","background-size":"auto","background-attachment":"scroll","background-type":"","background-media":"","overlay-type":"","overlay-color":"","overlay-opacity":"","overlay-gradient":""}},"ast-content-background-meta":{"desktop":{"background-color":"var(--ast-global-color-5)","background-image":"","background-repeat":"repeat","background-position":"center center","background-size":"auto","background-attachment":"scroll","background-type":"","background-media":"","overlay-type":"","overlay-color":"","overlay-opacity":"","overlay-gradient":""},"tablet":{"background-color":"var(--ast-global-color-5)","background-image":"","background-repeat":"repeat","background-position":"center center","background-size":"auto","background-attachment":"scroll","background-type":"","background-media":"","overlay-type":"","overlay-color":"","overlay-opacity":"","overlay-gradient":""},"mobile":{"background-color":"var(--ast-global-color-5)","background-image":"","background-repeat":"repeat","background-position":"center center","background-size":"auto","background-attachment":"scroll","background-type":"","background-media":"","overlay-type":"","overlay-color":"","overlay-opacity":"","overlay-gradient":""}}},"product_brand":[],"product_cat":[22,1933,1633,19],"product_tag":[],"class_list":{"0":"post-10586","1":"product","2":"type-product","3":"status-publish","4":"has-post-thumbnail","6":"product_cat-ecoursebooki","7":"product_cat-e-coursebooki-go","8":"product_cat-polski-krok-po-kroku","9":"product_cat-wszystkie-produkty","10":"desktop-align-center","11":"tablet-align-left","12":"mobile-align-left","13":"ast-product-gallery-layout-horizontal-slider","14":"ast-product-gallery-with-no-image","15":"ast-product-tabs-layout-horizontal","17":"first","18":"instock","19":"virtual","20":"taxable","21":"purchasable","22":"product-type-simple"},"aioseo_notices":[],"uagb_featured_image_src":{"full":["https:\/\/e-polish.eu\/sklep\/wp-content\/uploads\/shop-items\/eepkpk-polski_krok_po_kroku_1_e-coursebook_go_nowa_platforma_e-coursebook.png",1000,1415,false],"thumbnail":["https:\/\/e-polish.eu\/sklep\/wp-content\/uploads\/shop-items\/eepkpk-polski_krok_po_kroku_1_e-coursebook_go_nowa_platforma_e-coursebook-150x150.png",150,150,true],"medium":["https:\/\/e-polish.eu\/sklep\/wp-content\/uploads\/shop-items\/eepkpk-polski_krok_po_kroku_1_e-coursebook_go_nowa_platforma_e-coursebook-212x300.png",212,300,true],"medium_large":["https:\/\/e-polish.eu\/sklep\/wp-content\/uploads\/shop-items\/eepkpk-polski_krok_po_kroku_1_e-coursebook_go_nowa_platforma_e-coursebook-768x1087.png",768,1087,true],"large":["https:\/\/e-polish.eu\/sklep\/wp-content\/uploads\/shop-items\/eepkpk-polski_krok_po_kroku_1_e-coursebook_go_nowa_platforma_e-coursebook-724x1024.png",724,1024,true],"1536x1536":["https:\/\/e-polish.eu\/sklep\/wp-content\/uploads\/shop-items\/eepkpk-polski_krok_po_kroku_1_e-coursebook_go_nowa_platforma_e-coursebook.png",1000,1415,false],"2048x2048":["https:\/\/e-polish.eu\/sklep\/wp-content\/uploads\/shop-items\/eepkpk-polski_krok_po_kroku_1_e-coursebook_go_nowa_platforma_e-coursebook.png",1000,1415,false],"page-small":["https:\/\/e-polish.eu\/sklep\/wp-content\/uploads\/shop-items\/eepkpk-polski_krok_po_kroku_1_e-coursebook_go_nowa_platforma_e-coursebook-210x297.png",210,297,true],"woocommerce_thumbnail":["https:\/\/e-polish.eu\/sklep\/wp-content\/uploads\/shop-items\/eepkpk-polski_krok_po_kroku_1_e-coursebook_go_nowa_platforma_e-coursebook-300x425.png",300,425,true],"woocommerce_single":["https:\/\/e-polish.eu\/sklep\/wp-content\/uploads\/shop-items\/eepkpk-polski_krok_po_kroku_1_e-coursebook_go_nowa_platforma_e-coursebook-300x425.png",300,425,true],"woocommerce_gallery_thumbnail":["https:\/\/e-polish.eu\/sklep\/wp-content\/uploads\/shop-items\/eepkpk-polski_krok_po_kroku_1_e-coursebook_go_nowa_platforma_e-coursebook-100x100.png",100,100,true],"lws_wr_thumbnail":["https:\/\/e-polish.eu\/sklep\/wp-content\/uploads\/shop-items\/eepkpk-polski_krok_po_kroku_1_e-coursebook_go_nowa_platforma_e-coursebook-68x96.png",68,96,true],"lws_wr_thumbnail_small":["https:\/\/e-polish.eu\/sklep\/wp-content\/uploads\/shop-items\/eepkpk-polski_krok_po_kroku_1_e-coursebook_go_nowa_platforma_e-coursebook-30x42.png",30,42,true]},"uagb_author_info":{"display_name":"Marta Zawisza","author_link":"https:\/\/e-polish.eu\/sklep\/blog\/author\/"},"uagb_comment_info":0,"uagb_excerpt":"NOWA interaktywna wersja POLSKI krok po kroku 1, z \u0107wiczeniami, instrukcjami, kluczem odpowiedzi, nagraniami audio i multimedialnym s\u0142ownikiem. \u2705 Idealna na smartfony i tablety\u2705 Dost\u0119p przez osobn\u0105 platform\u0119: e-coursebook.eu (nie na e-polish.eu) Po zakupie otrzymasz kod dost\u0119pu do aktywacji swojego podr\u0119cznika na [caption id=\"attachment_10597\" align=\"alignnone\" width=\"94\"] Zobacz przyk\u0142adowe \u0107wiczenie[\/caption] &nbsp;","_links":{"self":[{"href":"https:\/\/e-polish.eu\/sklep\/wp-json\/wp\/v2\/product\/10586","targetHints":{"allow":["GET"]}}],"collection":[{"href":"https:\/\/e-polish.eu\/sklep\/wp-json\/wp\/v2\/product"}],"about":[{"href":"https:\/\/e-polish.eu\/sklep\/wp-json\/wp\/v2\/types\/product"}],"replies":[{"embeddable":true,"href":"https:\/\/e-polish.eu\/sklep\/wp-json\/wp\/v2\/comments?post=10586"}],"wp:featuredmedia":[{"embeddable":true,"href":"https:\/\/e-polish.eu\/sklep\/wp-json\/wp\/v2\/media\/10584"}],"wp:attachment":[{"href":"https:\/\/e-polish.eu\/sklep\/wp-json\/wp\/v2\/media?parent=10586"}],"wp:term":[{"taxonomy":"product_brand","embeddable":true,"href":"https:\/\/e-polish.eu\/sklep\/wp-json\/wp\/v2\/product_brand?post=10586"},{"taxonomy":"product_cat","embeddable":true,"href":"https:\/\/e-polish.eu\/sklep\/wp-json\/wp\/v2\/product_cat?post=10586"},{"taxonomy":"product_tag","embeddable":true,"href":"https:\/\/e-polish.eu\/sklep\/wp-json\/wp\/v2\/product_tag?post=10586"}],"curies":[{"name":"wp","href":"https:\/\/api.w.org\/{rel}","templated":true}]}}