{"id":12157,"date":"2025-09-09T13:18:01","date_gmt":"2025-09-09T11:18:01","guid":{"rendered":"https:\/\/e-polish.eu\/sklep\/product\/platforma-spotkania-i-interakcji-z-twoimi-uczniami\/"},"modified":"2025-11-17T10:43:39","modified_gmt":"2025-11-17T09:43:39","slug":"platforma-spotkania-i-interakcji-z-twoimi-uczniami-webinar","status":"publish","type":"product","link":"https:\/\/e-polish.eu\/sklep\/en\/trainings\/platforma-spotkania-i-interakcji-z-twoimi-uczniami-webinar\/","title":{"rendered":"Platforma spotkania i interakcji z Twoimi uczniami"},"content":{"rendered":"<h2>Opis webinarium<\/h2>\n<p>e-polish.eu to nowoczesna platforma, kt\u00f3ra wspiera proces nauczania j\u0119zyka polskiego. Niezale\u017cnie od tego, czy uczysz online, stacjonarnie, indywidualnie czy w grupie &#8211; znajdziesz tu narz\u0119dzia, kt\u00f3re pomog\u0105 Ci efektywnie planowa\u0107 i prowadzi\u0107 zaj\u0119cia, zadawa\u0107 i sprawdza\u0107 prace domowe oraz testy, a tak\u017ce utrzymywa\u0107 sta\u0142y kontakt ze swoimi uczniami. Dzi\u0119ki e-polish.eu zyskujesz nie tylko lepsz\u0105 organizacj\u0119 pracy, ale tak\u017ce silniejsze zaanga\u017cowanie uczni\u00f3w i sprawn\u0105 komunikacj\u0119 \u2013 wszystko w jednym miejscu.<\/p>\n<p>Podczas webinarium zaprezentujemy jak:<\/p>\n<ul>\n<li>zaprosi\u0107 swoich uczni\u00f3w do e-polish.eu,<\/li>\n<li>zadawa\u0107 \u0107wiczenia, fiszki, testy i zadania domowe,<\/li>\n<li>grywalizowa\u0107 korzystaj\u0105c z webizz\u00f3w,<\/li>\n<li>\u015bledzi\u0107 post\u0119py swoich student\u00f3w,<\/li>\n<li>\u0142atwo komunikowa\u0107 si\u0119 z uczniami.<\/li>\n<\/ul>\n<p><strong>Zorganizuj swoj\u0105 prac\u0119 i zwi\u0119ksz efektywno\u015b\u0107 nauczania! Do\u0142\u0105cz do nas i odkryj, jak platforma e-polish.eu mo\u017ce zmieni\u0107 spos\u00f3b, w jaki uczysz i komunikujesz si\u0119 ze swoimi uczniami!<\/strong><\/p>\n<p>Na webinarium zapraszamy zar\u00f3wno nauczycieli, kt\u00f3rzy znaj\u0105 i korzystaj\u0105 z e-polish.eu jak te\u017c tych, kt\u00f3rzy dopiero chc\u0105 pozna\u0107 to narz\u0119dzie.<\/p>\n<p>Czas trwania: 60 minut.<\/p>\n<p>Uczestnicy webinarium otrzymuj\u0105:<\/p>\n<ul>\n<li>dyplom uczestnictwa,<\/li>\n<li>dost\u0119p do nagrania z webinarium.<\/li>\n<\/ul>\n<p>Webinarium prowadzi Magdalena Gieniec.<\/p>\n","protected":false},"excerpt":{"rendered":"<p><strong>Prowadz\u0105cy:<\/strong> Magdalena Gieniec<br \/><strong>Miejsce:<\/strong> (online)<br \/><strong>Date:<\/strong> 2025-11-13<br \/><strong>Time:<\/strong> 20:00\u201321:00 (CEST\/Europa\/Warszawa)<\/p>\n","protected":false},"featured_media":12158,"comment_status":"open","ping_status":"closed","template":"","meta":{"_uag_custom_page_level_css":"","site-sidebar-layout":"default","site-content-layout":"","ast-site-content-layout":"default","site-content-style":"default","site-sidebar-style":"default","ast-global-header-display":"","ast-banner-title-visibility":"","ast-main-header-display":"","ast-hfb-above-header-display":"","ast-hfb-below-header-display":"","ast-hfb-mobile-header-display":"","site-post-title":"","ast-breadcrumbs-content":"","ast-featured-img":"","footer-sml-layout":"","ast-disable-related-posts":"","theme-transparent-header-meta":"default","adv-header-id-meta":"","stick-header-meta":"default","header-above-stick-meta":"","header-main-stick-meta":"","header-below-stick-meta":"","astra-migrate-meta-layouts":"set","ast-page-background-enabled":"default","ast-page-background-meta":{"desktop":{"background-color":"","background-image":"","background-repeat":"repeat","background-position":"center center","background-size":"auto","background-attachment":"scroll","background-type":"","background-media":"","overlay-type":"","overlay-color":"","overlay-opacity":"","overlay-gradient":""},"tablet":{"background-color":"","background-image":"","background-repeat":"repeat","background-position":"center center","background-size":"auto","background-attachment":"scroll","background-type":"","background-media":"","overlay-type":"","overlay-color":"","overlay-opacity":"","overlay-gradient":""},"mobile":{"background-color":"","background-image":"","background-repeat":"repeat","background-position":"center center","background-size":"auto","background-attachment":"scroll","background-type":"","background-media":"","overlay-type":"","overlay-color":"","overlay-opacity":"","overlay-gradient":""}},"ast-content-background-meta":{"desktop":{"background-color":"var(--ast-global-color-5)","background-image":"","background-repeat":"repeat","background-position":"center center","background-size":"auto","background-attachment":"scroll","background-type":"","background-media":"","overlay-type":"","overlay-color":"","overlay-opacity":"","overlay-gradient":""},"tablet":{"background-color":"var(--ast-global-color-5)","background-image":"","background-repeat":"repeat","background-position":"center center","background-size":"auto","background-attachment":"scroll","background-type":"","background-media":"","overlay-type":"","overlay-color":"","overlay-opacity":"","overlay-gradient":""},"mobile":{"background-color":"var(--ast-global-color-5)","background-image":"","background-repeat":"repeat","background-position":"center center","background-size":"auto","background-attachment":"scroll","background-type":"","background-media":"","overlay-type":"","overlay-color":"","overlay-opacity":"","overlay-gradient":""}}},"product_brand":[],"product_cat":[114,1582],"product_tag":[],"class_list":{"0":"post-12157","1":"product","2":"type-product","3":"status-publish","4":"has-post-thumbnail","6":"product_cat-all-products","7":"product_cat-trainings","8":"desktop-align-center","9":"tablet-align-left","10":"mobile-align-left","11":"ast-product-gallery-layout-horizontal-slider","12":"ast-product-gallery-with-no-image","13":"ast-product-tabs-layout-horizontal","15":"first","16":"outofstock","17":"virtual","18":"sold-individually","19":"taxable","20":"purchasable","21":"product-type-simple"},"aioseo_notices":[],"uagb_featured_image_src":{"full":["https:\/\/e-polish.eu\/sklep\/wp-content\/uploads\/shop-items\/we015-platforma_spotkania_i_interakcji_z_twoimi_uczniami.png",450,638,false],"thumbnail":["https:\/\/e-polish.eu\/sklep\/wp-content\/uploads\/shop-items\/we015-platforma_spotkania_i_interakcji_z_twoimi_uczniami-150x150.png",150,150,true],"medium":["https:\/\/e-polish.eu\/sklep\/wp-content\/uploads\/shop-items\/we015-platforma_spotkania_i_interakcji_z_twoimi_uczniami-212x300.png",212,300,true],"medium_large":["https:\/\/e-polish.eu\/sklep\/wp-content\/uploads\/shop-items\/we015-platforma_spotkania_i_interakcji_z_twoimi_uczniami.png",450,638,false],"large":["https:\/\/e-polish.eu\/sklep\/wp-content\/uploads\/shop-items\/we015-platforma_spotkania_i_interakcji_z_twoimi_uczniami.png",450,638,false],"1536x1536":["https:\/\/e-polish.eu\/sklep\/wp-content\/uploads\/shop-items\/we015-platforma_spotkania_i_interakcji_z_twoimi_uczniami.png",450,638,false],"2048x2048":["https:\/\/e-polish.eu\/sklep\/wp-content\/uploads\/shop-items\/we015-platforma_spotkania_i_interakcji_z_twoimi_uczniami.png",450,638,false],"page-small":["https:\/\/e-polish.eu\/sklep\/wp-content\/uploads\/shop-items\/we015-platforma_spotkania_i_interakcji_z_twoimi_uczniami-210x297.png",210,297,true],"woocommerce_thumbnail":["https:\/\/e-polish.eu\/sklep\/wp-content\/uploads\/shop-items\/we015-platforma_spotkania_i_interakcji_z_twoimi_uczniami-300x425.png",300,425,true],"woocommerce_single":["https:\/\/e-polish.eu\/sklep\/wp-content\/uploads\/shop-items\/we015-platforma_spotkania_i_interakcji_z_twoimi_uczniami-300x425.png",300,425,true],"woocommerce_gallery_thumbnail":["https:\/\/e-polish.eu\/sklep\/wp-content\/uploads\/shop-items\/we015-platforma_spotkania_i_interakcji_z_twoimi_uczniami-100x100.png",100,100,true],"lws_wr_thumbnail":["https:\/\/e-polish.eu\/sklep\/wp-content\/uploads\/shop-items\/we015-platforma_spotkania_i_interakcji_z_twoimi_uczniami-68x96.png",68,96,true],"lws_wr_thumbnail_small":["https:\/\/e-polish.eu\/sklep\/wp-content\/uploads\/shop-items\/we015-platforma_spotkania_i_interakcji_z_twoimi_uczniami-30x42.png",30,42,true]},"uagb_author_info":{"display_name":"Marta Zawisza","author_link":"https:\/\/e-polish.eu\/sklep\/blog\/author\/"},"uagb_comment_info":0,"uagb_excerpt":"Prowadz\u0105cy: Magdalena GieniecMiejsce: (online)Date: 2025-11-13Time: 20:00\u201321:00 (CEST\/Europa\/Warszawa)","_links":{"self":[{"href":"https:\/\/e-polish.eu\/sklep\/wp-json\/wp\/v2\/product\/12157","targetHints":{"allow":["GET"]}}],"collection":[{"href":"https:\/\/e-polish.eu\/sklep\/wp-json\/wp\/v2\/product"}],"about":[{"href":"https:\/\/e-polish.eu\/sklep\/wp-json\/wp\/v2\/types\/product"}],"replies":[{"embeddable":true,"href":"https:\/\/e-polish.eu\/sklep\/wp-json\/wp\/v2\/comments?post=12157"}],"wp:featuredmedia":[{"embeddable":true,"href":"https:\/\/e-polish.eu\/sklep\/wp-json\/wp\/v2\/media\/12158"}],"wp:attachment":[{"href":"https:\/\/e-polish.eu\/sklep\/wp-json\/wp\/v2\/media?parent=12157"}],"wp:term":[{"taxonomy":"product_brand","embeddable":true,"href":"https:\/\/e-polish.eu\/sklep\/wp-json\/wp\/v2\/product_brand?post=12157"},{"taxonomy":"product_cat","embeddable":true,"href":"https:\/\/e-polish.eu\/sklep\/wp-json\/wp\/v2\/product_cat?post=12157"},{"taxonomy":"product_tag","embeddable":true,"href":"https:\/\/e-polish.eu\/sklep\/wp-json\/wp\/v2\/product_tag?post=12157"}],"curies":[{"name":"wp","href":"https:\/\/api.w.org\/{rel}","templated":true}]}}