{"id":12162,"date":"2025-09-09T13:18:09","date_gmt":"2025-09-09T11:18:09","guid":{"rendered":"https:\/\/e-polish.eu\/sklep\/product\/interaktywne-czy-drukowane-narzedzia-do-tworzenia-materialow-na-lekcje-jpjo-2\/"},"modified":"2025-11-07T12:05:27","modified_gmt":"2025-11-07T11:05:27","slug":"interaktywne-czy-drukowane-narzedzia-do-tworzenia-materialow-na-lekcje-jpjo-webinarium","status":"publish","type":"product","link":"https:\/\/e-polish.eu\/sklep\/szkolenia\/interaktywne-czy-drukowane-narzedzia-do-tworzenia-materialow-na-lekcje-jpjo-webinarium\/","title":{"rendered":"Interaktywne czy drukowane? &#8211; narz\u0119dzia do tworzenia materia\u0142\u00f3w na lekcje jpjo"},"content":{"rendered":"<h2>Opis webinarium<\/h2>\n<p>Platforma e-polish.eu to nie tylko bogata biblioteka gotowych materia\u0142\u00f3w do nauczania j\u0119zyka polskiego jako obcego, ale tak\u017ce zestaw intuicyjnych narz\u0119dzi, kt\u00f3re pozwalaj\u0105 tworzy\u0107 w\u0142asne \u0107wiczenia, testy, fiszki i materia\u0142y do druku \u2013 szybko i bez wysi\u0142ku. Dzi\u0119ki nim przygotujesz lekcje idealnie dopasowane do poziomu i potrzeb Twoich uczni\u00f3w \u2013 niezale\u017cnie od tego, czy uczysz online, czy stacjonarnie.<\/p>\n<p>Podczas webinarium zaprezentujemy narz\u0119dzia do tworzenia:<\/p>\n<ul>\n<li>w\u0142asnych \u0107wicze\u0144 (np. tekst z lukami, porz\u0105dkowanie zda\u0144, krzy\u017c\u00f3wka itd.),<\/li>\n<li>test\u00f3w,<\/li>\n<li>zestaw\u00f3w fiszek,<\/li>\n<li>webizz\u00f3w,<\/li>\n<\/ul>\n<p>a tak\u017ce wyja\u015bnimy:<\/p>\n<ul>\n<li>jak zarz\u0105dza\u0107 swoimi materia\u0142ami,<\/li>\n<li>jak dzieli\u0107 si\u0119 swoimi zasobami z innymi nauczycielami i udost\u0119pnia\u0107 je znajomym na platformie.<\/li>\n<\/ul>\n<p><strong>Do\u0142\u0105cz do nas, a zobaczysz, \u017ce tworzenie w\u0142asnych \u0107wicze\u0144 i test\u00f3w na lekcj\u0119 polskiego dla obcokrajowc\u00f3w to kwestia dos\u0142ownie kilku klikni\u0119\u0107!<\/strong><\/p>\n<p>Na webinarium zapraszamy zar\u00f3wno nauczycieli, kt\u00f3rzy znaj\u0105 i korzystaj\u0105 z e-polish.eu jak te\u017c tych, kt\u00f3rzy dopiero chc\u0105 pozna\u0107 to narz\u0119dzie.<\/p>\n<p>Czas trwania: 60 minut.<\/p>\n<p>Uczestnicy webinarium otrzymuj\u0105:<\/p>\n<ul>\n<li>dyplom uczestnictwa,<\/li>\n<li>dost\u0119p do nagrania z webinarium.<\/li>\n<\/ul>\n<p>Webinarium prowadzi Magdalena Gieniec.<\/p>\n","protected":false},"excerpt":{"rendered":"<p><strong>Prowadz\u0105cy:<\/strong> Magdalena Gieniec<br \/>\n<strong>Miejsce:<\/strong> (online)<br \/>\n<strong>Data:<\/strong> 2025-11-06<br \/>\n<strong>Godzina:<\/strong> 20:00\u201321:00 (CEST\/Europa\/Warszawa)<\/p>\n","protected":false},"featured_media":12156,"comment_status":"open","ping_status":"closed","template":"","meta":{"_uag_custom_page_level_css":"","site-sidebar-layout":"default","site-content-layout":"","ast-site-content-layout":"default","site-content-style":"default","site-sidebar-style":"default","ast-global-header-display":"","ast-banner-title-visibility":"","ast-main-header-display":"","ast-hfb-above-header-display":"","ast-hfb-below-header-display":"","ast-hfb-mobile-header-display":"","site-post-title":"","ast-breadcrumbs-content":"","ast-featured-img":"","footer-sml-layout":"","ast-disable-related-posts":"","theme-transparent-header-meta":"default","adv-header-id-meta":"","stick-header-meta":"default","header-above-stick-meta":"","header-main-stick-meta":"","header-below-stick-meta":"","astra-migrate-meta-layouts":"set","ast-page-background-enabled":"default","ast-page-background-meta":{"desktop":{"background-color":"","background-image":"","background-repeat":"repeat","background-position":"center center","background-size":"auto","background-attachment":"scroll","background-type":"","background-media":"","overlay-type":"","overlay-color":"","overlay-opacity":"","overlay-gradient":""},"tablet":{"background-color":"","background-image":"","background-repeat":"repeat","background-position":"center center","background-size":"auto","background-attachment":"scroll","background-type":"","background-media":"","overlay-type":"","overlay-color":"","overlay-opacity":"","overlay-gradient":""},"mobile":{"background-color":"","background-image":"","background-repeat":"repeat","background-position":"center center","background-size":"auto","background-attachment":"scroll","background-type":"","background-media":"","overlay-type":"","overlay-color":"","overlay-opacity":"","overlay-gradient":""}},"ast-content-background-meta":{"desktop":{"background-color":"var(--ast-global-color-5)","background-image":"","background-repeat":"repeat","background-position":"center center","background-size":"auto","background-attachment":"scroll","background-type":"","background-media":"","overlay-type":"","overlay-color":"","overlay-opacity":"","overlay-gradient":""},"tablet":{"background-color":"var(--ast-global-color-5)","background-image":"","background-repeat":"repeat","background-position":"center center","background-size":"auto","background-attachment":"scroll","background-type":"","background-media":"","overlay-type":"","overlay-color":"","overlay-opacity":"","overlay-gradient":""},"mobile":{"background-color":"var(--ast-global-color-5)","background-image":"","background-repeat":"repeat","background-position":"center center","background-size":"auto","background-attachment":"scroll","background-type":"","background-media":"","overlay-type":"","overlay-color":"","overlay-opacity":"","overlay-gradient":""}}},"product_brand":[],"product_cat":[1705,19],"product_tag":[],"class_list":{"0":"post-12162","1":"product","2":"type-product","3":"status-publish","4":"has-post-thumbnail","6":"product_cat-szkolenia","7":"product_cat-wszystkie-produkty","8":"desktop-align-center","9":"tablet-align-left","10":"mobile-align-left","11":"ast-product-gallery-layout-horizontal-slider","12":"ast-product-gallery-with-no-image","13":"ast-product-tabs-layout-horizontal","15":"first","16":"outofstock","17":"virtual","18":"sold-individually","19":"taxable","20":"purchasable","21":"product-type-simple"},"aioseo_notices":[],"uagb_featured_image_src":{"full":["https:\/\/e-polish.eu\/sklep\/wp-content\/uploads\/shop-items\/we014-interaktywne_czy_drukowane_-_narzedzia_do_tworzenia_materialow_na_lekcje_jpjo.png",450,638,false],"thumbnail":["https:\/\/e-polish.eu\/sklep\/wp-content\/uploads\/shop-items\/we014-interaktywne_czy_drukowane_-_narzedzia_do_tworzenia_materialow_na_lekcje_jpjo-150x150.png",150,150,true],"medium":["https:\/\/e-polish.eu\/sklep\/wp-content\/uploads\/shop-items\/we014-interaktywne_czy_drukowane_-_narzedzia_do_tworzenia_materialow_na_lekcje_jpjo-212x300.png",212,300,true],"medium_large":["https:\/\/e-polish.eu\/sklep\/wp-content\/uploads\/shop-items\/we014-interaktywne_czy_drukowane_-_narzedzia_do_tworzenia_materialow_na_lekcje_jpjo.png",450,638,false],"large":["https:\/\/e-polish.eu\/sklep\/wp-content\/uploads\/shop-items\/we014-interaktywne_czy_drukowane_-_narzedzia_do_tworzenia_materialow_na_lekcje_jpjo.png",450,638,false],"1536x1536":["https:\/\/e-polish.eu\/sklep\/wp-content\/uploads\/shop-items\/we014-interaktywne_czy_drukowane_-_narzedzia_do_tworzenia_materialow_na_lekcje_jpjo.png",450,638,false],"2048x2048":["https:\/\/e-polish.eu\/sklep\/wp-content\/uploads\/shop-items\/we014-interaktywne_czy_drukowane_-_narzedzia_do_tworzenia_materialow_na_lekcje_jpjo.png",450,638,false],"page-small":["https:\/\/e-polish.eu\/sklep\/wp-content\/uploads\/shop-items\/we014-interaktywne_czy_drukowane_-_narzedzia_do_tworzenia_materialow_na_lekcje_jpjo-210x297.png",210,297,true],"woocommerce_thumbnail":["https:\/\/e-polish.eu\/sklep\/wp-content\/uploads\/shop-items\/we014-interaktywne_czy_drukowane_-_narzedzia_do_tworzenia_materialow_na_lekcje_jpjo-300x425.png",300,425,true],"woocommerce_single":["https:\/\/e-polish.eu\/sklep\/wp-content\/uploads\/shop-items\/we014-interaktywne_czy_drukowane_-_narzedzia_do_tworzenia_materialow_na_lekcje_jpjo-300x425.png",300,425,true],"woocommerce_gallery_thumbnail":["https:\/\/e-polish.eu\/sklep\/wp-content\/uploads\/shop-items\/we014-interaktywne_czy_drukowane_-_narzedzia_do_tworzenia_materialow_na_lekcje_jpjo-100x100.png",100,100,true],"lws_wr_thumbnail":["https:\/\/e-polish.eu\/sklep\/wp-content\/uploads\/shop-items\/we014-interaktywne_czy_drukowane_-_narzedzia_do_tworzenia_materialow_na_lekcje_jpjo-68x96.png",68,96,true],"lws_wr_thumbnail_small":["https:\/\/e-polish.eu\/sklep\/wp-content\/uploads\/shop-items\/we014-interaktywne_czy_drukowane_-_narzedzia_do_tworzenia_materialow_na_lekcje_jpjo-30x42.png",30,42,true]},"uagb_author_info":{"display_name":"Marta Zawisza","author_link":"https:\/\/e-polish.eu\/sklep\/blog\/author\/"},"uagb_comment_info":0,"uagb_excerpt":"Prowadz\u0105cy: Magdalena Gieniec Miejsce: (online) Data: 2025-11-06 Godzina: 20:00\u201321:00 (CEST\/Europa\/Warszawa)","_links":{"self":[{"href":"https:\/\/e-polish.eu\/sklep\/wp-json\/wp\/v2\/product\/12162","targetHints":{"allow":["GET"]}}],"collection":[{"href":"https:\/\/e-polish.eu\/sklep\/wp-json\/wp\/v2\/product"}],"about":[{"href":"https:\/\/e-polish.eu\/sklep\/wp-json\/wp\/v2\/types\/product"}],"replies":[{"embeddable":true,"href":"https:\/\/e-polish.eu\/sklep\/wp-json\/wp\/v2\/comments?post=12162"}],"wp:featuredmedia":[{"embeddable":true,"href":"https:\/\/e-polish.eu\/sklep\/wp-json\/wp\/v2\/media\/12156"}],"wp:attachment":[{"href":"https:\/\/e-polish.eu\/sklep\/wp-json\/wp\/v2\/media?parent=12162"}],"wp:term":[{"taxonomy":"product_brand","embeddable":true,"href":"https:\/\/e-polish.eu\/sklep\/wp-json\/wp\/v2\/product_brand?post=12162"},{"taxonomy":"product_cat","embeddable":true,"href":"https:\/\/e-polish.eu\/sklep\/wp-json\/wp\/v2\/product_cat?post=12162"},{"taxonomy":"product_tag","embeddable":true,"href":"https:\/\/e-polish.eu\/sklep\/wp-json\/wp\/v2\/product_tag?post=12162"}],"curies":[{"name":"wp","href":"https:\/\/api.w.org\/{rel}","templated":true}]}}