{"id":13045,"date":"2025-11-18T13:27:05","date_gmt":"2025-11-18T12:27:05","guid":{"rendered":"https:\/\/e-polish.eu\/sklep\/product\/pobudka-dynamiczne-gry-i-zabawy-z-gramatyka-na-poziomie-a1-2\/"},"modified":"2026-04-14T03:42:11","modified_gmt":"2026-04-14T01:42:11","slug":"pobudka-dynamiczne-gry-i-zabawy-z-gramatyka-na-poziomie-a1-2","status":"publish","type":"product","link":"https:\/\/e-polish.eu\/sklep\/szkolenia\/pobudka-dynamiczne-gry-i-zabawy-z-gramatyka-na-poziomie-a1-2\/","title":{"rendered":"Pobudka! Dynamiczne gry i zabawy z gramatyk\u0105 na poziomie A1"},"content":{"rendered":"<p>\u201cPoruszy\u0107, zmotywowa\u0107, pobudzi\u0107!\u201d &#8211; z pewno\u015bci\u0105 w g\u0142owach wi\u0119kszo\u015bci z nas przynajmniej raz pojawi\u0142a si\u0119 podobna my\u015bl, szczeg\u00f3lnie wtedy, kiedy lekcji gramatycznej brakowa\u0142o energii i polotu. Cz\u0119sto zastanawiamy si\u0119: jak zainspirowa\u0107 uczni\u00f3w? Jak wyci\u0105gn\u0105\u0107 ich z \u0142awek, a pracy z trudnym materia\u0142em doda\u0107 nieco koloru?<\/p>\n<p>Na webinarium zapoznamy si\u0119 z grami i zadaniami j\u0119zykowymi, kt\u00f3re zach\u0119c\u0105 naszych uczni\u00f3w do aktywno\u015bci (r\u00f3wnie\u017c fizycznej!), pobudz\u0105 kreatywno\u015b\u0107 i pozwol\u0105 wykorzysta\u0107 r\u00f3\u017cne zmys\u0142y do nauki j\u0119zyka. Si\u0119gniemy do podr\u0119cznika nauczyciela, kt\u00f3ry pomo\u017ce nam wzbudzi\u0107 emocje &#8211; tak niezb\u0119dne przy nauce j\u0119zyka polskiego.<\/p>\n","protected":false},"excerpt":{"rendered":"<p><strong>Prowadz\u0105cy:<\/strong> Paulina Kuc<br \/><strong>Miejsce:<\/strong> (online)<br \/><strong>Data:<\/strong> 2026-05-20<br \/><strong>Godzina:<\/strong> 20:00\u201321:00 (CEST\/Europa\/Warszawa)<\/p>\n","protected":false},"featured_media":13811,"comment_status":"open","ping_status":"closed","template":"","meta":{"_uag_custom_page_level_css":"","site-sidebar-layout":"default","site-content-layout":"","ast-site-content-layout":"default","site-content-style":"default","site-sidebar-style":"default","ast-global-header-display":"","ast-banner-title-visibility":"","ast-main-header-display":"","ast-hfb-above-header-display":"","ast-hfb-below-header-display":"","ast-hfb-mobile-header-display":"","site-post-title":"","ast-breadcrumbs-content":"","ast-featured-img":"","footer-sml-layout":"","ast-disable-related-posts":"","theme-transparent-header-meta":"default","adv-header-id-meta":"","stick-header-meta":"default","header-above-stick-meta":"","header-main-stick-meta":"","header-below-stick-meta":"","astra-migrate-meta-layouts":"set","ast-page-background-enabled":"default","ast-page-background-meta":{"desktop":{"background-color":"","background-image":"","background-repeat":"repeat","background-position":"center center","background-size":"auto","background-attachment":"scroll","background-type":"","background-media":"","overlay-type":"","overlay-color":"","overlay-opacity":"","overlay-gradient":""},"tablet":{"background-color":"","background-image":"","background-repeat":"repeat","background-position":"center center","background-size":"auto","background-attachment":"scroll","background-type":"","background-media":"","overlay-type":"","overlay-color":"","overlay-opacity":"","overlay-gradient":""},"mobile":{"background-color":"","background-image":"","background-repeat":"repeat","background-position":"center center","background-size":"auto","background-attachment":"scroll","background-type":"","background-media":"","overlay-type":"","overlay-color":"","overlay-opacity":"","overlay-gradient":""}},"ast-content-background-meta":{"desktop":{"background-color":"var(--ast-global-color-5)","background-image":"","background-repeat":"repeat","background-position":"center center","background-size":"auto","background-attachment":"scroll","background-type":"","background-media":"","overlay-type":"","overlay-color":"","overlay-opacity":"","overlay-gradient":""},"tablet":{"background-color":"var(--ast-global-color-5)","background-image":"","background-repeat":"repeat","background-position":"center center","background-size":"auto","background-attachment":"scroll","background-type":"","background-media":"","overlay-type":"","overlay-color":"","overlay-opacity":"","overlay-gradient":""},"mobile":{"background-color":"var(--ast-global-color-5)","background-image":"","background-repeat":"repeat","background-position":"center center","background-size":"auto","background-attachment":"scroll","background-type":"","background-media":"","overlay-type":"","overlay-color":"","overlay-opacity":"","overlay-gradient":""}}},"product_brand":[],"product_cat":[1705,19],"product_tag":[],"class_list":{"0":"post-13045","1":"product","2":"type-product","3":"status-publish","4":"has-post-thumbnail","6":"product_cat-szkolenia","7":"product_cat-wszystkie-produkty","8":"desktop-align-center","9":"tablet-align-left","10":"mobile-align-left","11":"ast-product-gallery-layout-horizontal-slider","12":"ast-product-gallery-with-no-image","13":"ast-product-tabs-layout-horizontal","15":"first","16":"instock","17":"virtual","18":"sold-individually","19":"taxable","20":"purchasable","21":"product-type-simple"},"aioseo_notices":[],"uagb_featured_image_src":{"full":["https:\/\/e-polish.eu\/sklep\/wp-content\/uploads\/shop-items\/wm004-pobudka_dynamiczne_gry_i_zabawy_z_gramatyka_na_poziomie_a1.png",413,584,false],"thumbnail":["https:\/\/e-polish.eu\/sklep\/wp-content\/uploads\/shop-items\/wm004-pobudka_dynamiczne_gry_i_zabawy_z_gramatyka_na_poziomie_a1-150x150.png",150,150,true],"medium":["https:\/\/e-polish.eu\/sklep\/wp-content\/uploads\/shop-items\/wm004-pobudka_dynamiczne_gry_i_zabawy_z_gramatyka_na_poziomie_a1-212x300.png",212,300,true],"medium_large":["https:\/\/e-polish.eu\/sklep\/wp-content\/uploads\/shop-items\/wm004-pobudka_dynamiczne_gry_i_zabawy_z_gramatyka_na_poziomie_a1.png",413,584,false],"large":["https:\/\/e-polish.eu\/sklep\/wp-content\/uploads\/shop-items\/wm004-pobudka_dynamiczne_gry_i_zabawy_z_gramatyka_na_poziomie_a1.png",413,584,false],"1536x1536":["https:\/\/e-polish.eu\/sklep\/wp-content\/uploads\/shop-items\/wm004-pobudka_dynamiczne_gry_i_zabawy_z_gramatyka_na_poziomie_a1.png",413,584,false],"2048x2048":["https:\/\/e-polish.eu\/sklep\/wp-content\/uploads\/shop-items\/wm004-pobudka_dynamiczne_gry_i_zabawy_z_gramatyka_na_poziomie_a1.png",413,584,false],"page-small":["https:\/\/e-polish.eu\/sklep\/wp-content\/uploads\/shop-items\/wm004-pobudka_dynamiczne_gry_i_zabawy_z_gramatyka_na_poziomie_a1-210x297.png",210,297,true],"woocommerce_thumbnail":["https:\/\/e-polish.eu\/sklep\/wp-content\/uploads\/shop-items\/wm004-pobudka_dynamiczne_gry_i_zabawy_z_gramatyka_na_poziomie_a1-300x424.png",300,424,true],"woocommerce_single":["https:\/\/e-polish.eu\/sklep\/wp-content\/uploads\/shop-items\/wm004-pobudka_dynamiczne_gry_i_zabawy_z_gramatyka_na_poziomie_a1-300x424.png",300,424,true],"woocommerce_gallery_thumbnail":["https:\/\/e-polish.eu\/sklep\/wp-content\/uploads\/shop-items\/wm004-pobudka_dynamiczne_gry_i_zabawy_z_gramatyka_na_poziomie_a1-100x100.png",100,100,true],"lws_wr_thumbnail":["https:\/\/e-polish.eu\/sklep\/wp-content\/uploads\/shop-items\/wm004-pobudka_dynamiczne_gry_i_zabawy_z_gramatyka_na_poziomie_a1-68x96.png",68,96,true],"lws_wr_thumbnail_small":["https:\/\/e-polish.eu\/sklep\/wp-content\/uploads\/shop-items\/wm004-pobudka_dynamiczne_gry_i_zabawy_z_gramatyka_na_poziomie_a1-30x42.png",30,42,true]},"uagb_author_info":{"display_name":"Marta Zawisza","author_link":"https:\/\/e-polish.eu\/sklep\/blog\/author\/"},"uagb_comment_info":0,"uagb_excerpt":"Prowadz\u0105cy: Paulina KucMiejsce: (online)Data: 2026-05-20Godzina: 20:00\u201321:00 (CEST\/Europa\/Warszawa)","_links":{"self":[{"href":"https:\/\/e-polish.eu\/sklep\/wp-json\/wp\/v2\/product\/13045","targetHints":{"allow":["GET"]}}],"collection":[{"href":"https:\/\/e-polish.eu\/sklep\/wp-json\/wp\/v2\/product"}],"about":[{"href":"https:\/\/e-polish.eu\/sklep\/wp-json\/wp\/v2\/types\/product"}],"replies":[{"embeddable":true,"href":"https:\/\/e-polish.eu\/sklep\/wp-json\/wp\/v2\/comments?post=13045"}],"wp:featuredmedia":[{"embeddable":true,"href":"https:\/\/e-polish.eu\/sklep\/wp-json\/wp\/v2\/media\/13811"}],"wp:attachment":[{"href":"https:\/\/e-polish.eu\/sklep\/wp-json\/wp\/v2\/media?parent=13045"}],"wp:term":[{"taxonomy":"product_brand","embeddable":true,"href":"https:\/\/e-polish.eu\/sklep\/wp-json\/wp\/v2\/product_brand?post=13045"},{"taxonomy":"product_cat","embeddable":true,"href":"https:\/\/e-polish.eu\/sklep\/wp-json\/wp\/v2\/product_cat?post=13045"},{"taxonomy":"product_tag","embeddable":true,"href":"https:\/\/e-polish.eu\/sklep\/wp-json\/wp\/v2\/product_tag?post=13045"}],"curies":[{"name":"wp","href":"https:\/\/api.w.org\/{rel}","templated":true}]}}