{"id":2565,"date":"2024-04-03T16:29:24","date_gmt":"2024-04-03T14:29:24","guid":{"rendered":"https:\/\/e-polish.eu\/sklep\/product\/podrecznik-nauczyciela-2\/"},"modified":"2026-04-07T03:42:10","modified_gmt":"2026-04-07T01:42:10","slug":"polski-krok-po-kroku-podrecznik-nauczyciela-czesc-2","status":"publish","type":"product","link":"https:\/\/e-polish.eu\/sklep\/ksiazki\/polski-krok-po-kroku-podrecznik-nauczyciela-czesc-2\/","title":{"rendered":"Podr\u0119cznik nauczyciela 2"},"content":{"rendered":"<p><span class=\"fontstyle0\">Podr\u0119cznik nauczyciela do pozycji \u201ePOLSKI krok po kroku 2\u201d to obszerny poradnik metodyczny pokazuj\u0105cy jak uczy\u0107 w spos\u00f3b efektywny i motywuj\u0105cy, dodatkowo wzbogacony o praktyczne zestawy gier i zada\u0144 j\u0119zykowych, liczne propozycje skutecznych rozgrzewek i r\u00f3\u017cnorodnych dzia\u0142a\u0144 aktywizuj\u0105cych. Ksi\u0105\u017cka ta jest por\u0119cznym narz\u0119dziem, kt\u00f3re u\u0142atwi przygotowywanie zaj\u0119\u0107, umo\u017cliwi elastyczne reagowanie na potrzeby student\u00f3w oraz zapewni nauczycielowi komfort pracy.<\/span><\/p>\n<p>Podr\u0119cznik nauczyciela do pozycji \u201ePOLSKI krok po kroku 2\u201d zosta\u0142 opracowany z my\u015bl\u0105 o lektorach, kt\u00f3rzy pragn\u0105 naucza\u0107 w spos\u00f3b skuteczny, tw\u00f3rczy i anga\u017cuj\u0105cy studenta. Stanowi on nie tylko por\u0119czne narz\u0119dzie na zaj\u0119ciach, lecz przede wszystkim ma by\u0107 \u017ar\u00f3d\u0142em inspiracji i gotowych pomys\u0142\u00f3w. Szczeg\u00f3\u0142owe wskaz\u00f3wki metodyczne zawieraj\u0105 odpowiedzi na najcz\u0119\u015bciej stawiane przez nauczycieli pytania:<\/p>\n<ul>\n<li>jak krok po kroku wprowadza\u0107 i trenowa\u0107 kolejne zagadnienia gramatyczne?<\/li>\n<li>jak dostosowa\u0107 materia\u0142y z podr\u0119cznika do indywidualnych potrzeb ka\u017cdego studenta?<\/li>\n<li>jak pracowa\u0107 w grupach du\u017cych i zr\u00f3\u017cnicowanych pod wzgl\u0119dem poziomu?<\/li>\n<li>jak motywowa\u0107 kursant\u00f3w do m\u00f3wienia tylko po polsku?<\/li>\n<li>jak uczy\u0107, by zach\u0119ca\u0107, a nie nu\u017cy\u0107?<\/li>\n<\/ul>\n<h3>Podr\u0119cznik nauczyciela zawiera:<\/h3>\n<ul>\n<li>komentarz metodyczny do wszystkich dialog\u00f3w, tekst\u00f3w, \u0107wicze\u0144 i tabel<\/li>\n<li>ponad 70 zupe\u0142nie nowych gier komunikacyjnych, s\u0142u\u017c\u0105cych \u201erozgadaniu\u201d oraz automatyzacji gramatyki i s\u0142ownictwa<\/li>\n<li>ponad 150 opis\u00f3w dodatkowych dzia\u0142a\u0144 aktywizuj\u0105cych uczni\u00f3w, cz\u0119sto nie wymagaj\u0105cych kserowania<\/li>\n<li>zestawy zada\u0144 pisemnych do ka\u017cdej lekcji<\/li>\n<li>odsy\u0142acze do najbardziej przydatnych \u0107wicze\u0144 z portalu e-polish.eu<\/li>\n<li>odsy\u0142acze do dodatkowych tekst\u00f3w, dialog\u00f3w i nagra\u0144 z portalu e-polish.eu<\/li>\n<li>5 test\u00f3w ewaluacyjnych wraz z transkryptami nagra\u0144 (<a href=\"https:\/\/e-polish.eu\/lektor\/#biblioteka\/do-pobrania\/podrecznik_nauczyciela_2\">do pobrania na e-polish.eu<\/a>)<\/li>\n<li>transkrypty nagra\u0144 z podr\u0119cznika (<a href=\"https:\/\/e-polish.eu\/lektor\/#biblioteka\/do-pobrania\/podrecznik_nauczyciela_2\">do pobrania na e-polish.eu<\/a>)<\/li>\n<li>klucze odpowiedzi do wszystkich \u0107wicze\u0144 z podr\u0119cznika<\/li>\n<\/ul>\n<p>ISBN 978-83-941178-9-4 | Joanna Stanek | Iwona Stempek<\/p>\n<blockquote><p><strong>Obszerne kompendium wiedzy, jak skutecznie i atrakcyjnie naucza\u0107 polskiego!<\/strong><\/p><\/blockquote>\n","protected":false},"excerpt":{"rendered":"<p><span class=\"fontstyle0\">Podr\u0119cznik nauczyciela do pozycji \u201ePOLSKI krok po kroku 2\u201d to obszerny poradnik metodyczny pokazuj\u0105cy jak uczy\u0107 w spos\u00f3b efektywny i motywuj\u0105cy, dodatkowo wzbogacony o praktyczne zestawy gier i zada\u0144 j\u0119zykowych, liczne propozycje skutecznych rozgrzewek i r\u00f3\u017cnorodnych dzia\u0142a\u0144 aktywizuj\u0105cych. Ksi\u0105\u017cka ta jest por\u0119cznym narz\u0119dziem, kt\u00f3re u\u0142atwi przygotowywanie zaj\u0119\u0107, umo\u017cliwi elastyczne reagowanie na potrzeby student\u00f3w oraz zapewni nauczycielowi komfort pracy.<\/span><\/p>\n<p><a href=\"https:\/\/e-polish.eu\/sklep\/seria-podrecznikow-do-jezyka-polskiego-dla-doroslych-polski-krok-po-kroku\/\"><img loading=\"lazy\" decoding=\"async\" class=\"alignnone size-full wp-image-3934\" src=\"https:\/\/e-polish.eu\/sklep\/wp-content\/uploads\/2024\/04\/logo_pkpk.png\" alt=\"\" width=\"200\" height=\"73\" \/><\/a><\/p>\n","protected":false},"featured_media":4941,"comment_status":"open","ping_status":"closed","template":"","meta":{"_uag_custom_page_level_css":"","site-sidebar-layout":"default","site-content-layout":"","ast-site-content-layout":"default","site-content-style":"default","site-sidebar-style":"default","ast-global-header-display":"","ast-banner-title-visibility":"","ast-main-header-display":"","ast-hfb-above-header-display":"","ast-hfb-below-header-display":"","ast-hfb-mobile-header-display":"","site-post-title":"","ast-breadcrumbs-content":"","ast-featured-img":"","footer-sml-layout":"","ast-disable-related-posts":"","theme-transparent-header-meta":"default","adv-header-id-meta":"","stick-header-meta":"default","header-above-stick-meta":"","header-main-stick-meta":"","header-below-stick-meta":"","astra-migrate-meta-layouts":"set","ast-page-background-enabled":"default","ast-page-background-meta":{"desktop":{"background-color":"","background-image":"","background-repeat":"repeat","background-position":"center center","background-size":"auto","background-attachment":"scroll","background-type":"","background-media":"","overlay-type":"","overlay-color":"","overlay-opacity":"","overlay-gradient":""},"tablet":{"background-color":"","background-image":"","background-repeat":"repeat","background-position":"center center","background-size":"auto","background-attachment":"scroll","background-type":"","background-media":"","overlay-type":"","overlay-color":"","overlay-opacity":"","overlay-gradient":""},"mobile":{"background-color":"","background-image":"","background-repeat":"repeat","background-position":"center center","background-size":"auto","background-attachment":"scroll","background-type":"","background-media":"","overlay-type":"","overlay-color":"","overlay-opacity":"","overlay-gradient":""}},"ast-content-background-meta":{"desktop":{"background-color":"var(--ast-global-color-5)","background-image":"","background-repeat":"repeat","background-position":"center center","background-size":"auto","background-attachment":"scroll","background-type":"","background-media":"","overlay-type":"","overlay-color":"","overlay-opacity":"","overlay-gradient":""},"tablet":{"background-color":"var(--ast-global-color-5)","background-image":"","background-repeat":"repeat","background-position":"center center","background-size":"auto","background-attachment":"scroll","background-type":"","background-media":"","overlay-type":"","overlay-color":"","overlay-opacity":"","overlay-gradient":""},"mobile":{"background-color":"var(--ast-global-color-5)","background-image":"","background-repeat":"repeat","background-position":"center center","background-size":"auto","background-attachment":"scroll","background-type":"","background-media":"","overlay-type":"","overlay-color":"","overlay-opacity":"","overlay-gradient":""}}},"product_brand":[],"product_cat":[69,1633,19],"product_tag":[],"class_list":{"0":"post-2565","1":"product","2":"type-product","3":"status-publish","4":"has-post-thumbnail","6":"product_cat-ksiazki","7":"product_cat-polski-krok-po-kroku","8":"product_cat-wszystkie-produkty","9":"product_series-polski-krok-po-kroku","10":"desktop-align-center","11":"tablet-align-left","12":"mobile-align-left","13":"ast-product-gallery-layout-horizontal-slider","14":"ast-product-tabs-layout-horizontal","16":"first","17":"instock","18":"taxable","19":"shipping-taxable","20":"purchasable","21":"product-type-simple"},"aioseo_notices":[],"uagb_featured_image_src":{"full":["https:\/\/e-polish.eu\/sklep\/wp-content\/uploads\/shop-items\/0-podrecznik_nauczyciela_2",1000,1416,false],"thumbnail":["https:\/\/e-polish.eu\/sklep\/wp-content\/uploads\/shop-items\/0-podrecznik_nauczyciela_2-150x150.",150,150,true],"medium":["https:\/\/e-polish.eu\/sklep\/wp-content\/uploads\/shop-items\/0-podrecznik_nauczyciela_2-212x300.",212,300,true],"medium_large":["https:\/\/e-polish.eu\/sklep\/wp-content\/uploads\/shop-items\/0-podrecznik_nauczyciela_2-768x1087.",768,1087,true],"large":["https:\/\/e-polish.eu\/sklep\/wp-content\/uploads\/shop-items\/0-podrecznik_nauczyciela_2-723x1024.",723,1024,true],"1536x1536":["https:\/\/e-polish.eu\/sklep\/wp-content\/uploads\/shop-items\/0-podrecznik_nauczyciela_2",1000,1416,false],"2048x2048":["https:\/\/e-polish.eu\/sklep\/wp-content\/uploads\/shop-items\/0-podrecznik_nauczyciela_2",1000,1416,false],"page-small":["https:\/\/e-polish.eu\/sklep\/wp-content\/uploads\/shop-items\/0-podrecznik_nauczyciela_2-210x297.",210,297,true],"woocommerce_thumbnail":["https:\/\/e-polish.eu\/sklep\/wp-content\/uploads\/shop-items\/0-podrecznik_nauczyciela_2-300x425.",300,425,true],"woocommerce_single":["https:\/\/e-polish.eu\/sklep\/wp-content\/uploads\/shop-items\/0-podrecznik_nauczyciela_2-300x425.",300,425,true],"woocommerce_gallery_thumbnail":["https:\/\/e-polish.eu\/sklep\/wp-content\/uploads\/shop-items\/0-podrecznik_nauczyciela_2-100x100.",100,100,true],"lws_wr_thumbnail":["https:\/\/e-polish.eu\/sklep\/wp-content\/uploads\/shop-items\/0-podrecznik_nauczyciela_2",68,96,false],"lws_wr_thumbnail_small":["https:\/\/e-polish.eu\/sklep\/wp-content\/uploads\/shop-items\/0-podrecznik_nauczyciela_2",30,42,false]},"uagb_author_info":{"display_name":"artur","author_link":"https:\/\/e-polish.eu\/sklep\/blog\/author\/"},"uagb_comment_info":2,"uagb_excerpt":"Podr\u0119cznik nauczyciela do pozycji \u201ePOLSKI krok po kroku 2\u201d to obszerny poradnik metodyczny pokazuj\u0105cy jak uczy\u0107 w spos\u00f3b efektywny i motywuj\u0105cy, dodatkowo wzbogacony o praktyczne zestawy gier i zada\u0144 j\u0119zykowych, liczne propozycje skutecznych rozgrzewek i r\u00f3\u017cnorodnych dzia\u0142a\u0144 aktywizuj\u0105cych. Ksi\u0105\u017cka ta jest por\u0119cznym narz\u0119dziem, kt\u00f3re u\u0142atwi przygotowywanie zaj\u0119\u0107, umo\u017cliwi elastyczne reagowanie na potrzeby student\u00f3w oraz zapewni&hellip;","_links":{"self":[{"href":"https:\/\/e-polish.eu\/sklep\/wp-json\/wp\/v2\/product\/2565","targetHints":{"allow":["GET"]}}],"collection":[{"href":"https:\/\/e-polish.eu\/sklep\/wp-json\/wp\/v2\/product"}],"about":[{"href":"https:\/\/e-polish.eu\/sklep\/wp-json\/wp\/v2\/types\/product"}],"replies":[{"embeddable":true,"href":"https:\/\/e-polish.eu\/sklep\/wp-json\/wp\/v2\/comments?post=2565"}],"wp:featuredmedia":[{"embeddable":true,"href":"https:\/\/e-polish.eu\/sklep\/wp-json\/wp\/v2\/media\/4941"}],"wp:attachment":[{"href":"https:\/\/e-polish.eu\/sklep\/wp-json\/wp\/v2\/media?parent=2565"}],"wp:term":[{"taxonomy":"product_brand","embeddable":true,"href":"https:\/\/e-polish.eu\/sklep\/wp-json\/wp\/v2\/product_brand?post=2565"},{"taxonomy":"product_cat","embeddable":true,"href":"https:\/\/e-polish.eu\/sklep\/wp-json\/wp\/v2\/product_cat?post=2565"},{"taxonomy":"product_tag","embeddable":true,"href":"https:\/\/e-polish.eu\/sklep\/wp-json\/wp\/v2\/product_tag?post=2565"}],"curies":[{"name":"wp","href":"https:\/\/api.w.org\/{rel}","templated":true}]}}