{"id":26,"date":"2024-02-06T12:26:42","date_gmt":"2024-02-06T12:26:42","guid":{"rendered":"https:\/\/e-polish.eu\/sklep?post_type=product&#038;p=26"},"modified":"2026-04-07T03:42:10","modified_gmt":"2026-04-07T01:42:10","slug":"gry-i-zabawy-jezykowe-czesc-2","status":"publish","type":"product","link":"https:\/\/e-polish.eu\/sklep\/ksiazki\/gry-i-zabawy-jezykowe-czesc-2\/","title":{"rendered":"Gry i zabawy j\u0119zykowe 2"},"content":{"rendered":"<p><span class=\"fontstyle0\">Zestaw 61 gier, kt\u00f3re pozwalaj\u0105 zaktywizowa\u0107 uczni\u00f3w, u\u0142atwiaj\u0105 \u0107wiczenie nowych struktur gramatycznych, pomagaj\u0105 utrwali\u0107 poznane s\u0142ownictwo, w naturalny spos\u00f3b inspiruj\u0105 do m\u00f3wienia. <\/span><\/p>\n<p><span class=\"fontstyle0\">Gry planszowe, quizy, puzzle, domino, obrazki, karty dialogowe, labirynty s\u0142owne to tylko niekt\u00f3re spo\u015br\u00f3d propozycji do wykorzystania na lekcjach. Wiele z nich sprawdza si\u0119 \u015bwietnie zar\u00f3wno przy wprowadzaniu nowego materia\u0142u, jak i przy utrwalaniu leksyki i gramatyki. Atutem tej publikacji s\u0105 elementy wiedzy o Polsce \u2013 jej historii, sztuce, tradycjach \u2013 umiej\u0119tnie wplecione w quizy. Mimo \u017ce \u201eGry i zabawy j\u0119zykowe\u201d powsta\u0142y z my\u015bl\u0105 o nauce z podr\u0119cznikiem \u201ePOLSKI krok po kroku 2\u201d, z powodzeniem mo\u017cna je stosowa\u0107 pracuj\u0105c z innymi podr\u0119cznikami. Atrakcyjna szata graficzna gier uprzyjemnia nauk\u0119, a nieod\u0142\u0105czny \u015bmiech i dobra zabawa towarzysz\u0105ce pracy z nimi, pozwalaj\u0105 w mi\u0142ej atmosferze doskonali\u0107 znajomo\u015b\u0107 j\u0119zyka.<\/span><\/p>\n<p><span style=\"font-size: 16px;\">Jako bonus lektor na platformie e-polish.eu otrzymuje dodatkowych 30 gier online, kt\u00f3re nie s\u0105 prezentowane w wersji papierowej.<\/span><\/p>\n<p>ISBN 978-83-953460-0-2 | Iwona Stempek<\/p>\n<blockquote><p><strong><i>\u015amiech i dobra zabawa to nieod\u0142\u0105czny element pracy z t\u0105 pozycj\u0105<\/i><\/strong><\/p><\/blockquote>\n","protected":false},"excerpt":{"rendered":"<p><span class=\"fontstyle0\">Zestaw 61 gier (poziom A2-B1), kt\u00f3re pozwalaj\u0105 zaktywizowa\u0107 uczni\u00f3w, u\u0142atwiaj\u0105 \u0107wiczenie nowych struktur gramatycznych, pomagaj\u0105 utrwali\u0107 poznane s\u0142ownictwo, w naturalny spos\u00f3b inspiruj\u0105 do m\u00f3wienia. \u201eGry i zabawy j\u0119zykowe 2\u201d powsta\u0142y z my\u015bl\u0105 o nauce z podr\u0119cznikiem \u201ePOLSKI krok po kroku 2\u201d, lecz z powodzeniem mo\u017cna je stosowa\u0107 pracuj\u0105c z innymi podr\u0119cznikami. Atrakcyjna szata graficzna gier uprzyjemnia nauk\u0119, a nieod\u0142\u0105czny \u015bmiech i dobra zabawa towarzysz\u0105ce pracy z nimi, pozwalaj\u0105 w mi\u0142ej atmosferze doskonali\u0107 znajomo\u015b\u0107 j\u0119zyka.<\/span><\/p>\n<p><a href=\"https:\/\/e-polish.eu\/sklep\/seria-podrecznikow-do-jezyka-polskiego-dla-doroslych-polski-krok-po-kroku\/\"><img loading=\"lazy\" decoding=\"async\" class=\"alignnone size-full wp-image-3934\" src=\"https:\/\/e-polish.eu\/sklep\/wp-content\/uploads\/2024\/04\/logo_pkpk.png\" alt=\"\" width=\"200\" height=\"73\" \/><\/a><\/p>\n","protected":false},"featured_media":3695,"comment_status":"open","ping_status":"closed","template":"","meta":{"_uag_custom_page_level_css":"","site-sidebar-layout":"default","site-content-layout":"","ast-site-content-layout":"default","site-content-style":"default","site-sidebar-style":"default","ast-global-header-display":"","ast-banner-title-visibility":"","ast-main-header-display":"","ast-hfb-above-header-display":"","ast-hfb-below-header-display":"","ast-hfb-mobile-header-display":"","site-post-title":"","ast-breadcrumbs-content":"","ast-featured-img":"","footer-sml-layout":"","ast-disable-related-posts":"","theme-transparent-header-meta":"default","adv-header-id-meta":"","stick-header-meta":"default","header-above-stick-meta":"","header-main-stick-meta":"","header-below-stick-meta":"","astra-migrate-meta-layouts":"set","ast-page-background-enabled":"default","ast-page-background-meta":{"desktop":{"background-color":"","background-image":"","background-repeat":"repeat","background-position":"center center","background-size":"auto","background-attachment":"scroll","background-type":"","background-media":"","overlay-type":"","overlay-color":"","overlay-opacity":"","overlay-gradient":""},"tablet":{"background-color":"","background-image":"","background-repeat":"repeat","background-position":"center center","background-size":"auto","background-attachment":"scroll","background-type":"","background-media":"","overlay-type":"","overlay-color":"","overlay-opacity":"","overlay-gradient":""},"mobile":{"background-color":"","background-image":"","background-repeat":"repeat","background-position":"center center","background-size":"auto","background-attachment":"scroll","background-type":"","background-media":"","overlay-type":"","overlay-color":"","overlay-opacity":"","overlay-gradient":""}},"ast-content-background-meta":{"desktop":{"background-color":"var(--ast-global-color-5)","background-image":"","background-repeat":"repeat","background-position":"center center","background-size":"auto","background-attachment":"scroll","background-type":"","background-media":"","overlay-type":"","overlay-color":"","overlay-opacity":"","overlay-gradient":""},"tablet":{"background-color":"var(--ast-global-color-5)","background-image":"","background-repeat":"repeat","background-position":"center center","background-size":"auto","background-attachment":"scroll","background-type":"","background-media":"","overlay-type":"","overlay-color":"","overlay-opacity":"","overlay-gradient":""},"mobile":{"background-color":"var(--ast-global-color-5)","background-image":"","background-repeat":"repeat","background-position":"center center","background-size":"auto","background-attachment":"scroll","background-type":"","background-media":"","overlay-type":"","overlay-color":"","overlay-opacity":"","overlay-gradient":""}}},"product_brand":[],"product_cat":[69,1633,19],"product_tag":[],"class_list":{"0":"post-26","1":"product","2":"type-product","3":"status-publish","4":"has-post-thumbnail","6":"product_cat-ksiazki","7":"product_cat-polski-krok-po-kroku","8":"product_cat-wszystkie-produkty","9":"product_series-polski-krok-po-kroku","10":"desktop-align-center","11":"tablet-align-left","12":"mobile-align-left","13":"ast-product-gallery-layout-horizontal-slider","14":"ast-product-tabs-layout-horizontal","16":"first","17":"instock","18":"taxable","19":"shipping-taxable","20":"purchasable","21":"product-type-simple"},"aioseo_notices":[],"uagb_featured_image_src":{"full":["https:\/\/e-polish.eu\/sklep\/wp-content\/uploads\/shop-items\/0-gry_i_zabawy_jezykowe_2",1200,1713,false],"thumbnail":["https:\/\/e-polish.eu\/sklep\/wp-content\/uploads\/shop-items\/0-gry_i_zabawy_jezykowe_2-150x150.",150,150,true],"medium":["https:\/\/e-polish.eu\/sklep\/wp-content\/uploads\/shop-items\/0-gry_i_zabawy_jezykowe_2-210x300.",210,300,true],"medium_large":["https:\/\/e-polish.eu\/sklep\/wp-content\/uploads\/shop-items\/0-gry_i_zabawy_jezykowe_2-768x1096.",768,1096,true],"large":["https:\/\/e-polish.eu\/sklep\/wp-content\/uploads\/shop-items\/0-gry_i_zabawy_jezykowe_2-717x1024.",717,1024,true],"1536x1536":["https:\/\/e-polish.eu\/sklep\/wp-content\/uploads\/shop-items\/0-gry_i_zabawy_jezykowe_2-1076x1536.",1076,1536,true],"2048x2048":["https:\/\/e-polish.eu\/sklep\/wp-content\/uploads\/shop-items\/0-gry_i_zabawy_jezykowe_2",1200,1713,false],"page-small":["https:\/\/e-polish.eu\/sklep\/wp-content\/uploads\/shop-items\/0-gry_i_zabawy_jezykowe_2-210x297.",210,297,true],"woocommerce_thumbnail":["https:\/\/e-polish.eu\/sklep\/wp-content\/uploads\/shop-items\/0-gry_i_zabawy_jezykowe_2-300x428.",300,428,true],"woocommerce_single":["https:\/\/e-polish.eu\/sklep\/wp-content\/uploads\/shop-items\/0-gry_i_zabawy_jezykowe_2-300x428.",300,428,true],"woocommerce_gallery_thumbnail":["https:\/\/e-polish.eu\/sklep\/wp-content\/uploads\/shop-items\/0-gry_i_zabawy_jezykowe_2-100x100.",100,100,true],"lws_wr_thumbnail":["https:\/\/e-polish.eu\/sklep\/wp-content\/uploads\/shop-items\/0-gry_i_zabawy_jezykowe_2",67,96,false],"lws_wr_thumbnail_small":["https:\/\/e-polish.eu\/sklep\/wp-content\/uploads\/shop-items\/0-gry_i_zabawy_jezykowe_2",29,42,false]},"uagb_author_info":{"display_name":"artur","author_link":"https:\/\/e-polish.eu\/sklep\/blog\/author\/"},"uagb_comment_info":0,"uagb_excerpt":"Zestaw 61 gier (poziom A2-B1), kt\u00f3re pozwalaj\u0105 zaktywizowa\u0107 uczni\u00f3w, u\u0142atwiaj\u0105 \u0107wiczenie nowych struktur gramatycznych, pomagaj\u0105 utrwali\u0107 poznane s\u0142ownictwo, w naturalny spos\u00f3b inspiruj\u0105 do m\u00f3wienia. \u201eGry i zabawy j\u0119zykowe 2\u201d powsta\u0142y z my\u015bl\u0105 o nauce z podr\u0119cznikiem \u201ePOLSKI krok po kroku 2\u201d, lecz z powodzeniem mo\u017cna je stosowa\u0107 pracuj\u0105c z innymi podr\u0119cznikami. Atrakcyjna szata graficzna gier&hellip;","_links":{"self":[{"href":"https:\/\/e-polish.eu\/sklep\/wp-json\/wp\/v2\/product\/26","targetHints":{"allow":["GET"]}}],"collection":[{"href":"https:\/\/e-polish.eu\/sklep\/wp-json\/wp\/v2\/product"}],"about":[{"href":"https:\/\/e-polish.eu\/sklep\/wp-json\/wp\/v2\/types\/product"}],"replies":[{"embeddable":true,"href":"https:\/\/e-polish.eu\/sklep\/wp-json\/wp\/v2\/comments?post=26"}],"wp:featuredmedia":[{"embeddable":true,"href":"https:\/\/e-polish.eu\/sklep\/wp-json\/wp\/v2\/media\/3695"}],"wp:attachment":[{"href":"https:\/\/e-polish.eu\/sklep\/wp-json\/wp\/v2\/media?parent=26"}],"wp:term":[{"taxonomy":"product_brand","embeddable":true,"href":"https:\/\/e-polish.eu\/sklep\/wp-json\/wp\/v2\/product_brand?post=26"},{"taxonomy":"product_cat","embeddable":true,"href":"https:\/\/e-polish.eu\/sklep\/wp-json\/wp\/v2\/product_cat?post=26"},{"taxonomy":"product_tag","embeddable":true,"href":"https:\/\/e-polish.eu\/sklep\/wp-json\/wp\/v2\/product_tag?post=26"}],"curies":[{"name":"wp","href":"https:\/\/api.w.org\/{rel}","templated":true}]}}