{"id":4560,"date":"2024-06-25T10:47:05","date_gmt":"2024-06-25T08:47:05","guid":{"rendered":"https:\/\/e-polish.eu\/sklep\/product\/gry-i-zabawy-jezykowe-junior-2-2\/"},"modified":"2026-04-09T03:42:09","modified_gmt":"2026-04-09T01:42:09","slug":"gry-i-zabawy-jezykowe-junior-czesc-2","status":"publish","type":"product","link":"https:\/\/e-polish.eu\/sklep\/ksiazki\/gry-i-zabawy-jezykowe-junior-czesc-2\/","title":{"rendered":"Gry i zabawy j\u0119zykowe &#8211; junior 2"},"content":{"rendered":"<p>Zestaw 55 gier, kt\u00f3re pozwalaj\u0105 zaktywizowa\u0107 uczni\u00f3w, u\u0142atwiaj\u0105 \u0107wiczenie nowych struktur gramatycznych, pomagaj\u0105 utrwali\u0107 poznane s\u0142ownictwo, w naturalny spos\u00f3b inspiruj\u0105 do m\u00f3wienia.<\/p>\n<p>&#8221;Gry i zabawy j\u0119zykowe&#8221; to prosty spos\u00f3b na uatrakcyjnienie zaj\u0119\u0107 z seri\u0105 &#8221;POLSKI krok po kroku &#8211; junior&#8221;. Gry planszowe, puzzle, domino, kolorowe karteczki z obrazkami, karty dialogowe &#8211; to tylko niekt\u00f3re spo\u015br\u00f3d propozycji do wykorzystania na lekcjach. Wiele z nich sprawdza si\u0119 \u015bwietnie zar\u00f3wno przy wprowadzaniu nowego materia\u0142u, jak i przy powt\u00f3rkach. Atrakcyjna szata graficzna uprzyjemnia nauk\u0119, a nieod\u0142\u0105czny \u015bmiech i zabawa, kt\u00f3re towarzysz\u0105 pracy z t\u0105 pozycj\u0105, s\u0105 gwarantem udanej lekcji.<\/p>\n<p>ISBN 978-83-963171-6-2 | Paulina Kuc | Iwona Stempek<\/p>\n","protected":false},"excerpt":{"rendered":"<p>Zestaw 55 gier, kt\u00f3re pozwalaj\u0105 zaktywizowa\u0107 uczni\u00f3w, u\u0142atwiaj\u0105 \u0107wiczenie nowych struktur gramatycznych, pomagaj\u0105 utrwali\u0107 poznane s\u0142ownictwo, w naturalny spos\u00f3b inspiruj\u0105 do m\u00f3wienia.<\/p>\n<p><a href=\"https:\/\/e-polish.eu\/sklep\/seria-podrecznikow-do-jezyka-polskiego-dla-dzieci-i-mlodziezy-polski-krok-po-kroku-junior\/\"><img loading=\"lazy\" decoding=\"async\" class=\"alignnone size-full wp-image-3925\" src=\"https:\/\/e-polish.eu\/sklep\/wp-content\/uploads\/2024\/04\/logo-1000x700px-PwO-t-2.png\" alt=\"\" width=\"200\" height=\"73\" \/><\/a><\/p>\n","protected":false},"featured_media":4628,"comment_status":"open","ping_status":"closed","template":"","meta":{"_uag_custom_page_level_css":"","site-sidebar-layout":"default","site-content-layout":"","ast-site-content-layout":"default","site-content-style":"default","site-sidebar-style":"default","ast-global-header-display":"","ast-banner-title-visibility":"","ast-main-header-display":"","ast-hfb-above-header-display":"","ast-hfb-below-header-display":"","ast-hfb-mobile-header-display":"","site-post-title":"","ast-breadcrumbs-content":"","ast-featured-img":"","footer-sml-layout":"","ast-disable-related-posts":"","theme-transparent-header-meta":"default","adv-header-id-meta":"","stick-header-meta":"default","header-above-stick-meta":"","header-main-stick-meta":"","header-below-stick-meta":"","astra-migrate-meta-layouts":"set","ast-page-background-enabled":"default","ast-page-background-meta":{"desktop":{"background-color":"","background-image":"","background-repeat":"repeat","background-position":"center center","background-size":"auto","background-attachment":"scroll","background-type":"","background-media":"","overlay-type":"","overlay-color":"","overlay-opacity":"","overlay-gradient":""},"tablet":{"background-color":"","background-image":"","background-repeat":"repeat","background-position":"center center","background-size":"auto","background-attachment":"scroll","background-type":"","background-media":"","overlay-type":"","overlay-color":"","overlay-opacity":"","overlay-gradient":""},"mobile":{"background-color":"","background-image":"","background-repeat":"repeat","background-position":"center center","background-size":"auto","background-attachment":"scroll","background-type":"","background-media":"","overlay-type":"","overlay-color":"","overlay-opacity":"","overlay-gradient":""}},"ast-content-background-meta":{"desktop":{"background-color":"var(--ast-global-color-5)","background-image":"","background-repeat":"repeat","background-position":"center center","background-size":"auto","background-attachment":"scroll","background-type":"","background-media":"","overlay-type":"","overlay-color":"","overlay-opacity":"","overlay-gradient":""},"tablet":{"background-color":"var(--ast-global-color-5)","background-image":"","background-repeat":"repeat","background-position":"center center","background-size":"auto","background-attachment":"scroll","background-type":"","background-media":"","overlay-type":"","overlay-color":"","overlay-opacity":"","overlay-gradient":""},"mobile":{"background-color":"var(--ast-global-color-5)","background-image":"","background-repeat":"repeat","background-position":"center center","background-size":"auto","background-attachment":"scroll","background-type":"","background-media":"","overlay-type":"","overlay-color":"","overlay-opacity":"","overlay-gradient":""}}},"product_brand":[],"product_cat":[69,1624,19],"product_tag":[],"class_list":{"0":"post-4560","1":"product","2":"type-product","3":"status-publish","4":"has-post-thumbnail","6":"product_cat-ksiazki","7":"product_cat-polski-krok-po-kroku-junior","8":"product_cat-wszystkie-produkty","9":"product_series-polski-krok-po-kroku-junior","10":"desktop-align-center","11":"tablet-align-left","12":"mobile-align-left","13":"ast-product-gallery-layout-horizontal-slider","14":"ast-product-tabs-layout-horizontal","16":"first","17":"instock","18":"featured","19":"taxable","20":"shipping-taxable","21":"purchasable","22":"product-type-simple"},"aioseo_notices":[],"uagb_featured_image_src":{"full":["https:\/\/e-polish.eu\/sklep\/wp-content\/uploads\/shop-items\/0-gry_i_zabawy_jezykowe_-_junior_2",1000,1415,false],"thumbnail":["https:\/\/e-polish.eu\/sklep\/wp-content\/uploads\/shop-items\/0-gry_i_zabawy_jezykowe_-_junior_2-150x150.",150,150,true],"medium":["https:\/\/e-polish.eu\/sklep\/wp-content\/uploads\/shop-items\/0-gry_i_zabawy_jezykowe_-_junior_2-212x300.",212,300,true],"medium_large":["https:\/\/e-polish.eu\/sklep\/wp-content\/uploads\/shop-items\/0-gry_i_zabawy_jezykowe_-_junior_2-768x1087.",768,1087,true],"large":["https:\/\/e-polish.eu\/sklep\/wp-content\/uploads\/shop-items\/0-gry_i_zabawy_jezykowe_-_junior_2-724x1024.",724,1024,true],"1536x1536":["https:\/\/e-polish.eu\/sklep\/wp-content\/uploads\/shop-items\/0-gry_i_zabawy_jezykowe_-_junior_2",1000,1415,false],"2048x2048":["https:\/\/e-polish.eu\/sklep\/wp-content\/uploads\/shop-items\/0-gry_i_zabawy_jezykowe_-_junior_2",1000,1415,false],"page-small":["https:\/\/e-polish.eu\/sklep\/wp-content\/uploads\/shop-items\/0-gry_i_zabawy_jezykowe_-_junior_2-210x297.",210,297,true],"woocommerce_thumbnail":["https:\/\/e-polish.eu\/sklep\/wp-content\/uploads\/shop-items\/0-gry_i_zabawy_jezykowe_-_junior_2-300x425.",300,425,true],"woocommerce_single":["https:\/\/e-polish.eu\/sklep\/wp-content\/uploads\/shop-items\/0-gry_i_zabawy_jezykowe_-_junior_2-300x425.",300,425,true],"woocommerce_gallery_thumbnail":["https:\/\/e-polish.eu\/sklep\/wp-content\/uploads\/shop-items\/0-gry_i_zabawy_jezykowe_-_junior_2-100x100.",100,100,true],"lws_wr_thumbnail":["https:\/\/e-polish.eu\/sklep\/wp-content\/uploads\/shop-items\/0-gry_i_zabawy_jezykowe_-_junior_2",68,96,false],"lws_wr_thumbnail_small":["https:\/\/e-polish.eu\/sklep\/wp-content\/uploads\/shop-items\/0-gry_i_zabawy_jezykowe_-_junior_2",30,42,false]},"uagb_author_info":{"display_name":"Marta Zawisza","author_link":"https:\/\/e-polish.eu\/sklep\/blog\/author\/"},"uagb_comment_info":93,"uagb_excerpt":"Zestaw 55 gier, kt\u00f3re pozwalaj\u0105 zaktywizowa\u0107 uczni\u00f3w, u\u0142atwiaj\u0105 \u0107wiczenie nowych struktur gramatycznych, pomagaj\u0105 utrwali\u0107 poznane s\u0142ownictwo, w naturalny spos\u00f3b inspiruj\u0105 do m\u00f3wienia.","_links":{"self":[{"href":"https:\/\/e-polish.eu\/sklep\/wp-json\/wp\/v2\/product\/4560","targetHints":{"allow":["GET"]}}],"collection":[{"href":"https:\/\/e-polish.eu\/sklep\/wp-json\/wp\/v2\/product"}],"about":[{"href":"https:\/\/e-polish.eu\/sklep\/wp-json\/wp\/v2\/types\/product"}],"replies":[{"embeddable":true,"href":"https:\/\/e-polish.eu\/sklep\/wp-json\/wp\/v2\/comments?post=4560"}],"wp:featuredmedia":[{"embeddable":true,"href":"https:\/\/e-polish.eu\/sklep\/wp-json\/wp\/v2\/media\/4628"}],"wp:attachment":[{"href":"https:\/\/e-polish.eu\/sklep\/wp-json\/wp\/v2\/media?parent=4560"}],"wp:term":[{"taxonomy":"product_brand","embeddable":true,"href":"https:\/\/e-polish.eu\/sklep\/wp-json\/wp\/v2\/product_brand?post=4560"},{"taxonomy":"product_cat","embeddable":true,"href":"https:\/\/e-polish.eu\/sklep\/wp-json\/wp\/v2\/product_cat?post=4560"},{"taxonomy":"product_tag","embeddable":true,"href":"https:\/\/e-polish.eu\/sklep\/wp-json\/wp\/v2\/product_tag?post=4560"}],"curies":[{"name":"wp","href":"https:\/\/api.w.org\/{rel}","templated":true}]}}