{"id":4623,"date":"2024-06-27T17:43:24","date_gmt":"2024-06-27T15:43:24","guid":{"rendered":"https:\/\/e-polish.eu\/sklep\/product\/kurs-metodyczny-dla-poczatkujacych-nauczycieli-jezyka-polskiego-jako-obcego-czesc-3-2\/"},"modified":"2025-11-18T15:40:35","modified_gmt":"2025-11-18T14:40:35","slug":"kurs-metodyczny-dla-poczatkujacych-nauczycieli-jezyka-polskiego-jako-obcego-czesc-3-2","status":"publish","type":"product","link":"https:\/\/e-polish.eu\/sklep\/szkolenia\/kurs-metodyczny-dla-poczatkujacych-nauczycieli-jezyka-polskiego-jako-obcego-czesc-3-2\/","title":{"rendered":"Kurs metodyczny dla pocz\u0105tkuj\u0105cych nauczycieli j\u0119zyka polskiego jako obcego (cz\u0119\u015b\u0107 3)"},"content":{"rendered":"<p><b>Trzecia cz\u0119\u015b\u0107<\/b> kursu metodycznego dla pocz\u0105tkuj\u0105cych nauczycieli j\u0119zyka polskiego jako obcego &#8222;J\u0119zyk polski krok po kroku&#8221;.<\/p>\n<p>To szkolenie jest dla Ciebie, je\u015bli:<\/p>\n<ul>\n<li>jeste\u015b polonist\u0105 lub nauczycielem innego przedmiotu i potrzebujesz wiedzy metodycznej z zakresu nauczania j\u0119zyka polskiego jako obcego;<\/li>\n<li>uczysz dzieci (powy\u017cej 9 roku \u017cycia), m\u0142odzie\u017c lub doros\u0142ych;<\/li>\n<li>marzysz o zostaniu lektorem j\u0119zyka polskiego;<\/li>\n<li>brakuje Ci praktycznej wiedzy, jak wprowadza\u0107 zagadnienia gramatyczne i leksykalne na lekcjach;<\/li>\n<li>dr\u017cysz na my\u015bl o tym, jakie pytania mog\u0105 zadawa\u0107 twoi uczniowie;<\/li>\n<li>gubisz si\u0119 w otch\u0142ani materia\u0142\u00f3w i potrzeb swoich uczni\u00f3w;<\/li>\n<li>nie wiesz od czego zacz\u0105\u0107 przygotowywanie lekcji.<\/li>\n<\/ul>\n<p>Zaufaj specjalistom &#8211; uczymy polskiego jako obcego od blisko 30 lat, pracujemy z osobami z ca\u0142ego \u015bwiata, na ka\u017cdym poziomie zaawansowania j\u0119zykowego i w r\u00f3\u017cnym wieku. Wydali\u015bmy wiele podr\u0119cznik\u00f3w i pomocy dydaktycznych oraz jeste\u015bmy tw\u00f3rcami najpopularniejszej platformy internetowej z zakresu uczenia si\u0119 i nauczania j\u0119zyka polskiego &#8211; e-polish.eu. Z nami uczenie b\u0119dzie proste!<\/p>\n<h2>Opis kursu<\/h2>\n<p>Szkolenie metodyczne dla nauczycieli rozpoczynaj\u0105cych swoj\u0105 przygod\u0119 z nauk\u0105 j\u0119zyka polskiego jako obcego, przygotowane przez specjalist\u00f3w zajmuj\u0105cych si\u0119 od lat nauczaniem obcokrajowc\u00f3w oraz prowadzeniem warsztat\u00f3w dla nauczycieli.<\/p>\n<p>W programie szkolenia znajd\u0105 si\u0119 praktyczne porady, jak zacz\u0105\u0107 nauczanie i zaplanowa\u0107 kurs j\u0119zykowy na poziomie A1, wskaz\u00f3wki metodyczne, jak wprowadza\u0107 poszczeg\u00f3lne zagadnienia gramatyczne i leksykalne na poziomie podstawowym oraz zostanie zaprezentowany ca\u0142y szereg technik nauczania i \u0107wiczenia poszczeg\u00f3lnych sprawno\u015bci j\u0119zykowych.<\/p>\n<p>Obie lektorki prowadz\u0105ce szkolenie s\u0105 autorkami wielu gier i zada\u0144 j\u0119zykowych, dlatego na szkoleniu nie zabraknie ciekawych pomys\u0142\u00f3w na r\u00f3\u017cnorodne rozgrzewki oraz gry aktywizuj\u0105ce uczni\u00f3w, gry utrwalaj\u0105ce leksyk\u0119 czy u\u0142atwiaj\u0105ce automatyzacj\u0119 gramatyki oraz doskonal\u0105ce sprawno\u015b\u0107 komunikacji.<\/p>\n<p>Szkolenie b\u0119dzie prowadzone w oparciu o popularn\u0105 seri\u0119 podr\u0119cznik\u00f3w POLSKI krok po kroku, materia\u0142y dost\u0119pne na platformie e-polish.eu oraz autorskie pomys\u0142y obu prowadz\u0105cych. Zostan\u0105 zaprezentowane materia\u0142y zar\u00f3wno w tradycyjnej papierowej formie, jak i interaktywne materia\u0142y online.<\/p>\n<p>Szkolenie b\u0119dzie si\u0119 odbywa\u0107 w kameralnej grupie (max 30 os\u00f3b), przed rozpocz\u0119ciem warsztat\u00f3w ka\u017cdy uczestnik wype\u0142ni ankiet\u0119, kt\u00f3ra pozwoli wcze\u015bniej pozna\u0107 jego profil nauczyciela.<\/p>\n<h2>Program kursu<\/h2>\n<h3>1. ZROBISZ CZY B\u0118DZIESZ ROBI\u0141? ASPEKT W CZASIE PRZYSZ\u0141YM (Iwona Stempek) 04.12.2024<\/h3>\n<ul>\n<li>czas przysz\u0142y z\u0142o\u017cony w planach na rok szkolny i agendach biznesmena<\/li>\n<li>okre\u015blenia czasu<\/li>\n<li>pary aspektowe<\/li>\n<li>posprz\u0105tasz czy b\u0119dziesz sprz\u0105ta\u0142?<\/li>\n<\/ul>\n<h3>2. TAKIE MA\u0141E, A TAKIE WA\u017bNE \u2013 O PRZYIMKACH (Paulina Kuc) 11.12.2024<\/h3>\n<ul>\n<li>statycznie czy dynamicznie?<\/li>\n<li>przyimki w wielkiej powt\u00f3rce przypadk\u00f3w<\/li>\n<li>podr\u00f3\u017ce, wycieczki i geografia<\/li>\n<\/ul>\n<h3>3. S\u0141UCHAM, ALE NIE S\u0141YSZ\u0118 (Iwona Stempek)\u00a018.12.2024<\/h3>\n<ul>\n<li>od s\u0142yszenia do wymowy<\/li>\n<li>jak przygotowa\u0107 uczni\u00f3w do s\u0142uchania<\/li>\n<li>etapy pracy z tekstem<\/li>\n<li>r\u00f3\u017cne techniki \u0107wiczenia rozumienia ze s\u0142uchu<\/li>\n<\/ul>\n<h3>4. W \u015aWIECIE ZAIMK\u00d3W OSOBOWYCH (Iwona Stempek) 08.01.2025<\/h3>\n<ul>\n<li>mn\u0105, mnie, mi, o mnie<\/li>\n<li>sympatie, antypatie i marzenia<\/li>\n<li>deklinacja w praktyce<\/li>\n<li>zaimki w grach, quizach i piosenkach<\/li>\n<\/ul>\n<h3>5. DOPE\u0141NIACZ W NOWYCH KONTEKSTACH (Paulina Kuc) 15.01.2025<\/h3>\n<ul>\n<li>paczka, puszka, pude\u0142ko\u2026<\/li>\n<li>dope\u0142niacz liczby mnogiej<\/li>\n<li>rekcja liczebnika<\/li>\n<li>okulary mojego dziadka \u2013 dope\u0142niacz posesywny<\/li>\n<\/ul>\n","protected":false},"excerpt":{"rendered":"<p>Prowadz\u0105cy: Iwona Stempek | Paulina Kuc<br \/>\nMiejsce: online<br \/>\nData: od 2024-12-04 do 2025-01-15<br \/>\nGodzina: 19:00\u201320:30 (CEST\/Europa\/Warszawa)<\/p>\n","protected":false},"featured_media":5949,"comment_status":"open","ping_status":"closed","template":"","meta":{"_uag_custom_page_level_css":"","site-sidebar-layout":"default","site-content-layout":"","ast-site-content-layout":"default","site-content-style":"default","site-sidebar-style":"default","ast-global-header-display":"","ast-banner-title-visibility":"","ast-main-header-display":"","ast-hfb-above-header-display":"","ast-hfb-below-header-display":"","ast-hfb-mobile-header-display":"","site-post-title":"","ast-breadcrumbs-content":"","ast-featured-img":"","footer-sml-layout":"","ast-disable-related-posts":"","theme-transparent-header-meta":"default","adv-header-id-meta":"","stick-header-meta":"default","header-above-stick-meta":"","header-main-stick-meta":"","header-below-stick-meta":"","astra-migrate-meta-layouts":"set","ast-page-background-enabled":"default","ast-page-background-meta":{"desktop":{"background-color":"","background-image":"","background-repeat":"repeat","background-position":"center center","background-size":"auto","background-attachment":"scroll","background-type":"","background-media":"","overlay-type":"","overlay-color":"","overlay-opacity":"","overlay-gradient":""},"tablet":{"background-color":"","background-image":"","background-repeat":"repeat","background-position":"center center","background-size":"auto","background-attachment":"scroll","background-type":"","background-media":"","overlay-type":"","overlay-color":"","overlay-opacity":"","overlay-gradient":""},"mobile":{"background-color":"","background-image":"","background-repeat":"repeat","background-position":"center center","background-size":"auto","background-attachment":"scroll","background-type":"","background-media":"","overlay-type":"","overlay-color":"","overlay-opacity":"","overlay-gradient":""}},"ast-content-background-meta":{"desktop":{"background-color":"var(--ast-global-color-5)","background-image":"","background-repeat":"repeat","background-position":"center center","background-size":"auto","background-attachment":"scroll","background-type":"","background-media":"","overlay-type":"","overlay-color":"","overlay-opacity":"","overlay-gradient":""},"tablet":{"background-color":"var(--ast-global-color-5)","background-image":"","background-repeat":"repeat","background-position":"center center","background-size":"auto","background-attachment":"scroll","background-type":"","background-media":"","overlay-type":"","overlay-color":"","overlay-opacity":"","overlay-gradient":""},"mobile":{"background-color":"var(--ast-global-color-5)","background-image":"","background-repeat":"repeat","background-position":"center center","background-size":"auto","background-attachment":"scroll","background-type":"","background-media":"","overlay-type":"","overlay-color":"","overlay-opacity":"","overlay-gradient":""}}},"product_brand":[],"product_cat":[1694,1705,19],"product_tag":[],"class_list":{"0":"post-4623","1":"product","2":"type-product","3":"status-publish","4":"has-post-thumbnail","6":"product_cat-kurs-metodyczny-pl","7":"product_cat-szkolenia","8":"product_cat-wszystkie-produkty","9":"desktop-align-center","10":"tablet-align-left","11":"mobile-align-left","12":"ast-product-gallery-layout-horizontal-slider","13":"ast-product-gallery-with-no-image","14":"ast-product-tabs-layout-horizontal","16":"first","17":"outofstock","18":"sale","19":"virtual","20":"sold-individually","21":"taxable","22":"purchasable","23":"product-type-simple"},"aioseo_notices":[],"uagb_featured_image_src":{"full":["https:\/\/e-polish.eu\/sklep\/wp-content\/uploads\/shop-items\/0-kurs_metodyczny_dla_poczatkujacych_nauczycieli_jezyka_polskiego_jako_obcego_czesc_3",560,796,false],"thumbnail":["https:\/\/e-polish.eu\/sklep\/wp-content\/uploads\/shop-items\/0-kurs_metodyczny_dla_poczatkujacych_nauczycieli_jezyka_polskiego_jako_obcego_czesc_3",106,150,false],"medium":["https:\/\/e-polish.eu\/sklep\/wp-content\/uploads\/shop-items\/0-kurs_metodyczny_dla_poczatkujacych_nauczycieli_jezyka_polskiego_jako_obcego_czesc_3",211,300,false],"medium_large":["https:\/\/e-polish.eu\/sklep\/wp-content\/uploads\/shop-items\/0-kurs_metodyczny_dla_poczatkujacych_nauczycieli_jezyka_polskiego_jako_obcego_czesc_3",560,796,false],"large":["https:\/\/e-polish.eu\/sklep\/wp-content\/uploads\/shop-items\/0-kurs_metodyczny_dla_poczatkujacych_nauczycieli_jezyka_polskiego_jako_obcego_czesc_3",560,796,false],"1536x1536":["https:\/\/e-polish.eu\/sklep\/wp-content\/uploads\/shop-items\/0-kurs_metodyczny_dla_poczatkujacych_nauczycieli_jezyka_polskiego_jako_obcego_czesc_3",560,796,false],"2048x2048":["https:\/\/e-polish.eu\/sklep\/wp-content\/uploads\/shop-items\/0-kurs_metodyczny_dla_poczatkujacych_nauczycieli_jezyka_polskiego_jako_obcego_czesc_3",560,796,false],"page-small":["https:\/\/e-polish.eu\/sklep\/wp-content\/uploads\/shop-items\/0-kurs_metodyczny_dla_poczatkujacych_nauczycieli_jezyka_polskiego_jako_obcego_czesc_3",210,297,false],"woocommerce_thumbnail":["https:\/\/e-polish.eu\/sklep\/wp-content\/uploads\/shop-items\/0-kurs_metodyczny_dla_poczatkujacych_nauczycieli_jezyka_polskiego_jako_obcego_czesc_3",300,426,false],"woocommerce_single":["https:\/\/e-polish.eu\/sklep\/wp-content\/uploads\/shop-items\/0-kurs_metodyczny_dla_poczatkujacych_nauczycieli_jezyka_polskiego_jako_obcego_czesc_3",300,426,false],"woocommerce_gallery_thumbnail":["https:\/\/e-polish.eu\/sklep\/wp-content\/uploads\/shop-items\/0-kurs_metodyczny_dla_poczatkujacych_nauczycieli_jezyka_polskiego_jako_obcego_czesc_3-100x100.",100,100,true],"lws_wr_thumbnail":["https:\/\/e-polish.eu\/sklep\/wp-content\/uploads\/shop-items\/0-kurs_metodyczny_dla_poczatkujacych_nauczycieli_jezyka_polskiego_jako_obcego_czesc_3",68,96,false],"lws_wr_thumbnail_small":["https:\/\/e-polish.eu\/sklep\/wp-content\/uploads\/shop-items\/0-kurs_metodyczny_dla_poczatkujacych_nauczycieli_jezyka_polskiego_jako_obcego_czesc_3",30,42,false]},"uagb_author_info":{"display_name":"Marta Zawisza","author_link":"https:\/\/e-polish.eu\/sklep\/blog\/author\/"},"uagb_comment_info":1,"uagb_excerpt":"Prowadz\u0105cy: Iwona Stempek | Paulina Kuc Miejsce: online Data: od 2024-12-04 do 2025-01-15 Godzina: 19:00\u201320:30 (CEST\/Europa\/Warszawa)","_links":{"self":[{"href":"https:\/\/e-polish.eu\/sklep\/wp-json\/wp\/v2\/product\/4623","targetHints":{"allow":["GET"]}}],"collection":[{"href":"https:\/\/e-polish.eu\/sklep\/wp-json\/wp\/v2\/product"}],"about":[{"href":"https:\/\/e-polish.eu\/sklep\/wp-json\/wp\/v2\/types\/product"}],"replies":[{"embeddable":true,"href":"https:\/\/e-polish.eu\/sklep\/wp-json\/wp\/v2\/comments?post=4623"}],"wp:featuredmedia":[{"embeddable":true,"href":"https:\/\/e-polish.eu\/sklep\/wp-json\/wp\/v2\/media\/5949"}],"wp:attachment":[{"href":"https:\/\/e-polish.eu\/sklep\/wp-json\/wp\/v2\/media?parent=4623"}],"wp:term":[{"taxonomy":"product_brand","embeddable":true,"href":"https:\/\/e-polish.eu\/sklep\/wp-json\/wp\/v2\/product_brand?post=4623"},{"taxonomy":"product_cat","embeddable":true,"href":"https:\/\/e-polish.eu\/sklep\/wp-json\/wp\/v2\/product_cat?post=4623"},{"taxonomy":"product_tag","embeddable":true,"href":"https:\/\/e-polish.eu\/sklep\/wp-json\/wp\/v2\/product_tag?post=4623"}],"curies":[{"name":"wp","href":"https:\/\/api.w.org\/{rel}","templated":true}]}}