{"id":48,"date":"2024-02-06T15:45:53","date_gmt":"2024-02-06T14:45:53","guid":{"rendered":"https:\/\/e-polish.eu\/sklep\/?post_type=product&#038;p=48"},"modified":"2026-04-06T03:42:09","modified_gmt":"2026-04-06T01:42:09","slug":"polski-krok-po-kroku-podrecznik-czesc-2","status":"publish","type":"product","link":"https:\/\/e-polish.eu\/sklep\/ksiazki\/polski-krok-po-kroku-podrecznik-czesc-2\/","title":{"rendered":"POLSKI krok po kroku 2"},"content":{"rendered":"<p><span class=\"fontstyle0\">Druga cz\u0119\u015b\u0107 serii, opracowana dla poziomu \u015bredniozaawansowanego, stanowi wiern\u0105 kontynuacj\u0119 podr\u0119cznika \u201ePOLSKI krok po kroku 1\u201d. Pierwsze lekcje powtarzaj\u0105 i systematyzuj\u0105 znane ju\u017c zagadnienia, a jednocze\u015bnie, bazuj\u0105c na historiach bohater\u00f3w, wprowadzaj\u0105 r\u00f3wnie\u017c w warstw\u0119 fabularn\u0105 ksi\u0105\u017cki. Taki uk\u0142ad materia\u0142u pozwala nauczycielowi zbada\u0107 rzeczywisty poziom j\u0119zykowy ucz\u0105cych si\u0119, a tak\u017ce odkry\u0107 i uzupe\u0142ni\u0107 wszelkie zaleg\u0142o\u015bci gramatyczne czy leksykalne grupy. Studentom natomiast u\u0142atwia p\u0142ynne przej\u015bcie na kolejny etap nauki. <\/span><\/p>\n<p><span class=\"fontstyle0\">Podobnie jak w cz\u0119\u015bci pierwszej nowe s\u0142ownictwo i zagadnienia gramatyczne wprowadzane s\u0105 w kontek\u015bcie, jednak obok dialog\u00f3w pojawiaj\u0105 si\u0119 liczne teksty cz\u0119\u015bciowo oparte na autentycznych b\u0105d\u017a stylizowane na takie. Obok fragment\u00f3w artyku\u0142\u00f3w prasowych, wywiad\u00f3w, opis\u00f3w krajoznawczych znajduj\u0105 si\u0119 tu \u017cyciorysy, maile, listy motywacyjne, a nawet fragment przem\u00f3wienia gen. Jaruzelskiego z 13.12.1981 r.<\/span><\/p>\n<blockquote><p><strong><i>Podr\u0119cznik jest bogaty w tre\u015bci o tematyce kulturowej i historycznej<\/i><\/strong><\/p><\/blockquote>\n<p><img loading=\"lazy\" decoding=\"async\" class=\"size-full wp-image-3930 alignleft\" src=\"https:\/\/e-polish.eu\/sklep\/wp-content\/uploads\/2024\/04\/dzwiek_ok.png\" alt=\"\" width=\"70\" height=\"58\" \/>Ksi\u0105\u017cka zawiera ponad 210 minut <a href=\"\u201d\">nagra\u0144 w formacie mp3<\/a>. Warto tu nadmieni\u0107, \u017ce naturalny i wsp\u00f3\u0142czesny j\u0119zyk dialog\u00f3w &#8211; to niew\u0105tpliwy atut ca\u0142ej serii \u201ePOLSKI krok po kroku\u201d. Dodatkowo nagrania te mog\u0105 stanowi\u0107 baz\u0119 inspiruj\u0105c\u0105 nauczycieli do konstruowania swoich w\u0142asnych materia\u0142\u00f3w.<\/p>\n<p><img loading=\"lazy\" decoding=\"async\" class=\"size-full wp-image-3931 alignleft\" src=\"https:\/\/e-polish.eu\/sklep\/wp-content\/uploads\/2024\/04\/e-coursebook_ok.png\" alt=\"\" width=\"70\" height=\"58\" \/>Podr\u0119cznik dost\u0119pny jest tak\u017ce w <b>interaktywnej wersji <a href=\"https:\/\/e-polish.eu\/sklep\/e-coursebook_PKPK2\">e-coursebook<\/a><\/b>.<\/p>\n<p>ISBN 978-83-930731-1-5 | Iwona Stempek | Anna Stelmach<\/p>\n","protected":false},"excerpt":{"rendered":"<p><span class=\"fontstyle0\">Druga cz\u0119\u015b\u0107 serii bestsellerowej serii do nauki j\u0119zyka polskiego jako obcego, opracowana dla poziomu \u015bredniozaawansowanego, stanowi wiern\u0105 kontynuacj\u0119 podr\u0119cznika \u201e<a href=\"https:\/\/e-polish.eu\/en\/sklep\/polski_krok_po_kroku_1\">POLSKI krok po kroku 1<\/a>&#8221; Pierwsze lekcje powtarzaj\u0105 i systematyzuj\u0105 znane ju\u017c zagadnienia, a jednocze\u015bnie, bazuj\u0105c na historiach bohater\u00f3w, wprowadzaj\u0105 r\u00f3wnie\u017c w warstw\u0119 fabularn\u0105 ksi\u0105\u017cki.\u00a0<\/span><\/p>\n<p><a href=\"https:\/\/e-polish.eu\/sklep\/seria-podrecznikow-do-jezyka-polskiego-dla-doroslych-polski-krok-po-kroku\/\"><img loading=\"lazy\" decoding=\"async\" class=\"alignnone size-full wp-image-3934\" src=\"https:\/\/e-polish.eu\/sklep\/wp-content\/uploads\/2024\/04\/logo_pkpk.png\" alt=\"\" width=\"200\" height=\"73\" \/><\/a><\/p>\n","protected":false},"featured_media":3361,"comment_status":"open","ping_status":"closed","template":"","meta":{"_uag_custom_page_level_css":"","site-sidebar-layout":"default","site-content-layout":"","ast-site-content-layout":"default","site-content-style":"default","site-sidebar-style":"default","ast-global-header-display":"","ast-banner-title-visibility":"","ast-main-header-display":"","ast-hfb-above-header-display":"","ast-hfb-below-header-display":"","ast-hfb-mobile-header-display":"","site-post-title":"","ast-breadcrumbs-content":"","ast-featured-img":"","footer-sml-layout":"","ast-disable-related-posts":"","theme-transparent-header-meta":"default","adv-header-id-meta":"","stick-header-meta":"default","header-above-stick-meta":"","header-main-stick-meta":"","header-below-stick-meta":"","astra-migrate-meta-layouts":"set","ast-page-background-enabled":"default","ast-page-background-meta":{"desktop":{"background-color":"","background-image":"","background-repeat":"repeat","background-position":"center center","background-size":"auto","background-attachment":"scroll","background-type":"","background-media":"","overlay-type":"","overlay-color":"","overlay-opacity":"","overlay-gradient":""},"tablet":{"background-color":"","background-image":"","background-repeat":"repeat","background-position":"center center","background-size":"auto","background-attachment":"scroll","background-type":"","background-media":"","overlay-type":"","overlay-color":"","overlay-opacity":"","overlay-gradient":""},"mobile":{"background-color":"","background-image":"","background-repeat":"repeat","background-position":"center center","background-size":"auto","background-attachment":"scroll","background-type":"","background-media":"","overlay-type":"","overlay-color":"","overlay-opacity":"","overlay-gradient":""}},"ast-content-background-meta":{"desktop":{"background-color":"var(--ast-global-color-5)","background-image":"","background-repeat":"repeat","background-position":"center center","background-size":"auto","background-attachment":"scroll","background-type":"","background-media":"","overlay-type":"","overlay-color":"","overlay-opacity":"","overlay-gradient":""},"tablet":{"background-color":"var(--ast-global-color-5)","background-image":"","background-repeat":"repeat","background-position":"center center","background-size":"auto","background-attachment":"scroll","background-type":"","background-media":"","overlay-type":"","overlay-color":"","overlay-opacity":"","overlay-gradient":""},"mobile":{"background-color":"var(--ast-global-color-5)","background-image":"","background-repeat":"repeat","background-position":"center center","background-size":"auto","background-attachment":"scroll","background-type":"","background-media":"","overlay-type":"","overlay-color":"","overlay-opacity":"","overlay-gradient":""}}},"product_brand":[],"product_cat":[69,1633,19],"product_tag":[],"class_list":{"0":"post-48","1":"product","2":"type-product","3":"status-publish","4":"has-post-thumbnail","6":"product_cat-ksiazki","7":"product_cat-polski-krok-po-kroku","8":"product_cat-wszystkie-produkty","9":"product_series-polski-krok-po-kroku","10":"desktop-align-center","11":"tablet-align-left","12":"mobile-align-left","13":"ast-product-gallery-layout-horizontal-slider","14":"ast-product-tabs-layout-horizontal","16":"first","17":"instock","18":"taxable","19":"shipping-taxable","20":"purchasable","21":"product-type-simple"},"aioseo_notices":[],"uagb_featured_image_src":{"full":["https:\/\/e-polish.eu\/sklep\/wp-content\/uploads\/shop-items\/0-polski_krok_po_kroku_2",1000,1415,false],"thumbnail":["https:\/\/e-polish.eu\/sklep\/wp-content\/uploads\/shop-items\/0-polski_krok_po_kroku_2-150x150.",150,150,true],"medium":["https:\/\/e-polish.eu\/sklep\/wp-content\/uploads\/shop-items\/0-polski_krok_po_kroku_2-212x300.",212,300,true],"medium_large":["https:\/\/e-polish.eu\/sklep\/wp-content\/uploads\/shop-items\/0-polski_krok_po_kroku_2-768x1087.",768,1087,true],"large":["https:\/\/e-polish.eu\/sklep\/wp-content\/uploads\/shop-items\/0-polski_krok_po_kroku_2-724x1024.",724,1024,true],"1536x1536":["https:\/\/e-polish.eu\/sklep\/wp-content\/uploads\/shop-items\/0-polski_krok_po_kroku_2",1000,1415,false],"2048x2048":["https:\/\/e-polish.eu\/sklep\/wp-content\/uploads\/shop-items\/0-polski_krok_po_kroku_2",1000,1415,false],"page-small":["https:\/\/e-polish.eu\/sklep\/wp-content\/uploads\/shop-items\/0-polski_krok_po_kroku_2-210x297.",210,297,true],"woocommerce_thumbnail":["https:\/\/e-polish.eu\/sklep\/wp-content\/uploads\/shop-items\/0-polski_krok_po_kroku_2-300x425.",300,425,true],"woocommerce_single":["https:\/\/e-polish.eu\/sklep\/wp-content\/uploads\/shop-items\/0-polski_krok_po_kroku_2-300x425.",300,425,true],"woocommerce_gallery_thumbnail":["https:\/\/e-polish.eu\/sklep\/wp-content\/uploads\/shop-items\/0-polski_krok_po_kroku_2-100x100.",100,100,true],"lws_wr_thumbnail":["https:\/\/e-polish.eu\/sklep\/wp-content\/uploads\/shop-items\/0-polski_krok_po_kroku_2",68,96,false],"lws_wr_thumbnail_small":["https:\/\/e-polish.eu\/sklep\/wp-content\/uploads\/shop-items\/0-polski_krok_po_kroku_2",30,42,false]},"uagb_author_info":{"display_name":"artur","author_link":"https:\/\/e-polish.eu\/sklep\/blog\/author\/"},"uagb_comment_info":20,"uagb_excerpt":"Druga cz\u0119\u015b\u0107 serii bestsellerowej serii do nauki j\u0119zyka polskiego jako obcego, opracowana dla poziomu \u015bredniozaawansowanego, stanowi wiern\u0105 kontynuacj\u0119 podr\u0119cznika \u201ePOLSKI krok po kroku 1\" Pierwsze lekcje powtarzaj\u0105 i systematyzuj\u0105 znane ju\u017c zagadnienia, a jednocze\u015bnie, bazuj\u0105c na historiach bohater\u00f3w, wprowadzaj\u0105 r\u00f3wnie\u017c w warstw\u0119 fabularn\u0105 ksi\u0105\u017cki.\u00a0","_links":{"self":[{"href":"https:\/\/e-polish.eu\/sklep\/wp-json\/wp\/v2\/product\/48","targetHints":{"allow":["GET"]}}],"collection":[{"href":"https:\/\/e-polish.eu\/sklep\/wp-json\/wp\/v2\/product"}],"about":[{"href":"https:\/\/e-polish.eu\/sklep\/wp-json\/wp\/v2\/types\/product"}],"replies":[{"embeddable":true,"href":"https:\/\/e-polish.eu\/sklep\/wp-json\/wp\/v2\/comments?post=48"}],"wp:featuredmedia":[{"embeddable":true,"href":"https:\/\/e-polish.eu\/sklep\/wp-json\/wp\/v2\/media\/3361"}],"wp:attachment":[{"href":"https:\/\/e-polish.eu\/sklep\/wp-json\/wp\/v2\/media?parent=48"}],"wp:term":[{"taxonomy":"product_brand","embeddable":true,"href":"https:\/\/e-polish.eu\/sklep\/wp-json\/wp\/v2\/product_brand?post=48"},{"taxonomy":"product_cat","embeddable":true,"href":"https:\/\/e-polish.eu\/sklep\/wp-json\/wp\/v2\/product_cat?post=48"},{"taxonomy":"product_tag","embeddable":true,"href":"https:\/\/e-polish.eu\/sklep\/wp-json\/wp\/v2\/product_tag?post=48"}],"curies":[{"name":"wp","href":"https:\/\/api.w.org\/{rel}","templated":true}]}}