{"id":6721,"date":"2024-09-19T13:16:58","date_gmt":"2024-09-19T11:16:58","guid":{"rendered":"https:\/\/e-polish.eu\/sklepproduct\/przygoda-z-tekstem-czyli-czytanie-ze-zrozumieniem\/"},"modified":"2025-04-09T12:04:49","modified_gmt":"2025-04-09T10:04:49","slug":"przygoda-z-tekstem-czyli-czytanie-ze-zrozumieniem","status":"publish","type":"product","link":"https:\/\/e-polish.eu\/sklep\/en\/trainings\/przygoda-z-tekstem-czyli-czytanie-ze-zrozumieniem\/","title":{"rendered":"Kurs metodyczny &#8211; Przygoda z tekstem, czyli czytanie ze zrozumieniem"},"content":{"rendered":"<p>Kurs metodyczny \u201ePrzygoda z tekstem, czyli czytanie ze zrozumieniem\u201d powsta\u0142 w odpowiedzi na liczne pro\u015bby z Pa\u0144stwa strony. Przeznaczony jest on dla nauczycieli zar\u00f3wno rozpoczynaj\u0105cych prac\u0119, jak i maj\u0105cych ju\u017c do\u015bwiadczenie w nauczaniu j\u0119zyka polskiego jako obcego. Kurs zosta\u0142 przygotowany przez Ann\u0119 Stelmach &#8211; lektork\u0119 z wieloletnim sta\u017cem, wsp\u00f3\u0142autork\u0119 serii \u201ePOLSKI krok po kroku\u201d, a tak\u017ce pomys\u0142odawczyni\u0119 i autork\u0119 wszystkich cz\u0119\u015bci \u201eCZYTAJ krok po kroku\u201d oraz Iwon\u0119 Stempek metodyka i redaktora naczelnego wydawnictwa GLOSSA.<\/p>\n<p>W programie kursu znajd\u0105 si\u0119 przede wszystkim praktyczne porady, jak pracowa\u0107 z r\u00f3\u017cnymi typami tekst\u00f3w na poziomach podstawowym i \u015bredniozaawansowanym. Poka\u017cemy, jak wiele mo\u017cna osi\u0105gn\u0105\u0107, pracuj\u0105c z tekstami na zaj\u0119ciach. Czytanie bowiem nie tylko rozwija r\u00f3\u017cne kompetencje j\u0119zykowe, ale i wzmacnia motywacj\u0119 ucz\u0105cych si\u0119, buduje ich pewno\u015b\u0107 siebie i poszerza horyzonty. Zaprezentujemy rozmaite typy \u0107wicze\u0144 leksykalno-gramatycznych, zada\u0144 komunikacyjnych oraz szereg pomys\u0142\u00f3w na maksymalne wykorzystanie tekstu na r\u00f3\u017cne sposoby. W trakcie kursu pojawi si\u0119 r\u00f3wnie\u017c w\u0105tek kulturowy i historyczny.<\/p>\n<p>Kurs b\u0119dzie prowadzony w oparciu o seri\u0119 podr\u0119cznik\u00f3w \u201eCZYTAJ krok po kroku\u201d oraz inne dost\u0119pne na rynku wydawniczym i w sieci materia\u0142y, a tak\u017ce teksty literackie. Zaj\u0119cia b\u0119d\u0105 si\u0119 odbywa\u0107 w kameralnej grupie (max 30 os\u00f3b), przed rozpocz\u0119ciem warsztat\u00f3w ka\u017cdy uczestnik wype\u0142ni ankiet\u0119, kt\u00f3ra pozwoli wcze\u015bniej pozna\u0107 jego profil nauczyciela.<\/p>\n<h2>Program kursu:<\/h2>\n<h3>1. WOK\u00d3\u0141 TEKSTU &#8211; JAK DOBRZE PRZYGOTOWA\u0106 MATERIA\u0141 DO PRACY Z UCZNIAMI (Anna Stelmach) 01.04.2025<\/h3>\n<ul>\n<li>propozycje \u0107wicze\u0144 wprowadzaj\u0105cych do tekstu<\/li>\n<li>co dzia\u0142a, a czego raczej unika\u0107?<\/li>\n<li>jak na r\u00f3\u017cne sposoby sprawdza\u0107 zrozumienie tekstu?<\/li>\n<\/ul>\n<h3>2. TEKSTY AUTENTYCZNE &#8211; ZALETY, PU\u0141APKI, SPOSOBY PRACY (Anna Stelmach) 08.04.2025<\/h3>\n<ul>\n<li>artyku\u0142y prasowe, poezja czy mo\u017ce proza?<\/li>\n<li>kontekst spo\u0142eczny, historyczny i literacki &#8211; o czym warto wspomnie\u0107?<\/li>\n<li>jak potraktowa\u0107 tekst, \u017ceby ucz\u0105cy si\u0119 wynie\u015bli z niego jak najwi\u0119cej?<\/li>\n<\/ul>\n<h3>3. JAK PRACOWA\u0106 Z PROSTYMI TEKSTAMI Z &#8222;CZYTAJ KROK PO KROKU&#8221; NA POZIOMACH B1-C1, A JAK Z TRUDNYMI NA NI\u017bSZYCH? (Iwona Stempek) 15.04.2025<\/h3>\n<ul>\n<li>jakie \u0107wiczenia przygotowa\u0107, by proste czytanki sta\u0142y si\u0119 wyzwaniem?<\/li>\n<li>pomys\u0142y na scenariusze lekcji<\/li>\n<li>jak na poziomie A1 wykorzysta\u0107 trudny tekst?<\/li>\n<\/ul>\n","protected":false},"excerpt":{"rendered":"<p>Prowadz\u0105cy: Iwona Stempek | Anna Stelmach<br \/>\nMiejsce: online<br \/>\nDate: from 2025-04-01 to 2025-04-15<br \/>\nTime: 19:00\u201320:30 (CEST\/Europa\/Warszawa)<\/p>\n","protected":false},"featured_media":6722,"comment_status":"open","ping_status":"closed","template":"","meta":{"_uag_custom_page_level_css":"","site-sidebar-layout":"default","site-content-layout":"","ast-site-content-layout":"default","site-content-style":"default","site-sidebar-style":"default","ast-global-header-display":"","ast-banner-title-visibility":"","ast-main-header-display":"","ast-hfb-above-header-display":"","ast-hfb-below-header-display":"","ast-hfb-mobile-header-display":"","site-post-title":"","ast-breadcrumbs-content":"","ast-featured-img":"","footer-sml-layout":"","ast-disable-related-posts":"","theme-transparent-header-meta":"default","adv-header-id-meta":"","stick-header-meta":"default","header-above-stick-meta":"","header-main-stick-meta":"","header-below-stick-meta":"","astra-migrate-meta-layouts":"set","ast-page-background-enabled":"default","ast-page-background-meta":{"desktop":{"background-color":"","background-image":"","background-repeat":"repeat","background-position":"center center","background-size":"auto","background-attachment":"scroll","background-type":"","background-media":"","overlay-type":"","overlay-color":"","overlay-opacity":"","overlay-gradient":""},"tablet":{"background-color":"","background-image":"","background-repeat":"repeat","background-position":"center center","background-size":"auto","background-attachment":"scroll","background-type":"","background-media":"","overlay-type":"","overlay-color":"","overlay-opacity":"","overlay-gradient":""},"mobile":{"background-color":"","background-image":"","background-repeat":"repeat","background-position":"center center","background-size":"auto","background-attachment":"scroll","background-type":"","background-media":"","overlay-type":"","overlay-color":"","overlay-opacity":"","overlay-gradient":""}},"ast-content-background-meta":{"desktop":{"background-color":"var(--ast-global-color-5)","background-image":"","background-repeat":"repeat","background-position":"center center","background-size":"auto","background-attachment":"scroll","background-type":"","background-media":"","overlay-type":"","overlay-color":"","overlay-opacity":"","overlay-gradient":""},"tablet":{"background-color":"var(--ast-global-color-5)","background-image":"","background-repeat":"repeat","background-position":"center center","background-size":"auto","background-attachment":"scroll","background-type":"","background-media":"","overlay-type":"","overlay-color":"","overlay-opacity":"","overlay-gradient":""},"mobile":{"background-color":"var(--ast-global-color-5)","background-image":"","background-repeat":"repeat","background-position":"center center","background-size":"auto","background-attachment":"scroll","background-type":"","background-media":"","overlay-type":"","overlay-color":"","overlay-opacity":"","overlay-gradient":""}}},"product_brand":[],"product_cat":[114,1686,1582],"product_tag":[],"class_list":{"0":"post-6721","1":"product","2":"type-product","3":"status-publish","4":"has-post-thumbnail","6":"product_cat-all-products","7":"product_cat-kurs-metodyczny","8":"product_cat-trainings","9":"desktop-align-center","10":"tablet-align-left","11":"mobile-align-left","12":"ast-product-gallery-layout-horizontal-slider","13":"ast-product-gallery-with-no-image","14":"ast-product-tabs-layout-horizontal","16":"first","17":"outofstock","18":"virtual","19":"sold-individually","20":"taxable","21":"purchasable","22":"product-type-simple"},"aioseo_notices":[],"uagb_featured_image_src":{"full":["https:\/\/e-polish.eu\/sklep\/wp-content\/uploads\/shop-items\/0-przygoda_z_tekstem_czyli_czytanie_ze_zrozumieniem",560,796,false],"thumbnail":["https:\/\/e-polish.eu\/sklep\/wp-content\/uploads\/shop-items\/0-przygoda_z_tekstem_czyli_czytanie_ze_zrozumieniem",106,150,false],"medium":["https:\/\/e-polish.eu\/sklep\/wp-content\/uploads\/shop-items\/0-przygoda_z_tekstem_czyli_czytanie_ze_zrozumieniem",211,300,false],"medium_large":["https:\/\/e-polish.eu\/sklep\/wp-content\/uploads\/shop-items\/0-przygoda_z_tekstem_czyli_czytanie_ze_zrozumieniem",560,796,false],"large":["https:\/\/e-polish.eu\/sklep\/wp-content\/uploads\/shop-items\/0-przygoda_z_tekstem_czyli_czytanie_ze_zrozumieniem",560,796,false],"1536x1536":["https:\/\/e-polish.eu\/sklep\/wp-content\/uploads\/shop-items\/0-przygoda_z_tekstem_czyli_czytanie_ze_zrozumieniem",560,796,false],"2048x2048":["https:\/\/e-polish.eu\/sklep\/wp-content\/uploads\/shop-items\/0-przygoda_z_tekstem_czyli_czytanie_ze_zrozumieniem",560,796,false],"page-small":["https:\/\/e-polish.eu\/sklep\/wp-content\/uploads\/shop-items\/0-przygoda_z_tekstem_czyli_czytanie_ze_zrozumieniem",210,297,false],"woocommerce_thumbnail":["https:\/\/e-polish.eu\/sklep\/wp-content\/uploads\/shop-items\/0-przygoda_z_tekstem_czyli_czytanie_ze_zrozumieniem",300,426,false],"woocommerce_single":["https:\/\/e-polish.eu\/sklep\/wp-content\/uploads\/shop-items\/0-przygoda_z_tekstem_czyli_czytanie_ze_zrozumieniem",300,426,false],"woocommerce_gallery_thumbnail":["https:\/\/e-polish.eu\/sklep\/wp-content\/uploads\/shop-items\/0-przygoda_z_tekstem_czyli_czytanie_ze_zrozumieniem-100x100.",100,100,true],"lws_wr_thumbnail":["https:\/\/e-polish.eu\/sklep\/wp-content\/uploads\/shop-items\/0-przygoda_z_tekstem_czyli_czytanie_ze_zrozumieniem",68,96,false],"lws_wr_thumbnail_small":["https:\/\/e-polish.eu\/sklep\/wp-content\/uploads\/shop-items\/0-przygoda_z_tekstem_czyli_czytanie_ze_zrozumieniem",30,42,false]},"uagb_author_info":{"display_name":"Marta Zawisza","author_link":"https:\/\/e-polish.eu\/sklep\/blog\/author\/"},"uagb_comment_info":2,"uagb_excerpt":"Prowadz\u0105cy: Iwona Stempek | Anna Stelmach Miejsce: online Date: from 2025-04-01 to 2025-04-15 Time: 19:00\u201320:30 (CEST\/Europa\/Warszawa)","_links":{"self":[{"href":"https:\/\/e-polish.eu\/sklep\/wp-json\/wp\/v2\/product\/6721","targetHints":{"allow":["GET"]}}],"collection":[{"href":"https:\/\/e-polish.eu\/sklep\/wp-json\/wp\/v2\/product"}],"about":[{"href":"https:\/\/e-polish.eu\/sklep\/wp-json\/wp\/v2\/types\/product"}],"replies":[{"embeddable":true,"href":"https:\/\/e-polish.eu\/sklep\/wp-json\/wp\/v2\/comments?post=6721"}],"wp:featuredmedia":[{"embeddable":true,"href":"https:\/\/e-polish.eu\/sklep\/wp-json\/wp\/v2\/media\/6722"}],"wp:attachment":[{"href":"https:\/\/e-polish.eu\/sklep\/wp-json\/wp\/v2\/media?parent=6721"}],"wp:term":[{"taxonomy":"product_brand","embeddable":true,"href":"https:\/\/e-polish.eu\/sklep\/wp-json\/wp\/v2\/product_brand?post=6721"},{"taxonomy":"product_cat","embeddable":true,"href":"https:\/\/e-polish.eu\/sklep\/wp-json\/wp\/v2\/product_cat?post=6721"},{"taxonomy":"product_tag","embeddable":true,"href":"https:\/\/e-polish.eu\/sklep\/wp-json\/wp\/v2\/product_tag?post=6721"}],"curies":[{"name":"wp","href":"https:\/\/api.w.org\/{rel}","templated":true}]}}