{"id":907,"date":"2024-03-18T14:32:49","date_gmt":"2024-03-18T13:32:49","guid":{"rendered":"https:\/\/e-polish.eu\/sklep\/?post_type=product&#038;p=907"},"modified":"2026-04-10T03:42:11","modified_gmt":"2026-04-10T01:42:11","slug":"abonament-nauczyciela","status":"publish","type":"product","link":"https:\/\/e-polish.eu\/sklep\/subskrypcje\/abonament-nauczyciela\/","title":{"rendered":"Abonament nauczyciela"},"content":{"rendered":"<p><span style=\"font-weight: 400;\">Abonament nauczyciela to subskrypcja na platformie e-polish.eu, kt\u00f3ra oferuje dost\u0119p do materia\u0142\u00f3w dydaktycznych oraz narz\u0119dzi do nauczania j\u0119zyka polskiego jako obcego. W ramach abonamentu nauczyciel zyskuje:<\/span><\/p>\n<ul>\n<li style=\"font-weight: 400;\" aria-level=\"1\"><span style=\"font-weight: 400;\">dost\u0119p do wszystkich \u0107wicze\u0144 z podr\u0119cznik\u00f3w papierowych (POLSKI krok po kroku 1, POLSKI krok po kroku 2, POLSKI krok po kroku &#8211; junior 1 i POLSKI krok po kroku &#8211; junior 2), a tak\u017ce do dodatkowych \u0107wicze\u0144 alternatywnych, tablic gramatycznych i cennych wskaz\u00f3wek metodycznych,<\/span><\/li>\n<li style=\"font-weight: 400;\" aria-level=\"1\"><span style=\"font-weight: 400;\">mo\u017cliwo\u015b\u0107 tworzenia w\u0142asnych interaktywnych \u0107wicze\u0144 oraz modyfikowania gotowych \u0107wicze\u0144, aby dostosowa\u0107 je do indywidualnych potrzeb uczni\u00f3w,<\/span><\/li>\n<li style=\"font-weight: 400;\" aria-level=\"1\"><span style=\"font-weight: 400;\">interakcj\u0119 ze swoimi studentami i grupami poprzez forum grupy, zadawanie interaktywnych \u0107wicze\u0144 i materia\u0142\u00f3w, takich jak samosprawdzaj\u0105ce si\u0119 testy online, zadania domowe i fiszki,<\/span><\/li>\n<li style=\"font-weight: 400;\" aria-level=\"1\"><span style=\"font-weight: 400;\">mo\u017cliwo\u015b\u0107 prowadzenia lekcji w <\/span><a href=\"https:\/\/e-polish.eu\/wirtualna-sala-lekcyjna-nauczanie-online\"><span style=\"font-weight: 400;\">Wirtualnej Sali Lekcyjnej<\/span><\/a><span style=\"font-weight: 400;\"> z wykorzystaniem wbudowanego systemu audio-video,<\/span><\/li>\n<li style=\"font-weight: 400;\" aria-level=\"1\"><span style=\"font-weight: 400;\">szans\u0119 og\u0142oszenia si\u0119 w<\/span> <a href=\"https:\/\/e-polish.eu\/lektorzy-jezyka-polskiego-nauczajacy-online\"><span style=\"font-weight: 400;\">bazie lektor\u00f3w<\/span><\/a><span style=\"font-weight: 400;\">, kt\u00f3ra u\u0142atwia dotarcie do nowych student\u00f3w z ca\u0142ego \u015bwiata<\/span><\/li>\n<\/ul>\n<p><span style=\"font-weight: 400;\">Dzi\u0119ki abonamentowi nauczyciela mo\u017cesz naucza\u0107 efektywniej i bardziej kreatywnie.<\/span><\/p>\n<h3><span style=\"font-weight: 400;\">DEMO<\/span><\/h3>\n<p><span style=\"font-weight: 400;\">Nauczycielu, chcesz sprawdzi\u0107, czy platforma e-polish.eu b\u0119dzie przydatna w Twojej codziennej pracy? Nie ma problemu &#8211; <\/span><a href=\"https:\/\/e-polish.eu\/login\"><span style=\"font-weight: 400;\">zarejestruj si\u0119<\/span><\/a><span style=\"font-weight: 400;\"> i przetestuj bezp\u0142atnie du\u017c\u0105 cz\u0119\u015b\u0107 jej mo\u017cliwo\u015bci!<\/span><\/p>\n<p><span style=\"font-weight: 400;\">Jako nowo zarejestrowany nauczyciel przez 14 dni bezp\u0142atnie w ramach wersji demonstracyjnej mo\u017cesz:<\/span><\/p>\n<ul>\n<li style=\"font-weight: 400;\" aria-level=\"1\"><span style=\"font-weight: 400;\">zapozna\u0107 si\u0119 z naszymi <\/span><a href=\"https:\/\/www.youtube.com\/watch?v=jLEw3d0tNcc&amp;list=PLFCSMqLFxxL63l5DD2LzXQJE89mk5Qap2&amp;index=3\"><span style=\"font-weight: 400;\">materia\u0142ami do nauki j\u0119zyka polskiego<\/span><\/a><\/li>\n<\/ul>\n<ul>\n<li style=\"font-weight: 400;\" aria-level=\"1\"><span style=\"font-weight: 400;\">oraz przetestowa\u0107 <\/span><a href=\"https:\/\/e-polish.eu\/wirtualna-sala-lekcyjna-nauczanie-online\"><span style=\"font-weight: 400;\">Wirtualn\u0105 Sal\u0119 Lekcyjn\u0105<\/span><\/a><span style=\"font-weight: 400;\"> &#8211; narz\u0119dzie do prowadzenia lekcji online &#8211; otrzymujesz a\u017c 20 lekcji do wykorzystania za darmo*<\/span><\/li>\n<\/ul>\n<p>&nbsp;<\/p>\n<p><span style=\"font-weight: 400;\">(*) po wykorzystaniu bezp\u0142atnego pakietu, za ka\u017cd\u0105 przeprowadzon\u0105 lekcj\u0119 w Wirtualnej Sali Lekcyjnej z wykorzystaniem wbudowanego audio-video naliczona prowizja w wysoko\u015bci 2 EUR.<\/span><\/p>\n<p>Na platformie e-polish.eu abonament nauczyciela dla lektora wa\u017cny jest przez <strong>12 miesi\u0119cy<\/strong>.<\/p>\n","protected":false},"excerpt":{"rendered":"<p><span style=\"font-weight: 400;\">Abonament nauczyciela to subskrypcja na platformie e-polish.eu, kt\u00f3ra daje lektorowi dost\u0119p do materia\u0142\u00f3w dydaktycznych oraz narz\u0119dzi do nauczania j\u0119zyka polskiego jako obcego. <\/span><span style=\"font-weight: 400;\">W ramach subskrypcji nauczyciel otrzymuje interaktywne materia\u0142y z serii \u2018\u2019POLSKI krok po kroku\u2019\u2019, mo\u017cliwo\u015b\u0107 tworzenia w\u0142asnych zasob\u00f3w, interakcj\u0119 z grupami i studentami, mo\u017cliwo\u015b\u0107 prowadzenia lekcji online w Wirtualnej Sali Lekcyjnej a tak\u017ce szans\u0119 pozyskiwania nowych uczni\u00f3w z ca\u0142ego \u015bwiata.<\/span><\/p>\n","protected":false},"featured_media":4270,"comment_status":"open","ping_status":"closed","template":"","meta":{"_uag_custom_page_level_css":"","site-sidebar-layout":"default","site-content-layout":"","ast-site-content-layout":"default","site-content-style":"default","site-sidebar-style":"default","ast-global-header-display":"","ast-banner-title-visibility":"","ast-main-header-display":"","ast-hfb-above-header-display":"","ast-hfb-below-header-display":"","ast-hfb-mobile-header-display":"","site-post-title":"","ast-breadcrumbs-content":"","ast-featured-img":"","footer-sml-layout":"","ast-disable-related-posts":"","theme-transparent-header-meta":"default","adv-header-id-meta":"","stick-header-meta":"default","header-above-stick-meta":"","header-main-stick-meta":"","header-below-stick-meta":"","astra-migrate-meta-layouts":"set","ast-page-background-enabled":"default","ast-page-background-meta":{"desktop":{"background-color":"","background-image":"","background-repeat":"repeat","background-position":"center center","background-size":"auto","background-attachment":"scroll","background-type":"","background-media":"","overlay-type":"","overlay-color":"","overlay-opacity":"","overlay-gradient":""},"tablet":{"background-color":"","background-image":"","background-repeat":"repeat","background-position":"center center","background-size":"auto","background-attachment":"scroll","background-type":"","background-media":"","overlay-type":"","overlay-color":"","overlay-opacity":"","overlay-gradient":""},"mobile":{"background-color":"","background-image":"","background-repeat":"repeat","background-position":"center center","background-size":"auto","background-attachment":"scroll","background-type":"","background-media":"","overlay-type":"","overlay-color":"","overlay-opacity":"","overlay-gradient":""}},"ast-content-background-meta":{"desktop":{"background-color":"var(--ast-global-color-5)","background-image":"","background-repeat":"repeat","background-position":"center center","background-size":"auto","background-attachment":"scroll","background-type":"","background-media":"","overlay-type":"","overlay-color":"","overlay-opacity":"","overlay-gradient":""},"tablet":{"background-color":"var(--ast-global-color-5)","background-image":"","background-repeat":"repeat","background-position":"center center","background-size":"auto","background-attachment":"scroll","background-type":"","background-media":"","overlay-type":"","overlay-color":"","overlay-opacity":"","overlay-gradient":""},"mobile":{"background-color":"var(--ast-global-color-5)","background-image":"","background-repeat":"repeat","background-position":"center center","background-size":"auto","background-attachment":"scroll","background-type":"","background-media":"","overlay-type":"","overlay-color":"","overlay-opacity":"","overlay-gradient":""}}},"product_brand":[],"product_cat":[70,19],"product_tag":[],"class_list":{"0":"post-907","1":"product","2":"type-product","3":"status-publish","4":"has-post-thumbnail","6":"product_cat-subskrypcje","7":"product_cat-wszystkie-produkty","8":"desktop-align-center","9":"tablet-align-left","10":"mobile-align-left","11":"ast-product-gallery-layout-horizontal-slider","12":"ast-product-gallery-with-no-image","13":"ast-product-tabs-layout-horizontal","15":"first","16":"instock","17":"virtual","18":"taxable","19":"purchasable","20":"product-type-simple"},"aioseo_notices":[],"uagb_featured_image_src":{"full":["https:\/\/e-polish.eu\/sklep\/wp-content\/uploads\/2024\/03\/abonament-1000px-t.png",1000,1415,false],"thumbnail":["https:\/\/e-polish.eu\/sklep\/wp-content\/uploads\/2024\/03\/abonament-1000px-t-150x150.png",150,150,true],"medium":["https:\/\/e-polish.eu\/sklep\/wp-content\/uploads\/2024\/03\/abonament-1000px-t-212x300.png",212,300,true],"medium_large":["https:\/\/e-polish.eu\/sklep\/wp-content\/uploads\/2024\/03\/abonament-1000px-t-768x1087.png",768,1087,true],"large":["https:\/\/e-polish.eu\/sklep\/wp-content\/uploads\/2024\/03\/abonament-1000px-t-724x1024.png",724,1024,true],"1536x1536":["https:\/\/e-polish.eu\/sklep\/wp-content\/uploads\/2024\/03\/abonament-1000px-t.png",1000,1415,false],"2048x2048":["https:\/\/e-polish.eu\/sklep\/wp-content\/uploads\/2024\/03\/abonament-1000px-t.png",1000,1415,false],"page-small":["https:\/\/e-polish.eu\/sklep\/wp-content\/uploads\/2024\/03\/abonament-1000px-t-210x297.png",210,297,true],"woocommerce_thumbnail":["https:\/\/e-polish.eu\/sklep\/wp-content\/uploads\/2024\/03\/abonament-1000px-t-300x425.png",300,425,true],"woocommerce_single":["https:\/\/e-polish.eu\/sklep\/wp-content\/uploads\/2024\/03\/abonament-1000px-t-300x425.png",300,425,true],"woocommerce_gallery_thumbnail":["https:\/\/e-polish.eu\/sklep\/wp-content\/uploads\/2024\/03\/abonament-1000px-t-100x100.png",100,100,true],"lws_wr_thumbnail":["https:\/\/e-polish.eu\/sklep\/wp-content\/uploads\/2024\/03\/abonament-1000px-t.png",68,96,false],"lws_wr_thumbnail_small":["https:\/\/e-polish.eu\/sklep\/wp-content\/uploads\/2024\/03\/abonament-1000px-t.png",30,42,false]},"uagb_author_info":{"display_name":"artur","author_link":"https:\/\/e-polish.eu\/sklep\/blog\/author\/"},"uagb_comment_info":0,"uagb_excerpt":"Abonament nauczyciela to subskrypcja na platformie e-polish.eu, kt\u00f3ra daje lektorowi dost\u0119p do materia\u0142\u00f3w dydaktycznych oraz narz\u0119dzi do nauczania j\u0119zyka polskiego jako obcego. W ramach subskrypcji nauczyciel otrzymuje interaktywne materia\u0142y z serii \u2018\u2019POLSKI krok po kroku\u2019\u2019, mo\u017cliwo\u015b\u0107 tworzenia w\u0142asnych zasob\u00f3w, interakcj\u0119 z grupami i studentami, mo\u017cliwo\u015b\u0107 prowadzenia lekcji online w Wirtualnej Sali Lekcyjnej a tak\u017ce szans\u0119&hellip;","_links":{"self":[{"href":"https:\/\/e-polish.eu\/sklep\/wp-json\/wp\/v2\/product\/907","targetHints":{"allow":["GET"]}}],"collection":[{"href":"https:\/\/e-polish.eu\/sklep\/wp-json\/wp\/v2\/product"}],"about":[{"href":"https:\/\/e-polish.eu\/sklep\/wp-json\/wp\/v2\/types\/product"}],"replies":[{"embeddable":true,"href":"https:\/\/e-polish.eu\/sklep\/wp-json\/wp\/v2\/comments?post=907"}],"wp:featuredmedia":[{"embeddable":true,"href":"https:\/\/e-polish.eu\/sklep\/wp-json\/wp\/v2\/media\/4270"}],"wp:attachment":[{"href":"https:\/\/e-polish.eu\/sklep\/wp-json\/wp\/v2\/media?parent=907"}],"wp:term":[{"taxonomy":"product_brand","embeddable":true,"href":"https:\/\/e-polish.eu\/sklep\/wp-json\/wp\/v2\/product_brand?post=907"},{"taxonomy":"product_cat","embeddable":true,"href":"https:\/\/e-polish.eu\/sklep\/wp-json\/wp\/v2\/product_cat?post=907"},{"taxonomy":"product_tag","embeddable":true,"href":"https:\/\/e-polish.eu\/sklep\/wp-json\/wp\/v2\/product_tag?post=907"}],"curies":[{"name":"wp","href":"https:\/\/api.w.org\/{rel}","templated":true}]}}