{"id":9694,"date":"2025-01-30T11:22:58","date_gmt":"2025-01-30T10:22:58","guid":{"rendered":"https:\/\/e-polish.eu\/sklepproduct\/wirtualna-sala-lekcyjna-numer-1-na-rynku\/"},"modified":"2026-04-07T15:52:03","modified_gmt":"2026-04-07T13:52:03","slug":"wirtualna-sala-lekcyjna-numer-1-na-rynku","status":"publish","type":"product","link":"https:\/\/e-polish.eu\/sklep\/en\/trainings\/wirtualna-sala-lekcyjna-numer-1-na-rynku\/","title":{"rendered":"Wirtualna Sala Lekcyjna &#8211; numer 1 na rynku!"},"content":{"rendered":"<p>Wirtualna Sala Lekcyjna to nowoczesne narz\u0119dzie do prowadzenia zaj\u0119\u0107 stacjonarnych oraz online, kt\u00f3re zosta\u0142o zaprojektowane specjalnie pod k\u0105tem nauczania j\u0119zyka. Dzi\u0119ki niemu studenci mog\u0105 cieszy\u0107 si\u0119 urozmaiconymi i dynamicznymi lekcjami, za\u015b nauczyciel ogranicza do minimum czas potrzebny na przygotowanie zaj\u0119\u0107 oraz sprawdzenie zada\u0144 domowych. Sala idealnie nadaje si\u0119 do pracy zar\u00f3wno w grupie i podczas lekcji indywidualnych.<\/p>\n<p>Podczas webinarium dowiesz si\u0119 jak:<\/p>\n<ul>\n<li>zaplanowa\u0107 lekcje indywidualne i grupowe,<\/li>\n<li>przygotowywa\u0107 lekcje \u0142\u0105cz\u0105c gotowe materia\u0142\u00f3w z e-polish.eu, w\u0142asne \u0107wiczenia i e-coursebooki,<\/li>\n<li>uruchomi\u0107 i prowadzi\u0107 lekcj\u0119 (nawigacja, zarz\u0105dzanie widokami, prze\u0142\u0105czanie kamer, monitorowanie odpowiedzi uczni\u00f3w),<\/li>\n<li>wykorzysta\u0107 mo\u017cliwo\u015bci Wirtualnej Sali Lekcyjnej podczas lekcji,<\/li>\n<li>przygotowa\u0107 i automatycznie sprawdza\u0107 prace domowe.<\/li>\n<\/ul>\n<p>Zaskocz swoich uczni\u00f3w nowoczesn\u0105 lekcj\u0105 j\u0119zyka polskiego! Do\u0142\u0105cz do webinarium i &#8211; niezale\u017cnie w jaki spos\u00f3b nauczasz &#8211; odkryj now\u0105 jako\u015b\u0107 nauczania przy pomocy Wirtualnej Sali Lekcyjnej.<\/p>\n<p>Na webinarium zapraszamy zar\u00f3wno nauczycieli, kt\u00f3rzy znaj\u0105 i korzystaj\u0105 z e-polish.eu jak te\u017c tych, kt\u00f3rzy dopiero chc\u0105 pozna\u0107 to narz\u0119dzie.<\/p>\n<p>Czas szkolenia: 60 minut.<\/p>\n","protected":false},"excerpt":{"rendered":"<p><strong>Prowadz\u0105cy:<\/strong> Magdalena Gieniec<br \/><strong>Miejsce:<\/strong> (online)<br \/><strong>Date:<\/strong> 2026-04-23<br \/><strong>Time:<\/strong> 20:00\u201321:00 (CEST\/Europa\/Warszawa)<\/p>\n","protected":false},"featured_media":14049,"comment_status":"open","ping_status":"closed","template":"","meta":{"_uag_custom_page_level_css":"","site-sidebar-layout":"default","site-content-layout":"","ast-site-content-layout":"default","site-content-style":"default","site-sidebar-style":"default","ast-global-header-display":"","ast-banner-title-visibility":"","ast-main-header-display":"","ast-hfb-above-header-display":"","ast-hfb-below-header-display":"","ast-hfb-mobile-header-display":"","site-post-title":"","ast-breadcrumbs-content":"","ast-featured-img":"","footer-sml-layout":"","ast-disable-related-posts":"","theme-transparent-header-meta":"default","adv-header-id-meta":"","stick-header-meta":"default","header-above-stick-meta":"","header-main-stick-meta":"","header-below-stick-meta":"","astra-migrate-meta-layouts":"set","ast-page-background-enabled":"default","ast-page-background-meta":{"desktop":{"background-color":"","background-image":"","background-repeat":"repeat","background-position":"center center","background-size":"auto","background-attachment":"scroll","background-type":"","background-media":"","overlay-type":"","overlay-color":"","overlay-opacity":"","overlay-gradient":""},"tablet":{"background-color":"","background-image":"","background-repeat":"repeat","background-position":"center center","background-size":"auto","background-attachment":"scroll","background-type":"","background-media":"","overlay-type":"","overlay-color":"","overlay-opacity":"","overlay-gradient":""},"mobile":{"background-color":"","background-image":"","background-repeat":"repeat","background-position":"center center","background-size":"auto","background-attachment":"scroll","background-type":"","background-media":"","overlay-type":"","overlay-color":"","overlay-opacity":"","overlay-gradient":""}},"ast-content-background-meta":{"desktop":{"background-color":"var(--ast-global-color-5)","background-image":"","background-repeat":"repeat","background-position":"center center","background-size":"auto","background-attachment":"scroll","background-type":"","background-media":"","overlay-type":"","overlay-color":"","overlay-opacity":"","overlay-gradient":""},"tablet":{"background-color":"var(--ast-global-color-5)","background-image":"","background-repeat":"repeat","background-position":"center center","background-size":"auto","background-attachment":"scroll","background-type":"","background-media":"","overlay-type":"","overlay-color":"","overlay-opacity":"","overlay-gradient":""},"mobile":{"background-color":"var(--ast-global-color-5)","background-image":"","background-repeat":"repeat","background-position":"center center","background-size":"auto","background-attachment":"scroll","background-type":"","background-media":"","overlay-type":"","overlay-color":"","overlay-opacity":"","overlay-gradient":""}}},"product_brand":[],"product_cat":[114,1582],"product_tag":[],"class_list":{"0":"post-9694","1":"product","2":"type-product","3":"status-publish","4":"has-post-thumbnail","6":"product_cat-all-products","7":"product_cat-trainings","8":"desktop-align-center","9":"tablet-align-left","10":"mobile-align-left","11":"ast-product-gallery-layout-horizontal-slider","12":"ast-product-gallery-with-no-image","13":"ast-product-tabs-layout-horizontal","15":"first","16":"instock","17":"virtual","18":"sold-individually","19":"taxable","20":"purchasable","21":"product-type-simple"},"aioseo_notices":[],"uagb_featured_image_src":{"full":["https:\/\/e-polish.eu\/sklep\/wp-content\/uploads\/shop-items\/we008-wirtualna_sala_lekcyjna_-_numer_1_na_rynku.png",420,595,false],"thumbnail":["https:\/\/e-polish.eu\/sklep\/wp-content\/uploads\/shop-items\/we008-wirtualna_sala_lekcyjna_-_numer_1_na_rynku-150x150.png",150,150,true],"medium":["https:\/\/e-polish.eu\/sklep\/wp-content\/uploads\/shop-items\/we008-wirtualna_sala_lekcyjna_-_numer_1_na_rynku-212x300.png",212,300,true],"medium_large":["https:\/\/e-polish.eu\/sklep\/wp-content\/uploads\/shop-items\/we008-wirtualna_sala_lekcyjna_-_numer_1_na_rynku.png",420,595,false],"large":["https:\/\/e-polish.eu\/sklep\/wp-content\/uploads\/shop-items\/we008-wirtualna_sala_lekcyjna_-_numer_1_na_rynku.png",420,595,false],"1536x1536":["https:\/\/e-polish.eu\/sklep\/wp-content\/uploads\/shop-items\/we008-wirtualna_sala_lekcyjna_-_numer_1_na_rynku.png",420,595,false],"2048x2048":["https:\/\/e-polish.eu\/sklep\/wp-content\/uploads\/shop-items\/we008-wirtualna_sala_lekcyjna_-_numer_1_na_rynku.png",420,595,false],"page-small":["https:\/\/e-polish.eu\/sklep\/wp-content\/uploads\/shop-items\/we008-wirtualna_sala_lekcyjna_-_numer_1_na_rynku-210x297.png",210,297,true],"woocommerce_thumbnail":["https:\/\/e-polish.eu\/sklep\/wp-content\/uploads\/shop-items\/we008-wirtualna_sala_lekcyjna_-_numer_1_na_rynku-300x425.png",300,425,true],"woocommerce_single":["https:\/\/e-polish.eu\/sklep\/wp-content\/uploads\/shop-items\/we008-wirtualna_sala_lekcyjna_-_numer_1_na_rynku-300x425.png",300,425,true],"woocommerce_gallery_thumbnail":["https:\/\/e-polish.eu\/sklep\/wp-content\/uploads\/shop-items\/we008-wirtualna_sala_lekcyjna_-_numer_1_na_rynku-100x100.png",100,100,true],"lws_wr_thumbnail":["https:\/\/e-polish.eu\/sklep\/wp-content\/uploads\/shop-items\/we008-wirtualna_sala_lekcyjna_-_numer_1_na_rynku-68x96.png",68,96,true],"lws_wr_thumbnail_small":["https:\/\/e-polish.eu\/sklep\/wp-content\/uploads\/shop-items\/we008-wirtualna_sala_lekcyjna_-_numer_1_na_rynku-30x42.png",30,42,true]},"uagb_author_info":{"display_name":"Marta Zawisza","author_link":"https:\/\/e-polish.eu\/sklep\/blog\/author\/"},"uagb_comment_info":0,"uagb_excerpt":"Prowadz\u0105cy: Magdalena GieniecMiejsce: (online)Date: 2026-04-23Time: 20:00\u201321:00 (CEST\/Europa\/Warszawa)","_links":{"self":[{"href":"https:\/\/e-polish.eu\/sklep\/wp-json\/wp\/v2\/product\/9694","targetHints":{"allow":["GET"]}}],"collection":[{"href":"https:\/\/e-polish.eu\/sklep\/wp-json\/wp\/v2\/product"}],"about":[{"href":"https:\/\/e-polish.eu\/sklep\/wp-json\/wp\/v2\/types\/product"}],"replies":[{"embeddable":true,"href":"https:\/\/e-polish.eu\/sklep\/wp-json\/wp\/v2\/comments?post=9694"}],"wp:featuredmedia":[{"embeddable":true,"href":"https:\/\/e-polish.eu\/sklep\/wp-json\/wp\/v2\/media\/14049"}],"wp:attachment":[{"href":"https:\/\/e-polish.eu\/sklep\/wp-json\/wp\/v2\/media?parent=9694"}],"wp:term":[{"taxonomy":"product_brand","embeddable":true,"href":"https:\/\/e-polish.eu\/sklep\/wp-json\/wp\/v2\/product_brand?post=9694"},{"taxonomy":"product_cat","embeddable":true,"href":"https:\/\/e-polish.eu\/sklep\/wp-json\/wp\/v2\/product_cat?post=9694"},{"taxonomy":"product_tag","embeddable":true,"href":"https:\/\/e-polish.eu\/sklep\/wp-json\/wp\/v2\/product_tag?post=9694"}],"curies":[{"name":"wp","href":"https:\/\/api.w.org\/{rel}","templated":true}]}}