{"id":9698,"date":"2025-01-30T11:22:58","date_gmt":"2025-01-30T10:22:58","guid":{"rendered":"https:\/\/e-polish.eu\/sklepproduct\/ucz-polskiego-i-zarabiaj\/"},"modified":"2026-04-07T15:52:03","modified_gmt":"2026-04-07T13:52:03","slug":"ucz-polskiego-i-zarabiaj","status":"publish","type":"product","link":"https:\/\/e-polish.eu\/sklep\/en\/trainings\/ucz-polskiego-i-zarabiaj\/","title":{"rendered":"Ucz polskiego i zarabiaj!"},"content":{"rendered":"<p>Codziennie tysi\u0105ce obcokrajowc\u00f3w ucz\u0105cych si\u0119 j\u0119zyka polskiego odwiedza e-polish.eu \u2013 wielu z nich szuka nauczyciela w\u0142a\u015bnie takiego jak Ty. To idealna okazja, by zdoby\u0107 nowych uczni\u00f3w i zacz\u0105\u0107 zarabia\u0107, prowadz\u0105c lekcje jpjo bez wychodzenia z domu. Wystarczy zaledwie kwadrans, aby za\u0142o\u017cy\u0107 sw\u00f3j profil lektora i zacz\u0105\u0107 zarabia\u0107 nauczaj\u0105c polskiego online!<\/p>\n<p>Podczas webinarium dowiesz si\u0119:<\/p>\n<p>\u2022 jak stworzy\u0107 profil lektora w e-polish.eu (harmonogram, stawki, p\u0142atno\u015bci, lekcja pr\u00f3bna itp.),<br \/>\n\u2022 w jaki spos\u00f3b student zamawia, p\u0142aci i umawia lekcje online,<br \/>\n\u2022 jak wygl\u0105da komunikacja student &#8211; lektor,<br \/>\n\u2022 jak zarz\u0105dza\u0107 lekcjami, harmonogramem i wykupionymi przez studenta lekcjami.<\/p>\n<p><strong>Do\u0142\u0105cz do spo\u0142eczno\u015bci lektor\u00f3w e-polish.eu i ucz polskiego student\u00f3w z ca\u0142ego \u015bwiata! Zapisz si\u0119 na webinarium i zobacz jak \u0142atwo mo\u017cesz zarobi\u0107 dzi\u0119ki swojej pasji.<\/strong><\/p>\n<p>Na webinarium zapraszamy nauczycieli, kt\u00f3rzy znaj\u0105 podstawy e-polish.eu i s\u0105 zainteresowani zdobyciem nowych uczni\u00f3w.<\/p>\n<p>Czas szkolenia: 60 minut.<\/p>\n","protected":false},"excerpt":{"rendered":"<p><strong>Prowadz\u0105cy:<\/strong> Magdalena Gieniec<br \/><strong>Miejsce:<\/strong> (online)<br \/><strong>Date:<\/strong> 2026-05-19<br \/><strong>Time:<\/strong> 20:00\u201321:00 (CEST\/Europa\/Warszawa)<\/p>\n","protected":false},"featured_media":14051,"comment_status":"open","ping_status":"closed","template":"","meta":{"_uag_custom_page_level_css":"","site-sidebar-layout":"default","site-content-layout":"","ast-site-content-layout":"default","site-content-style":"default","site-sidebar-style":"default","ast-global-header-display":"","ast-banner-title-visibility":"","ast-main-header-display":"","ast-hfb-above-header-display":"","ast-hfb-below-header-display":"","ast-hfb-mobile-header-display":"","site-post-title":"","ast-breadcrumbs-content":"","ast-featured-img":"","footer-sml-layout":"","ast-disable-related-posts":"","theme-transparent-header-meta":"default","adv-header-id-meta":"","stick-header-meta":"default","header-above-stick-meta":"","header-main-stick-meta":"","header-below-stick-meta":"","astra-migrate-meta-layouts":"set","ast-page-background-enabled":"default","ast-page-background-meta":{"desktop":{"background-color":"","background-image":"","background-repeat":"repeat","background-position":"center center","background-size":"auto","background-attachment":"scroll","background-type":"","background-media":"","overlay-type":"","overlay-color":"","overlay-opacity":"","overlay-gradient":""},"tablet":{"background-color":"","background-image":"","background-repeat":"repeat","background-position":"center center","background-size":"auto","background-attachment":"scroll","background-type":"","background-media":"","overlay-type":"","overlay-color":"","overlay-opacity":"","overlay-gradient":""},"mobile":{"background-color":"","background-image":"","background-repeat":"repeat","background-position":"center center","background-size":"auto","background-attachment":"scroll","background-type":"","background-media":"","overlay-type":"","overlay-color":"","overlay-opacity":"","overlay-gradient":""}},"ast-content-background-meta":{"desktop":{"background-color":"var(--ast-global-color-5)","background-image":"","background-repeat":"repeat","background-position":"center center","background-size":"auto","background-attachment":"scroll","background-type":"","background-media":"","overlay-type":"","overlay-color":"","overlay-opacity":"","overlay-gradient":""},"tablet":{"background-color":"var(--ast-global-color-5)","background-image":"","background-repeat":"repeat","background-position":"center center","background-size":"auto","background-attachment":"scroll","background-type":"","background-media":"","overlay-type":"","overlay-color":"","overlay-opacity":"","overlay-gradient":""},"mobile":{"background-color":"var(--ast-global-color-5)","background-image":"","background-repeat":"repeat","background-position":"center center","background-size":"auto","background-attachment":"scroll","background-type":"","background-media":"","overlay-type":"","overlay-color":"","overlay-opacity":"","overlay-gradient":""}}},"product_brand":[],"product_cat":[114,1582],"product_tag":[],"class_list":{"0":"post-9698","1":"product","2":"type-product","3":"status-publish","4":"has-post-thumbnail","6":"product_cat-all-products","7":"product_cat-trainings","8":"desktop-align-center","9":"tablet-align-left","10":"mobile-align-left","11":"ast-product-gallery-layout-horizontal-slider","12":"ast-product-gallery-with-no-image","13":"ast-product-tabs-layout-horizontal","15":"first","16":"instock","17":"virtual","18":"sold-individually","19":"taxable","20":"purchasable","21":"product-type-simple"},"aioseo_notices":[],"uagb_featured_image_src":{"full":["https:\/\/e-polish.eu\/sklep\/wp-content\/uploads\/shop-items\/we010-ucz_polskiego_i_zarabiaj.png",420,595,false],"thumbnail":["https:\/\/e-polish.eu\/sklep\/wp-content\/uploads\/shop-items\/we010-ucz_polskiego_i_zarabiaj-150x150.png",150,150,true],"medium":["https:\/\/e-polish.eu\/sklep\/wp-content\/uploads\/shop-items\/we010-ucz_polskiego_i_zarabiaj-212x300.png",212,300,true],"medium_large":["https:\/\/e-polish.eu\/sklep\/wp-content\/uploads\/shop-items\/we010-ucz_polskiego_i_zarabiaj.png",420,595,false],"large":["https:\/\/e-polish.eu\/sklep\/wp-content\/uploads\/shop-items\/we010-ucz_polskiego_i_zarabiaj.png",420,595,false],"1536x1536":["https:\/\/e-polish.eu\/sklep\/wp-content\/uploads\/shop-items\/we010-ucz_polskiego_i_zarabiaj.png",420,595,false],"2048x2048":["https:\/\/e-polish.eu\/sklep\/wp-content\/uploads\/shop-items\/we010-ucz_polskiego_i_zarabiaj.png",420,595,false],"page-small":["https:\/\/e-polish.eu\/sklep\/wp-content\/uploads\/shop-items\/we010-ucz_polskiego_i_zarabiaj-210x297.png",210,297,true],"woocommerce_thumbnail":["https:\/\/e-polish.eu\/sklep\/wp-content\/uploads\/shop-items\/we010-ucz_polskiego_i_zarabiaj-300x425.png",300,425,true],"woocommerce_single":["https:\/\/e-polish.eu\/sklep\/wp-content\/uploads\/shop-items\/we010-ucz_polskiego_i_zarabiaj-300x425.png",300,425,true],"woocommerce_gallery_thumbnail":["https:\/\/e-polish.eu\/sklep\/wp-content\/uploads\/shop-items\/we010-ucz_polskiego_i_zarabiaj-100x100.png",100,100,true],"lws_wr_thumbnail":["https:\/\/e-polish.eu\/sklep\/wp-content\/uploads\/shop-items\/we010-ucz_polskiego_i_zarabiaj-68x96.png",68,96,true],"lws_wr_thumbnail_small":["https:\/\/e-polish.eu\/sklep\/wp-content\/uploads\/shop-items\/we010-ucz_polskiego_i_zarabiaj-30x42.png",30,42,true]},"uagb_author_info":{"display_name":"Marta Zawisza","author_link":"https:\/\/e-polish.eu\/sklep\/blog\/author\/"},"uagb_comment_info":0,"uagb_excerpt":"Prowadz\u0105cy: Magdalena GieniecMiejsce: (online)Date: 2026-05-19Time: 20:00\u201321:00 (CEST\/Europa\/Warszawa)","_links":{"self":[{"href":"https:\/\/e-polish.eu\/sklep\/wp-json\/wp\/v2\/product\/9698","targetHints":{"allow":["GET"]}}],"collection":[{"href":"https:\/\/e-polish.eu\/sklep\/wp-json\/wp\/v2\/product"}],"about":[{"href":"https:\/\/e-polish.eu\/sklep\/wp-json\/wp\/v2\/types\/product"}],"replies":[{"embeddable":true,"href":"https:\/\/e-polish.eu\/sklep\/wp-json\/wp\/v2\/comments?post=9698"}],"wp:featuredmedia":[{"embeddable":true,"href":"https:\/\/e-polish.eu\/sklep\/wp-json\/wp\/v2\/media\/14051"}],"wp:attachment":[{"href":"https:\/\/e-polish.eu\/sklep\/wp-json\/wp\/v2\/media?parent=9698"}],"wp:term":[{"taxonomy":"product_brand","embeddable":true,"href":"https:\/\/e-polish.eu\/sklep\/wp-json\/wp\/v2\/product_brand?post=9698"},{"taxonomy":"product_cat","embeddable":true,"href":"https:\/\/e-polish.eu\/sklep\/wp-json\/wp\/v2\/product_cat?post=9698"},{"taxonomy":"product_tag","embeddable":true,"href":"https:\/\/e-polish.eu\/sklep\/wp-json\/wp\/v2\/product_tag?post=9698"}],"curies":[{"name":"wp","href":"https:\/\/api.w.org\/{rel}","templated":true}]}}